-- Table structure for table `ps_mailing_track`
--

CREATE TABLE `ps_mailing_track` (
  `ID` int(5) NOT NULL AUTO_INCREMENT,
  `ipAddress` varchar(12) NOT NULL DEFAULT '',
  `id_campaign` varchar(5) NOT NULL DEFAULT '0',
  `subject` varchar(255) NOT NULL DEFAULT '0',
  `postDate` varchar(10) NOT NULL DEFAULT '',
  `postTime` varchar(8) NOT NULL DEFAULT '',
  `email` varchar(128) NOT NULL DEFAULT '',
  PRIMARY KEY (`ID`)
) ENGINE=InnoDB AUTO_INCREMENT=174 DEFAULT CHARSET=utf8;

--
-- Dumping data for table `ps_mailing_track`
--

INSERT INTO `ps_mailing_track` VALUES (1,'82.254.175.1','1','Gros arrivage INOX !!!','19-11-2012','09-42-02','colombelalain@free.fr'),(2,'86.200.16.17','2','Newsletter du lundi 26 novembre 2012','26-11-2012','09-36-22','plumex-prieure@wanadoo.fr'),(3,'31.33.40.226','2','Newsletter du lundi 26 novembre 2012','26-11-2012','09-42-39','venetie2118@free.fr'),(4,'77.196.141.3','2','Newsletter du lundi 26 novembre 2012','26-11-2012','10-07-34','bonnetmichael1@neuf.fr'),(5,'86.200.14.38','2','Newsletter du lundi 26 novembre 2012','26-11-2012','10-24-27','contact@lapoelegeante.fr'),(6,'92.129.94.24','2','Newsletter du lundi 26 novembre 2012','26-11-2012','10-34-56','contact@la-saucisse.fr'),(7,'82.122.35.84','2','Newsletter du lundi 26 novembre 2012','26-11-2012','10-47-03','noixetnoix@orange.fr'),(8,'88.125.116.2','2','Newsletter du lundi 26 novembre 2012','26-11-2012','10-50-50','ml.biocrea@free.fr'),(9,'92.137.135.1','2','Newsletter du lundi 26 novembre 2012','26-11-2012','12-03-35','jc27nico12@cegetel.net'),(10,'83.158.217.2','2','Newsletter du lundi 26 novembre 2012','26-11-2012','13-54-29','mathieu-cretin@orange.fr'),(11,'92.90.20.8','2','Newsletter du lundi 26 novembre 2012','26-11-2012','14-16-27','petrindelapompignane@orange.fr'),(12,'84.97.72.152','2','Newsletter du lundi 26 novembre 2012','26-11-2012','14-28-13','contact@taka-lyon.com'),(13,'90.52.105.4','2','Newsletter du lundi 26 novembre 2012','26-11-2012','16-28-16','gardoni.pascal@wanadoo.fr'),(14,'78.209.80.50','2','Newsletter du lundi 26 novembre 2012','26-11-2012','17-15-58','jeffetmarinag@free.fr'),(15,'82.239.51.17','2','Newsletter du lundi 26 novembre 2012','26-11-2012','17-24-51','lescalegourmande73@free.fr'),(16,'82.122.124.2','2','Newsletter du lundi 26 novembre 2012','26-11-2012','19-14-43','le-marseillais-3813@hotmail.fr'),(17,'86.209.175.2','2','Newsletter du lundi 26 novembre 2012','27-11-2012','18-31-44','commedans1moulin@orange.fr'),(18,'80.214.4.137','2','Newsletter du lundi 26 novembre 2012','28-11-2012','09-11-51','sam88100@yahoo.fr'),(19,'217.128.118.','1','Newsletter du lundi 26 novembre 2012','28-11-2012','16-29-35','vincent@aupaindantan.fr'),(20,'217.128.118.','2','Newsletter du lundi 26 novembre 2012','28-11-2012','16-49-42','vincent@aupaindantan.fr'),(21,'90.41.238.10','3','Promo Noel','04-12-2012','13-15-01','pierre.gay.fromager@orange.fr'),(22,'82.226.59.24','3','Promo Noel','04-12-2012','13-25-38','patisserie@perroudon.com'),(23,'80.214.8.165','3','Promo Noel','04-12-2012','13-28-45','abd_hen@yahoo.fr'),(24,'92.129.218.1','3','Promo Noel','04-12-2012','14-04-04','contact@la-saucisse.fr'),(25,'79.84.92.52','3','Promo Noel','04-12-2012','16-07-08','joel.da-ros@wanadoo.fr'),(26,'92.129.14.17','3','Promo Noel','04-12-2012','17-41-43','gardoni.pascal@wanadoo.fr'),(27,'92.153.167.2','3','Promo Noel','04-12-2012','17-48-24','thierry.loy@wanadoo.fr'),(28,'86.209.169.1','3','Promo Noel','04-12-2012','17-56-13','commedans1moulin@orange.fr'),(29,'78.209.80.50','3','Promo Noel','07-12-2012','12-24-56','jeffetmarinag@free.fr'),(30,'80.214.0.224','4','fetes fin d_annee','21-12-2012','09-02-57','sam88100@yahoo.fr'),(31,'92.90.20.7','4','fetes fin d_annee','21-12-2012','10-35-24','joel.da-ros@wanadoo.fr'),(32,'92.129.29.53','4','fetes fin d_annee','21-12-2012','12-16-44','gardoni.pascal@wanadoo.fr'),(33,'90.84.144.19','4','fetes fin d_annee','21-12-2012','13-41-54','pierre.gay.fromager@orange.fr'),(34,'88.125.116.2','4','fetes fin d_annee','21-12-2012','14-13-27','ml.biocrea@free.fr'),(35,'78.209.80.50','4','fetes fin d_annee','21-12-2012','16-02-14','jeffetmarinag@free.fr'),(36,'90.9.188.30','4','fetes fin d_annee','22-12-2012','15-55-29','commedans1moulin@orange.fr'),(37,'82.122.186.2','4','fetes fin d_annee','23-12-2012','16-51-01','noixetnoix@orange.fr'),(38,'93.9.180.107','5','bonne annee','31-12-2012','15-29-48','societe.oren@club-internet.fr'),(39,'78.112.172.5','5','bonne annee','31-12-2012','15-33-47','franck-rondeau@sfr.fr'),(40,'109.14.190.2','5','bonne annee','31-12-2012','15-35-53','laurens74@hotmail.fr'),(41,'90.31.29.106','5','bonne annee','31-12-2012','15-38-27','reu.sin@wanadoo.fr'),(42,'92.90.16.98','5','bonne annee','31-12-2012','15-42-10','ccf@hotmail.fr'),(43,'93.19.86.51','5','bonne annee','31-12-2012','15-42-56','contact@2s3r.com'),(44,'37.175.200.1','5','bonne annee','31-12-2012','16-08-58','niggaz31000@hotmail.fr'),(45,'92.90.16.35','5','bonne annee','31-12-2012','16-21-24','casajanick@hotmail.fr'),(46,'79.87.187.10','5','bonne annee','31-12-2012','16-25-41','pouyllau.joel@neuf.fr'),(47,'80.214.4.245','5','bonne annee','31-12-2012','16-48-06','contact@cuisinierpicharles.com'),(48,'90.42.223.82','5','bonne annee','31-12-2012','16-54-49','gardoni.pascal@wanadoo.fr'),(49,'92.90.20.8','5','bonne annee','31-12-2012','16-56-29','petrindelapompignane@orange.fr'),(50,'82.232.46.16','5','bonne annee','31-12-2012','17-02-35','contact@sweetiepie.fr'),(51,'88.125.116.2','5','bonne annee','31-12-2012','17-12-11','ml.biocrea@free.fr'),(52,'77.205.111.2','5','bonne annee','31-12-2012','17-32-18','frederic.thomassier@neuf.fr'),(53,'88.179.86.14','5','bonne annee','31-12-2012','17-35-15','centralparc.grenoble@orange.fr'),(54,'90.84.144.25','5','bonne annee','01-01-2013','00-39-06','tentationtraiteur@orange.fr'),(55,'82.121.178.6','5','bonne annee','01-01-2013','01-03-21','bruno@delafosse-receptions.fr'),(56,'90.84.146.24','5','bonne annee','01-01-2013','02-42-54','georges.padra0197@orange.fr'),(57,'86.66.232.2','5','bonne annee','01-01-2013','05-26-45','contact@taka-lyon.com'),(58,'78.227.88.11','5','bonne annee','01-01-2013','10-51-45','christelle.lr@organisezmoi.com'),(59,'95.171.149.8','5','bonne annee','01-01-2013','16-57-12','turpinfrederic9682@neuf.fr'),(60,'82.250.28.23','5','bonne annee','01-01-2013','18-20-39','colombelalain@free.fr'),(61,'92.156.136.1','5','bonne annee','01-01-2013','23-37-21','vetm33@orange.fr'),(62,'212.234.83.2','5','bonne annee','02-01-2013','08-29-46','info@delmotte.com'),(63,'217.128.125.','5','bonne annee','02-01-2013','08-57-15','serebis@serebis.fr'),(64,'37.8.178.243','5','bonne annee','02-01-2013','13-58-43','mlanglet@peche-de-gourmandise.fr'),(65,'90.10.18.179','5','bonne annee','02-01-2013','15-01-36','mcataldo@planetesesame92.com'),(66,'78.127.50.23','6','bonne annee 2013','02-01-2013','15-54-44','mesdamesmessieurs@orange.fr'),(67,'90.7.40.57','6','bonne annee 2013','02-01-2013','15-55-51','kiratik@orange.fr'),(68,'86.193.17.32','6','bonne annee 2013','02-01-2013','16-02-39','lagueritecannes@gmail.com'),(69,'86.200.188.1','5','bonne annee 2013','02-01-2013','16-03-52','contact@lapoelegeante.fr'),(70,'92.129.216.1','6','bonne annee 2013','02-01-2013','16-05-32','maxime130680@live.fr'),(71,'87.91.226.59','6','bonne annee 2013','02-01-2013','16-06-14','lesite@bbox.fr'),(72,'80.214.0.222','6','bonne annee 2013','02-01-2013','16-11-21','contact@restaurantlescharmes.fr'),(73,'82.226.206.2','6','bonne annee 2013','02-01-2013','16-13-11','boudoir@1741.fr'),(74,'90.84.144.17','6','bonne annee 2013','02-01-2013','16-25-27','contact@cafejuliette.com'),(75,'109.213.72.1','6','bonne annee 2013','02-01-2013','16-29-49','magali-et-martin@wanadoo.fr'),(76,'86.67.163.25','6','bonne annee 2013','02-01-2013','16-34-56','ludo_bo@yahoo.fr'),(77,'92.90.20.87','6','bonne annee 2013','02-01-2013','16-39-00','info@sarao-restaurant.com'),(78,'82.243.31.6','6','bonne annee 2013','02-01-2013','16-43-33','brasserielemask@gmail.com'),(79,'86.192.220.5','6','bonne annee 2013','02-01-2013','16-47-42','odeslys@orange.fr'),(80,'78.224.189.7','6','bonne annee 2013','02-01-2013','16-48-35','brasserieparc@orange.fr'),(81,'188.7.11.88','6','bonne annee 2013','02-01-2013','16-50-56','ernesto.salinas@sfr.fr'),(82,'86.192.35.15','6','bonne annee 2013','02-01-2013','16-55-18','x.lesoeur@orange.fr'),(83,'62.212.104.1','6','bonne annee 2013','02-01-2013','17-01-00','hotel-restaurant.laragon@wanadoo.fr'),(84,'80.214.4.166','6','bonne annee 2013','02-01-2013','17-04-40','cantinedp@gmail.com'),(85,'93.4.217.46','6','bonne annee 2013','02-01-2013','17-29-12','viapila@gmail.com'),(86,'90.84.144.25','6','bonne annee 2013','02-01-2013','17-31-24','hubert.philippe69@gmail.com'),(87,'80.214.4.180','6','bonne annee 2013','02-01-2013','17-32-06','limprimerie.21@orange.fr'),(88,'82.122.56.24','6','bonne annee 2013','02-01-2013','17-39-01','info@pasta-cosi.com'),(89,'151.27.57.12','6','bonne annee 2013','02-01-2013','17-39-43','restaurantlaraffinerie@gmail.com'),(90,'90.21.103.53','6','bonne annee 2013','02-01-2013','17-43-14','antiquaire2@orange.fr'),(91,'78.223.237.1','6','bonne annee 2013','02-01-2013','17-45-02','pp_nicolas@yahoo.fr'),(92,'80.15.171.22','6','bonne annee 2013','02-01-2013','17-45-03','cafesaintantoine@gmail.com'),(93,'90.14.53.246','6','bonne annee 2013','02-01-2013','17-46-54','bobane69@hotmail.com'),(94,'90.18.49.82','6','bonne annee 2013','02-01-2013','17-51-03','christine_mary@hotmail.fr'),(95,'92.147.27.20','6','bonne annee 2013','02-01-2013','17-53-30','auvieuxlouis@orange.fr'),(96,'123.30.18.21','6','bonne annee 2013','02-01-2013','17-53-39','olivierferrand@neuf.fr'),(97,'78.237.64.12','6','bonne annee 2013','02-01-2013','17-54-35','info@rdlb.fr'),(98,'81.65.54.22','6','bonne annee 2013','02-01-2013','17-55-52','dl.schab@numericable.fr'),(99,'37.160.20.3','6','bonne annee 2013','02-01-2013','17-59-45','lesbistronomes@gmail.com'),(100,'10.38.94.12,','6','bonne annee 2013','02-01-2013','18-09-11','hervecolin73@hotmail.fr'),(101,'78.123.170.2','6','bonne annee 2013','02-01-2013','18-10-30','contact@ofildeleau.com'),(102,'92.90.16.15','6','bonne annee 2013','02-01-2013','18-11-12','fabriceamar@hotmail.fr'),(103,'88.167.229.1','6','bonne annee 2013','02-01-2013','18-14-10','roch30240@hotmail.fr'),(104,'83.201.57.54','6','bonne annee 2013','02-01-2013','18-22-46','contact@coubyscafe.com'),(105,'86.208.245.2','6','bonne annee 2013','02-01-2013','18-32-01','vivier.le@wanadoo.fr'),(106,'90.57.109.69','6','bonne annee 2013','02-01-2013','18-34-17','contact@trinquefougasse.com'),(107,'92.90.20.11','6','bonne annee 2013','02-01-2013','18-40-05','legendcafe06@yahoo.fr'),(108,'90.16.10.106','6','bonne annee 2013','02-01-2013','18-41-00','info@hotel-de-bordeaux.com'),(109,'90.33.15.41','6','bonne annee 2013','02-01-2013','18-52-21','gillesmutel@lamaisondansleparc.com'),(110,'84.101.13.12','6','bonne annee 2013','02-01-2013','18-54-21','linvino@orange.fr'),(111,'90.84.144.64','6','bonne annee 2013','02-01-2013','18-58-41','deladela@orange.fr'),(112,'82.67.25.250','6','bonne annee 2013','02-01-2013','19-04-59','trapat80@yahoo.com'),(113,'31.39.4.245','6','bonne annee 2013','02-01-2013','19-08-50','lestrasrestaurant@gmail.com'),(114,'90.84.144.23','6','bonne annee 2013','02-01-2013','19-11-43','tlangoureaux@kyriad-confluence.com'),(115,'90.84.144.19','6','bonne annee 2013','02-01-2013','19-22-11','da-annamaria@orange.fr'),(116,'78.112.192.2','6','bonne annee 2013','02-01-2013','19-31-32','contact@lalliancedesplaisirs.fr'),(117,'92.157.182.1','6','bonne annee 2013','02-01-2013','19-46-43','francoise.scalia@wanadoo.fr'),(118,'92.90.26.4','6','bonne annee 2013','02-01-2013','19-49-27','contact@nullepierreailleurs.com'),(119,'90.84.144.22','6','bonne annee 2013','02-01-2013','19-52-55','catherinepainsmain@yahoo.fr'),(120,'90.8.232.179','6','bonne annee 2013','02-01-2013','19-55-33','fabien-r13@hotmail.fr'),(121,'109.212.181.','6','bonne annee 2013','02-01-2013','20-00-04','yenfan.zhu@hotmail.com'),(122,'10.105.16.56','6','bonne annee 2013','02-01-2013','20-16-53','corinne.gargari@neuf.fr'),(123,'78.209.80.50','5','bonne annee 2013','02-01-2013','20-20-30','jeffetmarinag@free.fr'),(124,'80.214.8.27','6','bonne annee 2013','02-01-2013','20-37-45','bacconnier.cynthia@live.fr'),(125,'93.1.245.58','6','bonne annee 2013','02-01-2013','20-42-05','christianpoulet.lesbarjots@orange.fr'),(126,'10.25.249.18','6','bonne annee 2013','02-01-2013','21-45-36','merebrazier@orange.fr'),(127,'92.90.16.15','6','bonne annee 2013','02-01-2013','22-32-19','bistrorossini@hotmail.fr'),(128,'88.183.88.51','6','bonne annee 2013','02-01-2013','22-57-02','jem06300@hotmail.com'),(129,'89.88.51.110','6','bonne annee 2013','02-01-2013','23-05-41','pichgaby@hotmail.com'),(130,'81.251.117.1','6','bonne annee 2013','02-01-2013','23-21-59','anisetcanisses@orange.fr'),(131,'86.203.94.48','6','bonne annee 2013','02-01-2013','23-41-31','mesclun@orange.fr'),(132,'90.84.144.67','6','bonne annee 2013','03-01-2013','02-12-36','iletaitunefoisannecy@gmail.com'),(133,'77.199.0.43','6','bonne annee 2013','03-01-2013','08-10-50','thesylmar@sfr.fr'),(134,'37.8.187.111','6','bonne annee 2013','03-01-2013','08-13-45','moreaupascal41@gmail.com'),(135,'90.84.144.43','6','bonne annee 2013','03-01-2013','08-17-42','jlebreton@grand-hotel-cannes.com'),(136,'86.210.193.1','6','bonne annee 2013','03-01-2013','08-31-18','droledendroit@droledesite.fr'),(137,'92.90.16.37','6','bonne annee 2013','03-01-2013','08-40-51','jacques.altres@gmail.com'),(138,'93.10.66.107','6','bonne annee 2013','03-01-2013','09-16-47','bruno.ballureau@brasserie-institut.fr'),(139,'90.84.144.19','6','bonne annee 2013','03-01-2013','09-17-36','leticia@chezboris.com'),(140,'92.90.16.53','6','bonne annee 2013','03-01-2013','09-57-03','carpentier.christophe@orange.fr'),(141,'89.3.174.241','6','bonne annee 2013','03-01-2013','10-14-55','lestadium@yahoo.fr'),(142,'217.128.238.','6','bonne annee 2013','03-01-2013','11-03-18','contact@lamado-aix.com'),(143,'90.9.56.55','5','bonne annee 2013','03-01-2013','12-25-06','commedans1moulin@orange.fr'),(144,'82.231.24.19','6','bonne annee 2013','03-01-2013','12-51-14','labrasseriedesarts@orange.fr'),(145,'92.90.16.18','6','bonne annee 2013','03-01-2013','13-55-32','restolebazar@wanadoo.fr'),(146,'86.70.13.78','6','bonne annee 2013','03-01-2013','18-43-03','alexis.b742@gmail.com'),(147,'86.203.97.34','6','bonne annee 2013','03-01-2013','19-45-38','momopicasso@gmail.com'),(148,'80.9.29.78','6','bonne annee 2013','03-01-2013','19-48-07','patrickpandemonium@hotmail.fr'),(149,'80.214.0.79','6','bonne annee 2013','03-01-2013','20-34-27','virginie.daussy@gmail.com'),(150,'80.119.170.2','6','bonne annee 2013','03-01-2013','23-30-47','unrdefamille@hotmail.fr'),(151,'83.203.216.1','6','bonne annee 2013','04-01-2013','09-55-39','restaurant@kirmann.com'),(152,'41.140.225.1','5','bonne annee 2013','04-01-2013','11-38-34','sarhiri@hotmail.fr'),(153,'82.242.227.4','6','bonne annee 2013','04-01-2013','12-55-38','contact@plage-cannes-beach.com'),(154,'82.239.51.17','5','bonne annee 2013','05-01-2013','11-47-30','lescalegourmande73@free.fr'),(155,'82.239.51.17','4','bonne annee 2013','05-01-2013','11-49-06','lescalegourmande73@free.fr'),(156,'92.90.16.35','6','bonne annee 2013','05-01-2013','21-58-33','bastide48-restaurant@hotmail.fr'),(157,'193.253.201.','6','bonne annee 2013','08-01-2013','15-11-21','s.pocalujko@orange.fr'),(158,'92.90.20.8','6','bonne annee 2013','08-01-2013','17-31-03','hassenbennekissa@gmail.com'),(159,'90.19.71.77','6','bonne annee 2013','09-01-2013','14-39-34','abrial-restaurant@hotmail.fr'),(160,'88.180.136.1','6','bonne annee 2013','09-01-2013','19-30-27','lapouleaupot@live.com'),(161,'80.214.4.195','6','bonne annee 2013','11-01-2013','19-11-30','franck.jollet@sfr.fr'),(162,'83.193.202.1','5','bonne annee 2013','12-01-2013','17-20-44','paulraison.receptions@wanadoo.fr'),(163,'82.122.142.2','1','bonne annee 2013','17-01-2013','15-22-26','guiguetbolognepascal@orange.fr'),(164,'80.214.0.70','6','bonne annee 2013','17-01-2013','19-48-47','hamit154@hotmail.com'),(165,'80.214.0.75','6','bonne annee 2013','17-01-2013','19-48-47','hamit154@hotmail.com'),(166,'90.0.224.146','6','bonne annee 2013','24-01-2013','13-22-10','edithfournaire@hotmail.fr'),(167,'5.49.191.18','6','bonne annee 2013','28-01-2013','21-59-59','ph.ileon@hotmail.fr'),(168,'86.203.33.13','6','bonne annee 2013','29-01-2013','21-19-38','stephandurand@ymail.com'),(169,'79.84.92.111','5','bonne annee 2013','06-02-2013','14-33-10','joel.da-ros@wanadoo.fr'),(170,'82.240.163.1','6','bonne annee 2013','09-02-2013','19-37-27','info@macmahon-restaurant.com'),(171,'41.248.194.1','6','bonne annee 2013','23-04-2013','23-35-07','sarhiri@hotmail.fr'),(172,'41.249.0.188','3','bonne annee 2013','24-04-2013','16-08-14','sarhiri@hotmail.fr'),(173,'41.249.0.188','2','bonne annee 2013','24-04-2013','16-09-29','sarhiri@hotmail.fr');

--
-- Table structure for table `ps_manufacturer`
--

CREATE TABLE `ps_manufacturer` (
  `id_manufacturer` int(10) unsigned NOT NULL AUTO_INCREMENT,
  `name` varchar(64) NOT NULL,
  `date_add` datetime NOT NULL,
  `date_upd` datetime NOT NULL,
  `active` tinyint(1) NOT NULL DEFAULT '0',
  PRIMARY KEY (`id_manufacturer`)
) ENGINE=InnoDB AUTO_INCREMENT=96 DEFAULT CHARSET=utf8;

--
-- Dumping data for table `ps_manufacturer`
--

INSERT INTO `ps_manufacturer` VALUES (3,'L2G','2012-04-27 17:21:57','2012-05-02 09:53:52',1),(4,'Bongard','2012-05-01 22:51:20','2012-05-03 18:46:34',1),(5,'Angelopo','2012-05-01 22:58:28','2012-05-01 22:58:28',1),(6,'Winkler','2012-05-02 09:52:33','2012-05-02 09:52:33',1),(7,'Dadaux','2012-05-02 10:08:37','2012-05-02 10:09:46',1),(9,'Iarp','2012-05-02 10:27:26','2012-05-02 10:27:26',1),(10,'Mafirol','2012-05-02 10:27:57','2012-05-02 10:27:57',1),(11,'maja','2012-05-02 14:06:26','2012-05-02 14:06:26',1),(12,'Hengel','2012-05-02 14:06:53','2012-05-02 14:06:53',1),(13,'Zoin','2012-05-02 14:07:30','2012-05-02 14:07:30',1),(14,'ERRE 2','2012-05-02 14:07:57','2012-05-02 14:07:57',1),(15,'Tecnox','2012-05-02 14:08:16','2012-05-02 14:08:16',1),(16,'JAC','2012-05-02 14:08:32','2012-05-02 14:08:32',1),(17,'VMI','2012-05-02 14:08:52','2012-05-02 14:08:52',1),(18,'Mecanosud','2012-05-02 14:09:30','2012-05-02 14:09:30',1),(19,'Supermajor','2012-05-02 14:09:58','2012-05-02 14:09:58',1),(20,'Lambert','2012-05-02 16:16:14','2012-05-02 16:16:14',1),(21,'Liebherr','2012-05-03 17:12:45','2012-05-03 17:12:45',1),(22,'seda','2012-05-18 16:55:18','2012-05-18 16:55:18',1),(23,'Alimat Tremblay','2012-05-18 17:00:31','2012-05-18 17:00:31',1),(24,'Morice','2012-06-06 15:50:11','2012-06-06 15:50:11',1),(25,'Puma','2012-06-11 20:48:37','2012-06-11 20:48:37',1),(26,'Mercure','2012-06-11 21:14:08','2012-06-11 21:14:08',1),(27,'Sofinor','2012-06-11 21:18:12','2012-06-11 21:18:12',1),(28,'Eurofours','2012-06-11 21:39:20','2012-06-11 21:39:20',1),(29,'EMB','2012-06-12 21:05:55','2012-06-12 21:05:55',1),(30,'Daumas','2012-06-12 21:25:25','2012-06-12 21:26:09',1),(31,'Eurofred','2012-06-12 21:52:16','2012-06-12 21:52:16',1),(32,'Pavailler','2012-06-14 18:06:20','2012-06-14 18:06:20',1),(33,'Actif','2012-06-16 11:15:00','2012-06-16 11:15:00',1),(34,'Gram','2012-06-16 11:40:09','2012-06-16 11:40:09',1),(35,'Phébus','2012-06-16 11:51:55','2012-06-16 11:51:55',1),(36,'Hendi','2012-06-26 14:10:49','2012-06-26 14:10:49',1),(37,'Polin','2012-06-27 16:38:59','2012-06-27 16:38:59',1),(38,'Miwe','2012-06-27 17:13:33','2012-06-27 17:13:33',1),(39,'Dito Sama','2012-06-28 09:40:59','2012-06-28 09:40:59',1),(40,'Bertrand','2012-06-28 11:10:47','2012-06-28 11:10:47',1),(41,'Rondo','2012-07-02 09:36:03','2012-07-02 09:36:03',1),(42,'Ambassade','2012-07-02 10:02:02','2012-07-02 10:02:02',1),(43,'Carpigiani','2012-07-02 13:40:59','2012-07-02 13:40:59',1),(44,'Convotherm','2012-07-02 15:17:32','2012-07-02 15:17:32',1),(45,'Clevland','2012-07-02 15:37:13','2012-07-02 15:37:13',1),(47,'Hoonved','2012-07-03 18:21:45','2012-07-03 18:21:45',1),(48,'Batinox','2012-07-09 08:27:22','2012-07-09 08:27:22',1),(49,'Technyform','2012-07-11 11:46:28','2012-07-11 11:46:28',1),(50,'Guyon','2012-07-11 13:25:28','2012-07-11 13:25:28',1),(51,'Sammic','2012-07-11 17:17:54','2012-07-11 17:17:54',1),(52,'Desmon','2012-07-12 14:43:12','2012-07-12 14:43:12',1),(53,'Marchand','2012-07-16 15:10:04','2012-07-16 15:10:04',1),(54,'ColGED','2012-07-16 15:54:19','2012-07-16 15:54:19',1),(55,'Trimco','2012-07-16 16:22:36','2012-07-16 16:22:36',1),(56,'Welbilt','2012-07-23 09:52:24','2012-07-23 09:52:24',1),(57,'unité hermétique','2012-07-25 17:19:57','2012-07-25 17:19:57',1),(58,'Frima','2012-07-25 17:20:08','2012-07-25 17:20:08',1),(59,'Tibelleti','2012-07-26 11:18:51','2012-07-26 11:18:51',1),(60,'Créative balance Corp','2012-07-30 08:57:15','2012-07-30 08:57:15',1),(61,'Cuenod','2012-08-08 14:58:43','2012-08-08 14:58:43',1),(62,'Robot Coupe','2012-08-27 11:57:00','2012-08-27 11:57:00',1),(63,'Socamel','2012-08-28 08:15:11','2012-08-28 08:15:11',1),(64,'Zoppas','2012-08-28 10:55:18','2012-08-28 10:55:18',1),(65,'Rotisol','2012-08-28 13:17:23','2012-08-28 13:17:23',1),(66,'Solymac','2012-08-29 11:28:16','2012-08-29 11:28:16',1),(67,'Lotus','2012-08-29 12:24:26','2012-08-29 12:24:26',1),(68,'KangaBox','2012-09-07 11:38:18','2012-09-07 11:38:18',1),(69,'Thirode','2012-09-13 12:07:17','2012-10-11 10:15:14',1),(70,'LMC','2012-09-23 11:18:23','2012-09-23 11:18:23',1),(71,'Eurolabo','2012-09-23 11:22:09','2012-09-23 11:22:09',1),(72,'Pani Record','2012-09-23 11:24:32','2012-09-23 11:24:32',1),(73,'Kemplex','2012-09-25 16:28:11','2012-09-25 16:28:11',1),(74,'ZUCCHELLI','2012-09-27 13:17:18','2012-09-27 13:17:18',1),(75,'Bartsher','2012-10-02 15:07:19','2012-10-02 15:07:19',1),(76,'Gorick','2012-10-03 17:13:59','2012-10-03 17:13:59',1),(77,'PIC-PARTY','2012-10-05 16:48:32','2012-10-05 16:48:32',1),(78,'Manitowoc','2012-10-17 11:48:14','2012-10-17 11:48:14',1),(79,'ICE-O-MATIC','2012-10-18 10:14:24','2012-10-18 10:14:24',1),(80,'Kampri','2012-10-24 14:36:57','2012-10-24 14:36:57',1),(81,'Werner','2012-10-29 11:23:47','2012-10-29 11:23:47',1),(82,'Reber','2012-11-27 15:07:45','2012-11-27 15:07:45',1),(83,'Aristarco','2012-11-27 16:10:30','2012-11-27 16:10:30',1),(84,'Jordao','2012-11-29 09:09:49','2012-11-29 09:09:49',1),(85,'Garland','2012-11-29 10:44:54','2012-11-29 10:44:54',1),(86,'LACANCHE','2012-12-24 09:57:51','2012-12-24 09:57:51',1),(87,'Electrobar','2012-12-27 08:39:21','2012-12-27 08:39:21',1),(88,'Elfcale','2012-12-27 08:41:18','2012-12-27 08:41:18',1),(89,'Westahl','2013-01-03 16:45:34','2013-01-03 16:45:34',1),(90,'Lufri','2013-05-13 16:09:05','2013-05-13 16:09:05',1),(91,'Odic','2013-05-13 16:26:52','2013-05-13 16:26:52',1),(92,'Commerca','2013-06-13 13:56:49','2013-06-13 13:56:49',1),(93,'Gel-Matic','2013-06-13 14:36:55','2013-06-13 14:36:55',1),(94,'Retigo','2013-12-03 09:43:15','2013-12-03 09:43:15',1),(95,'VDO','2014-01-06 09:27:28','2014-01-06 09:27:28',1);

--
-- Table structure for table `ps_manufacturer_lang`
--

CREATE TABLE `ps_manufacturer_lang` (
  `id_manufacturer` int(10) unsigned NOT NULL,
  `id_lang` int(10) unsigned NOT NULL,
  `description` text,
  `short_description` varchar(254) DEFAULT NULL,
  `meta_title` varchar(128) DEFAULT NULL,
  `meta_keywords` varchar(255) DEFAULT NULL,
  `meta_description` varchar(255) DEFAULT NULL,
  PRIMARY KEY (`id_manufacturer`,`id_lang`)
) ENGINE=InnoDB DEFAULT CHARSET=utf8;

--
-- Dumping data for table `ps_manufacturer_lang`
--

INSERT INTO `ps_manufacturer_lang` VALUES (1,1,'','','','',''),(1,2,'','','','',''),(1,3,'','','','',''),(1,4,'','','','',''),(1,5,'','','','',''),(2,1,'','','','',''),(2,2,'','','','',''),(2,3,'','','','',''),(2,4,'','','','',''),(2,5,'','','','',''),(3,1,'','','','',''),(3,2,'','','','',''),(3,3,'','','','',''),(3,4,'','','','',''),(3,5,'','','','',''),(4,1,'','','','',''),(4,2,'','','','',''),(4,3,'','','','',''),(4,4,'','','','',''),(4,5,'','','','',''),(5,1,'','','','',''),(5,2,'','','','',''),(5,3,'','','','',''),(5,4,'','','','',''),(5,5,'','','','',''),(6,1,'','','','',''),(6,2,'','','','',''),(6,3,'','','','',''),(6,4,'','','','',''),(6,5,'','','','',''),(69,1,'','','','',''),(69,2,'','','','',''),(69,3,'','','','',''),(69,4,'','','','',''),(69,5,'','','','',''),(70,1,'','','','',''),(70,2,'','','','',''),(70,3,'','','','',''),(70,4,'','','','',''),(70,5,'','','','',''),(71,1,'','','','',''),(71,2,'','','','',''),(71,3,'','','','',''),(71,4,'','','','',''),(71,5,'','','','',''),(72,1,'','','','',''),(72,2,'','','','',''),(72,3,'','','','',''),(72,4,'','','','',''),(72,5,'','','','',''),(73,1,'','','','',''),(73,2,'','','','',''),(73,3,'','','','',''),(73,4,'','','','',''),(73,5,'','','','',''),(74,1,'','','','',''),(74,2,'','','','',''),(74,3,'','','','',''),(74,4,'','','','',''),(74,5,'','','','',''),(75,1,'','','','',''),(75,2,'','','','',''),(75,3,'','','','',''),(75,4,'','','','',''),(75,5,'','','','',''),(76,1,'','','','',''),(76,2,'','','','',''),(76,3,'','','','',''),(76,4,'','','','',''),(76,5,'','','','',''),(77,1,'','','','',''),(77,2,'','','','',''),(77,3,'','','','',''),(77,4,'','','','',''),(77,5,'','','','',''),(78,1,'','','','',''),(78,2,'','','','',''),(78,3,'','','','',''),(78,4,'','','','',''),(78,5,'','','','',''),(79,1,'','','','',''),(79,2,'','','','',''),(79,3,'','','','',''),(79,4,'','','','',''),(79,5,'','','','',''),(80,1,'','','','',''),(80,2,'','','','',''),(80,3,'','','','',''),(80,4,'','','','',''),(80,5,'','','','',''),(81,1,'','','','',''),(81,2,'','','','',''),(81,3,'','','','',''),(81,4,'','','','',''),(81,5,'','','','',''),(82,1,'','','','',''),(82,2,'','','','',''),(82,3,'','','','',''),(82,4,'','','','',''),(82,5,'','','','',''),(83,1,'','','','',''),(83,2,'','','','',''),(83,3,'','','','',''),(83,4,'','','','',''),(83,5,'','','','',''),(84,1,'','','','',''),(84,2,'','','','',''),(84,3,'','','','',''),(84,4,'','','','',''),(84,5,'','','','',''),(85,1,'','','','',''),(85,2,'','','','',''),(85,3,'','','','',''),(85,4,'','','','',''),(85,5,'','','','',''),(86,1,'','','','',''),(86,2,'','','','',''),(86,3,'','','','',''),(86,4,'','','','',''),(86,5,'','','','',''),(87,1,'','','','',''),(87,2,'','','','',''),(87,3,'','','','',''),(87,4,'','','','',''),(87,5,'','','','',''),(88,1,'','','','',''),(88,2,'','','','',''),(88,3,'','','','',''),(88,4,'','','','',''),(88,5,'','','','',''),(89,1,'','','','',''),(89,2,'','','','',''),(89,3,'','','','',''),(89,4,'','','','',''),(89,5,'','','','',''),(90,1,'','','','',''),(90,2,'','','','',''),(90,3,'','','','',''),(90,4,'','','','',''),(90,5,'','','','',''),(91,1,'','','','',''),(91,2,'','','','',''),(91,3,'','','','',''),(91,4,'','','','',''),(91,5,'','','','',''),(92,1,'','','','',''),(92,2,'','','','',''),(92,3,'','','','',''),(92,4,'','','','',''),(92,5,'','','','',''),(93,1,'','','','',''),(93,2,'','','','',''),(93,3,'','','','',''),(93,4,'','','','',''),(93,5,'','','','',''),(94,1,'','','','',''),(94,2,'','','','',''),(94,3,'','','','',''),(94,4,'','','','',''),(94,5,'','','','',''),(95,1,'','','','',''),(95,2,'','','','',''),(95,3,'','','','',''),(95,4,'','','','',''),(95,5,'','','','','');

--
-- Table structure for table `ps_memcached_servers`
--

CREATE TABLE `ps_memcached_servers` (
  `id_memcached_server` int(11) unsigned NOT NULL AUTO_INCREMENT,
  `ip` varchar(254) NOT NULL,
  `port` int(11) unsigned NOT NULL,
  `weight` int(11) unsigned NOT NULL,
  PRIMARY KEY (`id_memcached_server`)
) ENGINE=InnoDB DEFAULT CHARSET=utf8;

--
-- Dumping data for table `ps_memcached_servers`
--


--
-- Table structure for table `ps_menu`
--

CREATE TABLE `ps_menu` (
  `id_menu` int(10) unsigned NOT NULL AUTO_INCREMENT,
  `id_parent` int(10) unsigned NOT NULL,
  `id_item` int(10) unsigned NOT NULL,
  `type` varchar(16) NOT NULL,
  `level` tinyint(3) unsigned NOT NULL,
  `ignore` varchar(128) DEFAULT NULL,
  `logged` tinyint(1) NOT NULL DEFAULT '0',
  `css` varchar(32) DEFAULT NULL,
  `new_window` tinyint(1) NOT NULL DEFAULT '0',
  `active` tinyint(1) unsigned NOT NULL,
  `position` tinyint(2) unsigned NOT NULL,
  `date_add` datetime NOT NULL,
  `date_upd` datetime NOT NULL,
  PRIMARY KEY (`id_menu`)
) ENGINE=InnoDB AUTO_INCREMENT=11 DEFAULT CHARSET=utf8;

--
-- Dumping data for table `ps_menu`
--

INSERT INTO `ps_menu` VALUES (2,0,0,'link',0,NULL,0,NULL,0,1,1,'2013-07-18 09:55:16','2013-07-18 09:55:16'),(3,0,2,'category',0,NULL,0,NULL,0,1,2,'2013-07-18 09:55:38','2013-07-18 09:55:38'),(4,0,3,'category',0,NULL,0,NULL,0,1,3,'2013-07-18 09:55:55','2013-07-18 09:55:55'),(5,0,4,'category',0,NULL,0,NULL,0,1,4,'2013-07-18 09:57:02','2013-07-18 09:57:02'),(6,0,5,'category',0,NULL,0,NULL,0,1,5,'2013-07-18 09:57:20','2013-07-18 09:57:20'),(7,0,6,'category',0,NULL,0,NULL,0,1,6,'2013-07-18 09:58:06','2013-07-18 09:58:06'),(8,0,7,'category',0,NULL,0,NULL,0,1,7,'2013-07-18 09:58:31','2013-07-18 09:58:31'),(9,0,46,'category',0,NULL,0,NULL,0,1,8,'2013-07-18 09:58:52','2013-07-18 09:58:52'),(10,0,9,'category',0,NULL,0,NULL,0,1,9,'2013-07-25 11:13:44','2013-07-25 11:13:44');

--
-- Table structure for table `ps_menu_lang`
--

CREATE TABLE `ps_menu_lang` (
  `id_menu` int(10) unsigned NOT NULL,
  `id_lang` tinyint(2) unsigned NOT NULL,
  `title` varchar(128) NOT NULL,
  `link` varchar(128) NOT NULL,
  PRIMARY KEY (`id_menu`,`id_lang`)
) ENGINE=InnoDB DEFAULT CHARSET=utf8;

--
-- Dumping data for table `ps_menu_lang`
--

INSERT INTO `ps_menu_lang` VALUES (2,1,'Accueil','http://www.saintclairmat.fr'),(2,2,'Accueil','http://www.saintclairmat.fr'),(2,3,'',''),(2,4,'',''),(2,5,'',''),(3,1,'',''),(3,2,'',''),(3,3,'',''),(3,4,'',''),(3,5,'',''),(4,1,'',''),(4,2,'',''),(4,3,'',''),(4,4,'',''),(4,5,'',''),(5,1,'',''),(5,2,'',''),(5,3,'',''),(5,4,'',''),(5,5,'',''),(6,1,'',''),(6,2,'',''),(6,3,'',''),(6,4,'',''),(6,5,'',''),(7,1,'',''),(7,2,'',''),(7,3,'',''),(7,4,'',''),(7,5,'',''),(8,1,'',''),(8,2,'',''),(8,3,'',''),(8,4,'',''),(8,5,'',''),(9,1,'',''),(9,2,'',''),(9,3,'',''),(9,4,'',''),(9,5,'',''),(10,1,'',''),(10,2,'',''),(10,3,'',''),(10,4,'',''),(10,5,'','');

--
-- Table structure for table `ps_message`
--

CREATE TABLE `ps_message` (
  `id_message` int(10) unsigned NOT NULL AUTO_INCREMENT,
  `id_cart` int(10) unsigned DEFAULT NULL,
  `id_customer` int(10) unsigned NOT NULL,
  `id_employee` int(10) unsigned DEFAULT NULL,
  `id_order` int(10) unsigned NOT NULL,
  `message` text NOT NULL,
  `private` tinyint(1) unsigned NOT NULL DEFAULT '1',
  `date_add` datetime NOT NULL,
  PRIMARY KEY (`id_message`),
  KEY `message_order` (`id_order`),
  KEY `id_cart` (`id_cart`),
  KEY `id_customer` (`id_customer`),
  KEY `id_employee` (`id_employee`)
) ENGINE=InnoDB AUTO_INCREMENT=89 DEFAULT CHARSET=utf8;

--
-- Dumping data for table `ps_message`
--

INSERT INTO `ps_message` VALUES (1,73,23,0,14,'Bonjour, c\'est tr&egrave;s urgent.\r\n\r\nMerci\r\nCordialement\r\n\r\nF.FAUGE',0,'2012-11-27 07:59:09'),(2,0,26,0,16,'Bonjour\nSuite &agrave; ma commande, je pr&eacute;f&egrave;re vous r&eacute;gl&eacute; par ch&egrave;que que je vous envoie par courrier rapidement. D&egrave;s r&eacute;ception, veuillez m\'envoyer ma balance patissi&egrave;re\nCordialement \n\nMr REVIRON',0,'2012-12-13 09:36:22'),(3,0,0,0,17,'Warning : the secure key is empty, check your payment account before validation',1,'2012-12-21 15:01:50'),(4,0,0,0,18,'Warning : the secure key is empty, check your payment account before validation',1,'2012-12-21 15:04:05'),(5,0,0,0,19,'Warning : the secure key is empty, check your payment account before validation',1,'2012-12-21 15:05:25'),(6,0,0,0,20,'Warning : the secure key is empty, check your payment account before validation',1,'2013-01-10 17:34:58'),(7,0,0,0,21,'Warning : the secure key is empty, check your payment account before validation',1,'2013-01-17 13:45:23'),(8,0,29,0,20,'bonjour, \nje vous informe qu\'a ce jour je n\'ai pas recu ma commande et je suis &eacute;tonn&eacute; de voir inscrti &quot;commande livr&eacute;e&quot; pourriez vous me dire ou et a qui a-t\'il &eacute;t&eacute; livr&eacute; car je n\'ai vu aucun transporteur',0,'2013-01-19 12:12:42'),(9,242,33,0,22,'appeler avant livraison afin de fixer un RV',0,'2013-02-24 19:14:56'),(10,0,0,0,22,'Warning : the secure key is empty, check your payment account before validation',1,'2013-02-24 19:18:36'),(11,0,0,0,23,'Warning : the secure key is empty, check your payment account before validation',1,'2013-02-27 11:43:59'),(12,273,37,0,24,'Merci de laisser le colis chez le gardien en cas d\'absence',0,'2013-04-02 23:14:12'),(13,0,0,0,24,'Warning : the secure key is empty, check your payment account before validation',1,'2013-04-03 00:21:42'),(14,0,0,0,26,'Warning : the secure key is empty, check your payment account before validation',1,'2013-05-22 15:11:48'),(15,0,0,0,29,'Warning : the secure key is empty, check your payment account before validation',1,'2013-11-09 09:27:45'),(16,0,0,0,31,'Warning : the secure key is empty, check your payment account before validation',1,'2013-11-21 13:28:16'),(17,0,0,0,32,'Warning : the secure key is empty, check your payment account before validation',1,'2013-11-26 16:39:32'),(18,0,0,0,33,'Warning : the secure key is empty, check your payment account before validation',1,'2014-01-22 12:18:46'),(19,0,0,0,34,'Warning : the secure key is empty, check your payment account before validation',1,'2014-01-27 17:00:44'),(20,0,0,0,35,'Warning : the secure key is empty, check your payment account before validation',1,'2014-02-19 12:13:01'),(21,0,0,0,36,'Warning : the secure key is empty, check your payment account before validation',1,'2014-03-12 09:30:20'),(22,0,0,0,37,'Warning : the secure key is empty, check your payment account before validation',1,'2014-03-31 20:39:33'),(23,0,0,0,38,'Warning : the secure key is empty, check your payment account before validation',1,'2014-05-12 16:05:41'),(24,0,0,0,39,'Warning : the secure key is empty, check your payment account before validation',1,'2014-06-05 08:56:07'),(25,0,0,0,40,'Warning : the secure key is empty, check your payment account before validation',1,'2014-06-10 10:15:44'),(26,0,0,0,41,'Warning : the secure key is empty, check your payment account before validation',1,'2014-06-10 10:30:15'),(27,0,0,0,44,'Warning : the secure key is empty, check your payment account before validation',1,'2014-08-14 14:12:39'),(28,0,0,0,45,'Warning : the secure key is empty, check your payment account before validation',1,'2014-08-20 13:22:25'),(29,0,0,0,46,'Warning : the secure key is empty, check your payment account before validation',1,'2014-12-06 11:13:08'),(30,1010,103,0,0,'Bonjour merci de me tenir inform&eacute; au 06 14 82 65 47 si besoin a bient&ocirc;t ',0,'2015-03-27 00:54:32'),(31,0,0,0,47,'Warning : the secure key is empty, check your payment account before validation',1,'2015-04-28 16:30:21'),(32,0,0,0,48,'Warning : the secure key is empty, check your payment account before validation',1,'2015-05-11 15:26:57'),(33,0,0,0,49,'Warning : the secure key is empty, check your payment account before validation',1,'2015-07-13 12:36:45'),(34,0,0,0,50,'Warning : the secure key is empty, check your payment account before validation',1,'2015-07-21 13:59:43'),(35,0,0,0,51,'Warning : the secure key is empty, check your payment account before validation',1,'2015-08-07 10:47:07'),(36,0,0,0,52,'Warning : the secure key is empty, check your payment account before validation',1,'2015-08-12 12:53:46'),(37,0,0,0,53,'Warning : the secure key is empty, check your payment account before validation',1,'2015-09-08 09:09:56'),(38,0,0,0,54,'Warning : the secure key is empty, check your payment account before validation',1,'2015-09-09 14:46:06'),(39,1204,120,0,55,'Fermeture hebdomadaire le lundi. Pour la livraison passer &agrave; l\'arri&egrave;re de la boulangerie Rue des Jacquemards. Appeler avant pour que l\'on soit sur d\'&ecirc;tre pr&eacute;sent. ',0,'2015-11-23 21:01:27'),(40,0,123,0,56,'Merci de ne pas prendre en compte cette commande, faute de manipulation. \n\nCdlt.',0,'2015-12-15 00:08:42'),(41,0,0,0,57,'Warning : the secure key is empty, check your payment account before validation',1,'2015-12-17 11:03:22'),(42,0,0,0,58,'Warning : the secure key is empty, check your payment account before validation',1,'2016-01-11 15:21:58'),(43,0,0,0,59,'Warning : the secure key is empty, check your payment account before validation',1,'2016-02-11 15:51:30'),(44,1285,127,0,61,'Merci de pr&eacute;voir la livraison apr&egrave;s le 15 mars 2016.',0,'2016-02-29 19:17:58'),(45,0,0,0,62,'Warning : the secure key is empty, check your payment account before validation',1,'2016-03-15 15:33:39'),(46,1321,30,0,63,' Ferm&eacute; le lundi ',0,'2016-03-31 16:17:58'),(47,0,0,0,63,'Warning : the secure key is empty, check your payment account before validation',1,'2016-03-31 16:33:05'),(48,0,0,0,64,'Warning : the secure key is empty, check your payment account before validation',1,'2016-04-19 10:58:04'),(49,0,0,0,65,'Warning : the secure key is empty, check your payment account before validation',1,'2016-04-19 12:46:53'),(50,0,130,0,65,'LIVRAISON ???\nPAS DE NOUVELLE CORDIALEMENT  F FINET',0,'2016-04-26 10:40:38'),(51,1352,131,0,66,'Me laisser un message le matin de la livraison merci',0,'2016-05-01 11:21:15'),(52,1355,132,0,0,'bonjour suite a la commande que je viens d&rsquo;effectuer je souhaiterais savoir si la banque r&eacute;frig&eacute;rer et la chambre froide sont livr&eacute;es en kit car ne passe pas par la porte d\'entr&eacute;e niveau mesure  ',0,'2016-05-02 13:44:40'),(53,1375,134,0,67,'Livraison 2 rue de la Madeleine \r\n45140 saint jean de la ruelle (enseigne BAKER\'S)',0,'2016-05-21 14:26:55'),(54,1380,135,0,68,'Serai-je pr&eacute;venue du jour de la livraison par mail?',0,'2016-05-25 17:51:07'),(55,0,0,0,68,'Warning : the secure key is empty, check your payment account before validation',1,'2016-05-25 17:57:07'),(56,0,135,0,68,'Bonjour,pourriez-vous me dire ou en est ma livraison,il me tarde d\'&ecirc;tre livrer, ce feu vif me manque pour garder le rythme et le bon d&eacute;roulement du service.Merci de bien vouloir me recontacter .Bien &agrave; vous Mme WACK.',0,'2016-06-01 16:27:08'),(57,0,0,0,69,'Warning : the secure key is empty, check your payment account before validation',1,'2016-06-13 09:07:14'),(58,0,0,0,70,'Warning : the secure key is empty, check your payment account before validation',1,'2016-06-16 17:02:17'),(59,0,138,0,72,'Bonjour,\nJe suis en test de votre site, ne tenez pas compte de cette commande. \nMerci\nChristel POLLET WEBCOM DESIGNER',0,'2016-06-23 21:21:16'),(60,0,0,0,73,'Warning : the secure key is empty, check your payment account before validation',1,'2016-06-26 10:00:07'),(61,0,0,0,74,'Warning : the secure key is empty, check your payment account before validation',1,'2016-06-26 16:00:59'),(62,0,139,0,74,'Bonjour,\nA ce jour, je n\'ai toujours pas re&ccedil;u votre devis transport. Je suis toujours en attente de pouvoir r&eacute;gler les frais de livraisons, afin que vous puissiez me livrer l\'armoire frigorifique.\nDonc, pouvez-vous me dire quand recevrai-je le devis ? et donc quand me sera livrer l\'armoire frigo.\n\nTr&egrave;s cordialement\nMarie-Laure',0,'2016-06-28 09:47:37'),(63,0,0,0,75,'Warning : the secure key is empty, check your payment account before validation',1,'2016-06-30 22:21:43'),(64,0,0,0,76,'Warning : the secure key is empty, check your payment account before validation',1,'2016-07-06 12:47:15'),(65,0,0,0,77,'Warning : the secure key is empty, check your payment account before validation',1,'2016-07-25 14:37:50'),(66,0,0,0,78,'Warning : the secure key is empty, check your payment account before validation',1,'2016-08-22 05:34:07'),(67,0,0,0,80,'Warning : the secure key is empty, check your payment account before validation',1,'2016-10-20 17:42:04'),(68,0,145,0,79,'bonjour\npourrais-je avoir la facture correspondant &agrave; mon achat.\n\nmerci',0,'2016-10-28 10:08:44'),(69,0,0,0,81,'Warning : the secure key is empty, check your payment account before validation',1,'2016-11-19 18:28:36'),(70,0,149,0,81,'Bonjour,\n\nEst-il possible de l\'avoir demonter ? ceci afin d\'adapter le mode de transport\n\nMerci\nCordialement\nBIosset Martin',0,'2016-11-19 18:31:42'),(71,0,0,0,82,'Warning : the secure key is empty, check your payment account before validation',1,'2016-12-15 13:45:14'),(72,0,0,0,83,'Warning : the secure key is empty, check your payment account before validation',1,'2017-02-20 15:29:00'),(73,0,0,0,84,'Warning : the secure key is empty, check your payment account before validation',1,'2017-03-17 14:43:03'),(74,1715,155,0,0,'Bonjour, je souhaite dans un premier temps obtenir un devis sur les produits figurant dans la liste.\r\nje ne souhaite pas command&eacute; pour l\'instant.',0,'2017-03-29 20:37:39'),(75,0,0,0,85,'Warning : the secure key is empty, check your payment account before validation',1,'2017-04-26 22:19:16'),(76,0,0,0,86,'Warning : the secure key is empty, check your payment account before validation',1,'2017-05-24 10:37:58'),(77,0,0,0,87,'Warning : the secure key is empty, check your payment account before validation',1,'2017-06-01 16:02:30'),(78,0,0,0,88,'Warning : the secure key is empty, check your payment account before validation',1,'2017-06-13 22:58:50'),(79,1781,162,0,0,'Fermeture hebdomadaire le mercredi ',0,'2017-06-18 22:02:29'),(80,0,0,0,89,'Warning : the secure key is empty, check your payment account before validation',1,'2017-07-28 19:59:51'),(81,0,0,0,90,'Warning : the secure key is empty, check your payment account before validation',1,'2017-08-16 15:43:29'),(82,1840,170,0,91,'bonjour, je viendrai la chercher lundi 4 septembre.',0,'2017-08-30 16:23:55'),(83,0,0,0,91,'Warning : the secure key is empty, check your payment account before validation',1,'2017-08-30 16:26:59'),(84,0,0,0,92,'Warning : the secure key is empty, check your payment account before validation',1,'2017-10-04 16:09:33'),(85,1879,176,0,0,'Nous avons bien enregistr&eacute; une livraison le jeudi 12 Octobre &agrave; notre laboratoire au 353 Rue Paul Bert 69003 LYON',0,'2017-10-10 11:14:15'),(87,0,0,0,93,'Warning : the secure key is empty, check your payment account before validation',1,'2017-10-14 12:23:15'),(88,1918,182,0,0,'Horaires d\'ouverture de 10h a 13h et de 13h30 a 19h de Lundi au Samedi \r\nne pas livrer en de hors de ses horaires . Merci',0,'2017-11-13 17:13:09');

--
-- Table structure for table `ps_message_readed`
--

CREATE TABLE `ps_message_readed` (
  `id_message` int(10) unsigned NOT NULL,
  `id_employee` int(10) unsigned NOT NULL,
  `date_add` datetime NOT NULL,
  PRIMARY KEY (`id_message`,`id_employee`)
) ENGINE=InnoDB DEFAULT CHARSET=utf8;

--
-- Dumping data for table `ps_message_readed`
--

INSERT INTO `ps_message_readed` VALUES (1,1,'2012-11-28 13:34:42'),(12,1,'2013-04-10 16:34:00'),(70,1,'2016-11-21 10:38:36');

--
-- Table structure for table `ps_meta`
--

CREATE TABLE `ps_meta` (
  `id_meta` int(10) unsigned NOT NULL AUTO_INCREMENT,
  `page` varchar(64) NOT NULL,
  PRIMARY KEY (`id_meta`),
  KEY `meta_name` (`page`)
) ENGINE=InnoDB AUTO_INCREMENT=26 DEFAULT CHARSET=utf8;

--
-- Dumping data for table `ps_meta`
--

INSERT INTO `ps_meta` VALUES (1,'404'),(11,'address'),(12,'addresses'),(13,'authentication'),(2,'best-sales'),(14,'cart'),(3,'contact-form'),(15,'discount'),(25,'guest-tracking'),(16,'history'),(17,'identity'),(4,'index'),(5,'manufacturer'),(18,'my-account'),(6,'new-products'),(21,'order'),(19,'order-follow'),(24,'order-opc'),(20,'order-slip'),(7,'password'),(8,'prices-drop'),(22,'search'),(9,'sitemap'),(23,'stores'),(10,'supplier');

--
-- Table structure for table `ps_meta_lang`
--

CREATE TABLE `ps_meta_lang` (
  `id_meta` int(10) unsigned NOT NULL,
  `id_lang` int(10) unsigned NOT NULL,
  `title` varchar(128) DEFAULT NULL,
  `description` varchar(255) DEFAULT NULL,
  `keywords` varchar(255) DEFAULT NULL,
  `url_rewrite` varchar(254) NOT NULL,
  PRIMARY KEY (`id_meta`,`id_lang`)
) ENGINE=InnoDB DEFAULT CHARSET=utf8;

--
-- Dumping data for table `ps_meta_lang`
--

INSERT INTO `ps_meta_lang` VALUES (1,1,'404 error','This page cannot be found','error, 404, not found','page-not-found'),(1,2,'Erreur 404','Cette page est introuvable','erreur, 404, introuvable','page-non-trouvee'),(1,3,'Error 404','Esta página no se encuentra','error, 404, No se ha encontrado','pagina-no-encuentra'),(1,4,'Fehler 404','Seite wurde nicht gefunden','Fehler 404, nicht gefunden','seite-nicht-gefunden'),(1,5,'errore 404','Impossibile trovare questa pagina','errore, 404, non trovato','pagina-non-trovata'),(2,1,'Best sales','Our best sales','best sales','best-sales'),(2,2,'Meilleures ventes','Liste de nos produits les mieux vendus','meilleures ventes','meilleures-ventes'),(2,3,'Los más vendidos','Lista de los de mayor venta de productos','los más vendidos','mas-vendidos'),(2,4,'Verkaufshits','Unsere Verkaufshits','Verkaufshits','verkaufshits'),(2,5,'Vendite migliori','Le nostre vendite migliori','vendite migliori','vendite-migliori'),(3,1,'Contact us','Use our form to contact us','contact, form, e-mail','contact-us'),(3,2,'Contactez-nous','Utilisez notre formulaire pour nous contacter','contact, formulaire, e-mail','contactez-nous'),(3,3,'Contáctenos','Use nuestro formulario de contacto con nosotros','formulario de contacto, e-mail','contactenos'),(3,4,'Kontaktieren Sie uns','Nutzen Sie unser Kontaktformular','Kontakt, Formular, E-Mail','kontaktieren-sie-uns'),(3,5,'Contattaci','Usa il nostro modulo per contattarci','contatto, modulo, e-mail','contattaci'),(4,1,'','Shop powered by PrestaShop','shop, prestashop',''),(4,2,'Vente de Matériel Professionnel des Métiers de Bouche - Alimentaire','Saint Clair Mat est leader et spécialiste dans la fourniture de matériels professionnel pour la restauration et les métiers de Bouche.Et posséde un grand stock de matériels d\'accasions.le meilleur revendeur de matériel d\'occasion','boulangerie, matériel, professionnel, four, Bongard, pâtisserie, Pavailler, armoire, chambre de pousse, diviseuse, Jac, restauration, CHR, Laminoir, Friteuse, chambre de congélation, Panimatic, four a sole, surgelation, vitrine boulangerie, reparation',''),(4,3,'','Shop powered by PrestaShop','tienda, prestashop',''),(4,4,'','Shop powered by PrestaShop','Shop, prestashop',''),(4,5,'','Negozio powered by PrestaShop','negozio, prestashop',''),(5,1,'Manufacturers','Manufacturers list','manufacturer','manufacturers'),(5,2,'Fabricants','Liste de nos fabricants','fabricants','fabricants'),(5,3,'Fabricantes','Lista de Fabricantes','fabricantes','fabricantes'),(5,4,'Hersteller','Herstellerliste','Hersteller','hersteller'),(5,5,'Produttori','Elenco produttori','produttore','produttori'),(6,1,'New products','Our new products','new, products','new-products'),(6,2,'Nouveaux produits','Liste de nos nouveaux produits','nouveau, produit','nouveaux-produits'),(6,3,'Nuevos Productos','Lista de nuestros nuevos productos','nuevo, productos','nuevos-productos'),(6,4,'Neue Produkte','Unsere neuen Produkte','neu, Produkte','neue-Produkte'),(6,5,'Nuovi prodotti','I nostri nuovi prodotti','nuovi, prodotti','nuovi-prodotti'),(7,1,'Forgot your password','Enter your e-mail address used to register in goal to get e-mail with your new password','forgot, password, e-mail, new, reset','password-recovery'),(7,2,'Mot de passe oublié','Renseignez votre adresse e-mail afin de recevoir votre nouveau mot de passe.','mot de passe, oublié, e-mail, nouveau, regénération','mot-de-passe-oublie'),(7,3,'Olvidaste tu contraseña','Ingrese su dirección de correo electrónico para recibir su nueva contraseña.','contraseña, has olvidado, e-mail, nuevo, regeneración','contrasena-olvidado'),(7,4,'Kennwort vergessen','Geben Sie die E-Mailadresse ein, die Sie zum Einloggen benutzen, damit Sie eine E-Mail mit dem neuen Kennwort erhalt','vergessen, Kennwort, E-Mail, neu, Reset','kennwort-wiederherstellung'),(7,5,'Hai dimenticato la password','Inserisci l\'indirizzo e-mail usato per registrarti per poter ottenere una e-mail with con la tua nuova password','dimenticato, password, e-mail, nuovo, reset','password-recupero'),(8,1,'Prices drop','Our special products','special, prices drop','prices-drop'),(8,2,'Promotions','Nos produits en promotion','promotion, réduction','promotions'),(8,3,'Promociones','Nuestros productos promocionales','promoción, reducción','promocion'),(8,4,'Angebote','Unsere Sonderangebote','besonders, Angebote','angebote'),(8,5,'Riduzioni prezzi','I nostri prodotti speciali','speciali, riduzione prezzi','riduzione-prezzi'),(9,1,'Sitemap','Lost ? Find what your are looking for','sitemap','sitemap'),(9,2,'Plan du site','Perdu ? Trouvez ce que vous cherchez','plan, site','plan-du-site'),(9,3,'Mapa del sitio','¿Perdido? Encuentra lo que buscas','plan, sitio','mapa-del-sitio'),(9,4,'Sitemap','Verloren? Finden Sie, was Sie suchen','sitemap','sitemap'),(9,5,'Mappa del sito','Ti sei perso? Trova quello che stai cercando','sitemap','sitemap'),(10,1,'Suppliers','Suppliers list','supplier','supplier'),(10,2,'Fournisseurs','Liste de nos fournisseurs','fournisseurs','fournisseurs'),(10,3,'Proveedores','Lista de Proveedores','proveedores','proveedores'),(10,4,'Zulieferer','Zuliefererliste','Zulieferer','zulieferer'),(10,5,'Fornitori','Elenco fornitori','fornitori','fornitore'),(11,1,'Address','','','address'),(11,2,'Adresse','','','adresse'),(11,3,'Dirección','','','direccion'),(11,4,'Adresse','','','adresse'),(11,5,'Indirizzo','','','indirizzo'),(12,1,'Addresses','','','addresses'),(12,2,'Adresses','','','adresses'),(12,3,'Direcciones','','','direcciones'),(12,4,'Adressen','','','adressen'),(12,5,'Indirizzi','','','indirizzi'),(13,1,'Authentication','','','authentication'),(13,2,'Authentification','','','authentification'),(13,3,'Autenticación','','','autenticacion'),(13,4,'Authentifizierung','','','authentifizierung'),(13,5,'Autenticazione','','','autenticazione'),(14,1,'Cart','','','cart'),(14,2,'Panier','','','panier'),(14,3,'Carro de la compra','','','carro-de-la-compra'),(14,4,'Warenkorb','','','warenkorb'),(14,5,'Carrello','','','carrello'),(15,1,'Discount','','','discount'),(15,2,'Bons de réduction','','','bons-de-reduction'),(15,3,'Descuento','','','descuento'),(15,4,'Discount','','','discount'),(15,5,'Sconto','','','sconto'),(16,1,'Order history','','','order-history'),(16,2,'Historique des commandes','','','historique-des-commandes'),(16,3,'Historial de pedidos','','','historial-de-pedidos'),(16,4,'Bestellungsverlauf','','','bestellungsverlauf'),(16,5,'Storico ordine','','','storico-ordine'),(17,1,'Identity','','','identity'),(17,2,'Identité','','','identite'),(17,3,'Identidad','','','identidad'),(17,4,'Kennung','','','kennung'),(17,5,'Identità','','','identita'),(18,1,'My account','','','my-account'),(18,2,'Mon compte','','','mon-compte'),(18,3,'Mi Cuenta','','','mi-cuenta'),(18,4,'Mein Konto','','','mein-Konto'),(18,5,'Il mio account','','','il-mio-account'),(19,1,'Order follow','','','order-follow'),(19,2,'Détails de la commande','','','details-de-la-commande'),(19,3,'Devolución de productos','','','devolucion-de-productos'),(19,4,'Bestellungsverfolgung','','','bestellungsverfolgung'),(19,5,'Seguito ordine','','','seguito-ordine'),(20,1,'Order slip','','','order-slip'),(20,2,'Avoirs','','','avoirs'),(20,3,'Vales','','','vales'),(20,4,'Bestellschein','','','bestellschein'),(20,5,'Nota di ordine','','','nota-di-ordine'),(21,1,'Order','','','order'),(21,2,'Commande','','','commande'),(21,3,'Carrito','','','carrito'),(21,4,'Bestellung','','','bestellung'),(21,5,'Ordine','','','ordine'),(22,1,'Search','','','search'),(22,2,'Recherche','','','recherche'),(22,3,'Buscar','','','buscar'),(22,4,'Suche','','','suche'),(22,5,'Cerca','','','cerca'),(23,1,'Stores','','','stores'),(23,2,'Magasins','','','magasins'),(23,3,'Tiendas','','','tiendas'),(23,4,'Shops','','','shops'),(23,5,'Negozi','','','negozi'),(24,1,'Order','','','quick-order'),(24,2,'Commande','','','commande-rapide'),(24,3,'Carrito','','','pedido-rapido'),(24,4,'Bestellung','','','schnell-bestellung'),(24,5,'Ordine','','','ordine-veloce'),(25,1,'Guest tracking','','','guest-tracking'),(25,2,'Suivi de commande invité','','','suivi-commande-invite'),(25,3,'Estado del pedido','','','estado-pedido'),(25,4,'Auftragsverfolgung Gast','','','auftragsverfolgung-gast'),(25,5,'Ospite di monitoraggio','','','ospite-monitoraggio');

--
-- Table structure for table `ps_module`
--

CREATE TABLE `ps_module` (
  `id_module` int(10) unsigned NOT NULL AUTO_INCREMENT,
  `name` varchar(64) NOT NULL,
  `active` tinyint(1) unsigned NOT NULL DEFAULT '0',
  PRIMARY KEY (`id_module`),
  KEY `name` (`name`)
) ENGINE=InnoDB AUTO_INCREMENT=153 DEFAULT CHARSET=utf8;

--
-- Dumping data for table `ps_module`
--

INSERT INTO `ps_module` VALUES (3,'gsitemap',1),(4,'blockadvertising',0),(5,'mailalerts',1),(7,'watermark',0),(8,'blockspecialscarroussel',1),(10,'pss_newssubscribers',1),(11,'bankwire',1),(12,'pagesnotfound',1),(13,'sekeywords',1),(15,'blockcms',1),(16,'blocklayered',0),(17,'blockmanufacturer',0),(19,'blocknewproducts',1),(20,'blocknewsletter',0),(22,'blockstore',0),(25,'blockviewed',0),(26,'domblockimage',1),(27,'domfacebooklike',0),(28,'domgoogleone',1),(29,'editorial',1),(30,'productcomments',1),(32,'multiexport',1),(36,'googleshopping',1),(38,'olcmodiffooter',1),(41,'blockpermanentlinks',0),(44,'changebackground',0),(46,'goodrelations',1),(47,'jc_freeblock2',0),(48,'blockmyaccount',1),(49,'blockuserinfo',1),(52,'mobile_theme',0),(53,'tntcarrier',0),(56,'abcd_cmcic30',1),(58,'upscarrier',0),(59,'themeinstallator',1),(60,'blocksharefb',1),(68,'blocksocial',0),(69,'blockreinsurance',0),(70,'homefeatured',0),(72,'blockcurrencies',0),(73,'blocklanguages',1),(74,'blockpaymentlogo',1),(75,'statsdata',1),(76,'blocklink',0),(77,'blocksupplier',0),(78,'feeder',0),(79,'crossselling',0),(80,'productscategory',0),(81,'vatnumber',1),(87,'blocktopmenu',0),(90,'blockbestsellers2',0),(92,'blockpermanentlinks2',0),(93,'sendtoafriend2',1),(94,'blockcategories',1),(95,'gridhtml',1),(98,'blocktags',0),(105,'footer',0),(107,'newsletteradmin',1),(108,'paypal',0),(109,'ddlx_share',1),(110,'ddlx_creator',1),(111,'ddlx_featured',1),(113,'ddlx_xtreme_footer',1),(114,'jbx_menu',1),(116,'ddlx_manufacturers',0),(117,'ddlx_nav_bar',0),(118,'blockbestsellers',1),(119,'homeslider',0),(121,'sendtoafriend',0),(122,'ukoo_cleaner',1),(126,'ddlx_homepage',0),(129,'blockcart',1),(130,'blockcart2',0),(131,'blockspecials',1),(135,'arte_cmcic30',1),(137,'blocksearch',1),(138,'domblockimage2',1),(139,'domblockimage3',0),(140,'domblockimage4',1),(141,'slider_columns',1),(143,'uecookie',1),(144,'securitypatch',1),(145,'slider',0),(146,'pss_slideshow',0),(148,'ddlx_new_slider',1),(149,'autoupgrade',1),(150,'backwardcompatibility',1),(151,'ganalytics',1),(152,'gadwords',1);

--
-- Table structure for table `ps_module_country`
--

CREATE TABLE `ps_module_country` (
  `id_module` int(10) unsigned NOT NULL,
  `id_country` int(10) unsigned NOT NULL,
  PRIMARY KEY (`id_module`,`id_country`)
) ENGINE=InnoDB DEFAULT CHARSET=utf8;

--
-- Dumping data for table `ps_module_country`
--

INSERT INTO `ps_module_country` VALUES (11,8),(56,1),(56,8),(108,8),(135,8);

--
-- Table structure for table `ps_module_currency`
--

CREATE TABLE `ps_module_currency` (
  `id_module` int(10) unsigned NOT NULL,
  `id_currency` int(11) NOT NULL,
  PRIMARY KEY (`id_module`,`id_currency`),
  KEY `id_module` (`id_module`)
) ENGINE=InnoDB DEFAULT CHARSET=utf8;

--
-- Dumping data for table `ps_module_currency`
--

INSERT INTO `ps_module_currency` VALUES (11,1),(108,-2),(135,1),(135,2),(135,3);

--
-- Table structure for table `ps_module_group`
--

CREATE TABLE `ps_module_group` (
  `id_module` int(10) unsigned NOT NULL,
  `id_group` int(11) unsigned NOT NULL,
  PRIMARY KEY (`id_module`,`id_group`)
) ENGINE=InnoDB DEFAULT CHARSET=utf8;

--
-- Dumping data for table `ps_module_group`
--

INSERT INTO `ps_module_group` VALUES (11,1),(56,1),(108,1),(135,1);

--
-- Table structure for table `ps_newsletter`
--

CREATE TABLE `ps_newsletter` (
  `id` int(6) NOT NULL AUTO_INCREMENT,
  `email` varchar(255) NOT NULL,
  `newsletter_date_add` datetime DEFAULT NULL,
  `ip_registration_newsletter` varchar(15) NOT NULL,
  `http_referer` varchar(255) DEFAULT NULL,
  PRIMARY KEY (`id`)
) ENGINE=InnoDB AUTO_INCREMENT=2463 DEFAULT CHARSET=utf8;

--
-- Dumping data for table `ps_newsletter`
--

INSERT INTO `ps_newsletter` VALUES (1309,'06yan@live.fr','2013-01-02 16:19:10','127.0.0.1',''),(1310,'a_propos@orange.fr','2013-01-02 16:19:10','127.0.0.1',''),(1311,'abrial-restaurant@hotmail.fr','2013-01-02 16:19:10','127.0.0.1',''),(1312,'achat@jean-perrin.com','2013-01-02 16:19:10','127.0.0.1',''),(1313,'achat-saphir@fr.oleane.com','2013-01-02 16:19:10','127.0.0.1',''),(1314,'actipole@miliscafe.fr','2013-01-02 16:19:10','127.0.0.1',''),(1315,'administratif@lepotagerdeshalles.com','2013-01-02 16:19:10','127.0.0.1',''),(1316,'adresse.sonia@hotmail.fr','2013-01-02 16:19:10','127.0.0.1',''),(1318,'aingphek@hotmail.fr','2013-01-02 16:19:10','127.0.0.1',''),(1319,'aix@lepicerie.pro','2013-01-02 16:19:10','127.0.0.1',''),(1321,'alain.boutin@orange.fr','2013-01-02 16:19:10','127.0.0.1',''),(1322,'alambert73@live.fr','2013-01-02 16:19:10','127.0.0.1',''),(1323,'alavilledebale@sfr.fr','2013-01-02 16:19:10','127.0.0.1',''),(1324,'alexis.b742@gmail.com','2013-01-02 16:19:10','127.0.0.1',''),(1325,'allardbern@free.fr','2013-01-02 16:19:10','127.0.0.1',''),(1326,'almibra@wanadoo.fr','2013-01-02 16:19:10','127.0.0.1',''),(1327,'alpescevennes@laposte.net','2013-01-02 16:19:10','127.0.0.1',''),(1328,'anisetcanisses@orange.fr','2013-01-02 16:19:10','127.0.0.1',''),(1329,'antidote@wanadoo.fr','2013-01-02 16:19:10','127.0.0.1',''),(1330,'antiquaire2@orange.fr','2013-01-02 16:19:10','127.0.0.1',''),(1331,'antonio.sarto@sfr.fr','2013-01-02 16:19:10','127.0.0.1',''),(1332,'argenson2@wanadoo.fr','2013-01-02 16:19:10','127.0.0.1',''),(1333,'arnauldmarrel@eleven-lyon.fr','2013-01-02 16:19:10','127.0.0.1',''),(1334,'arriere-pays-59@orange.fr','2013-01-02 16:19:10','127.0.0.1',''),(1335,'artisanculinaire@closdessens.com','2013-01-02 16:19:10','127.0.0.1',''),(1336,'atelier.alain@gmail.com','2013-01-02 16:19:10','127.0.0.1',''),(1337,'atelier.mandarine@wanadoo.fr','2013-01-02 16:19:10','127.0.0.1',''),(1338,'atelier-cousin@fr.oleane.com','2013-01-02 16:19:10','127.0.0.1',''),(1339,'atlantis-brasserie@live.fr','2013-01-02 16:19:10','127.0.0.1',''),(1340,'auberge.labrevenne@wanadoo.fr','2013-01-02 16:19:10','127.0.0.1',''),(1341,'aucoqdor@laposte.net','2013-01-02 16:19:10','127.0.0.1',''),(1342,'aude-marielegueziec@hotmail.fr','2013-01-02 16:19:10','127.0.0.1',''),(1343,'audiabledesplaisirs@orange.fr','2013-01-02 16:19:10','127.0.0.1',''),(1344,'aupetitbouchon-chezgeorges@orange.fr','2013-01-02 16:19:10','127.0.0.1',''),(1345,'aupetitgari@club-internet.fr','2013-01-02 16:19:10','127.0.0.1',''),(1346,'auquaiduwault@orange.fr','2013-01-02 16:19:10','127.0.0.1',''),(1347,'aureleloup@hotmail.fr','2013-01-02 16:19:10','127.0.0.1',''),(1348,'aurelie.difredo@gmail.com','2013-01-02 16:19:10','127.0.0.1',''),(1349,'autreinstant@gmail.com','2013-01-02 16:19:10','127.0.0.1',''),(1350,'auvieuxlouis@orange.fr','2013-01-02 16:19:10','127.0.0.1',''),(1351,'auvilainpetitcanard@gmail.com','2013-01-02 16:19:10','127.0.0.1',''),(1352,'auxmillesaveurs@wanadoo.fr','2013-01-02 16:19:10','127.0.0.1',''),(1353,'aziz.boutyebi@free.fr','2013-01-02 16:19:10','127.0.0.1',''),(1354,'babayaga.resto@gmail.com','2013-01-02 16:19:10','127.0.0.1',''),(1355,'bac37@orange.fr','2013-01-02 16:19:10','127.0.0.1',''),(1356,'bacconnier.cynthia@live.fr','2013-01-02 16:19:10','127.0.0.1',''),(1357,'barbara.duvillard@wanadoo.fr','2013-01-02 16:19:10','127.0.0.1',''),(1358,'bastide48-restaurant@hotmail.fr','2013-01-02 16:19:10','127.0.0.1',''),(1360,'bentoka@hotmail.fr','2013-01-02 16:19:10','127.0.0.1',''),(1361,'bernard.constantin@larivoire.com','2013-01-02 16:19:10','127.0.0.1',''),(1362,'bernardvuillermet@yahoo.fr','2013-01-02 16:19:10','127.0.0.1',''),(1363,'betty.lapecherie@yahoo.fr','2013-01-02 16:19:10','127.0.0.1',''),(1364,'bienetbon@free.fr','2013-01-02 16:19:10','127.0.0.1',''),(1365,'bigapplecoffee@yahoo.fr','2013-01-02 16:19:10','127.0.0.1',''),(1366,'bistro44@live.fr','2013-01-02 16:19:10','127.0.0.1',''),(1367,'bistrodurhone@wanadoo.fr','2013-01-02 16:19:10','127.0.0.1',''),(1368,'bistrolatin@gmail.com','2013-01-02 16:19:10','127.0.0.1',''),(1369,'bistromartine@gmail.com','2013-01-02 16:19:10','127.0.0.1',''),(1370,'bistrorossini@hotmail.fr','2013-01-02 16:19:10','127.0.0.1',''),(1371,'bistrotdemontchat@gmail.com','2013-01-02 16:19:10','127.0.0.1',''),(1372,'bistrot-hallettes@prestor.fr','2013-01-02 16:19:10','127.0.0.1',''),(1373,'blueladypub@yahoo.fr','2013-01-02 16:19:10','127.0.0.1',''),(1374,'bobane69@hotmail.com','2013-01-02 16:19:10','127.0.0.1',''),(1375,'bogoland@orange.fr','2013-01-02 16:19:10','127.0.0.1',''),(1376,'bouchon.de.l.opera@orange.fr','2013-01-02 16:19:10','127.0.0.1',''),(1377,'boudard.marie-helene@wanadoo.fr','2013-01-02 16:19:10','127.0.0.1',''),(1378,'boudoir@1741.fr','2013-01-02 16:19:10','127.0.0.1',''),(1379,'brasserie.edgar@orange.fr','2013-01-02 16:19:10','127.0.0.1',''),(1380,'brasserie.gambetta@orange.fr','2013-01-02 16:19:10','127.0.0.1',''),(1381,'brasserie.jeanlamour@wanadoo.fr','2013-01-02 16:19:10','127.0.0.1',''),(1382,'brasserielemask@gmail.com','2013-01-02 16:19:10','127.0.0.1',''),(1383,'brasserieparc@orange.fr','2013-01-02 16:19:10','127.0.0.1',''),(1384,'brasseriepaul@wanadoo.fr','2013-01-02 16:19:10','127.0.0.1',''),(1385,'brithotel17@wanadoo.fr','2013-01-02 16:19:10','127.0.0.1',''),(1386,'bruno.ballureau@brasserie-institut.fr','2013-01-02 16:19:10','127.0.0.1',''),(1387,'bruno-mallet@wanadoo.fr','2013-01-02 16:19:10','127.0.0.1',''),(1388,'burdin.f@orange.fr','2013-01-02 16:19:10','127.0.0.1',''),(1389,'caby@auberge-napoleon.fr','2013-01-02 16:19:10','127.0.0.1',''),(1390,'cafe.estello@orange.fr','2013-01-02 16:19:10','127.0.0.1',''),(1391,'cafe.mancel@orange.fr','2013-01-02 16:19:10','127.0.0.1',''),(1392,'cafecurieux@gmail.com','2013-01-02 16:19:10','127.0.0.1',''),(1394,'cafesaintantoine@gmail.com','2013-01-02 16:19:10','127.0.0.1',''),(1395,'caffe-roma@wanadoo.fr','2013-01-02 16:19:10','127.0.0.1',''),(1396,'calife@calife.com','2013-01-02 16:19:10','127.0.0.1',''),(1397,'californiamarket@orange.fr','2013-01-02 16:19:10','127.0.0.1',''),(1398,'campocaffe@free.fr','2013-01-02 16:19:10','127.0.0.1',''),(1399,'cannes@lebivi.com','2013-01-02 16:19:10','127.0.0.1',''),(1400,'cantinedp@gmail.com','2013-01-02 16:19:10','127.0.0.1',''),(1401,'capsud865@wanadoo.fr','2013-01-02 16:19:10','127.0.0.1',''),(1402,'caroarcos@free.fr','2013-01-02 16:19:10','127.0.0.1',''),(1403,'carpentier.christophe@orange.fr','2013-01-02 16:19:10','127.0.0.1',''),(1404,'casadalie@yahoo.fr','2013-01-02 16:19:10','127.0.0.1',''),(1405,'castel@brithotel.fr','2013-01-02 16:19:10','127.0.0.1',''),(1406,'catherinepainsmain@yahoo.fr','2013-01-02 16:19:10','127.0.0.1',''),(1407,'causinconte@gmail.com','2013-01-02 16:19:10','127.0.0.1',''),(1408,'caviarpourlesautres@gmail.com','2013-01-02 16:19:10','127.0.0.1',''),(1409,'cchollat2@yahoo.fr','2013-01-02 16:19:10','127.0.0.1',''),(1410,'cdumont@mezzodipasta.com','2013-01-02 16:19:10','127.0.0.1',''),(1411,'cedric.dimier@sfr.fr','2013-01-02 16:19:10','127.0.0.1',''),(1412,'cedric@lestrass.net','2013-01-02 16:19:10','127.0.0.1',''),(1413,'chaillou.alexis@free.fr','2013-01-02 16:19:10','127.0.0.1',''),(1414,'chaletfleury@orange.fr','2013-01-02 16:19:10','127.0.0.1',''),(1415,'chaponmf@free.fr','2013-01-02 16:19:10','127.0.0.1',''),(1416,'charlydub@yahoo.fr','2013-01-02 16:19:10','127.0.0.1',''),(1417,'chef.ile@grandesetapes.fr','2013-01-02 16:19:10','127.0.0.1',''),(1418,'chef@lesnegociants.com','2013-01-02 16:19:10','127.0.0.1',''),(1419,'chef@playfood.fr','2013-01-02 16:19:10','127.0.0.1',''),(1420,'chez.alex@club-internet.fr','2013-01-02 16:19:10','127.0.0.1',''),(1421,'chez.le.pergras@wanadoo.fr','2013-01-02 16:19:10','127.0.0.1',''),(1422,'chezhenri@live.fr','2013-01-02 16:19:10','127.0.0.1',''),(1423,'chezmaxime@restaurant-chezmaxime.com','2013-01-02 16:19:10','127.0.0.1',''),(1424,'cheztoinette@hotmail.fr','2013-01-02 16:19:10','127.0.0.1',''),(1425,'christian06150@hotmail.fr','2013-01-02 16:19:10','127.0.0.1',''),(1426,'christianpoulet.lesbarjots@orange.fr','2013-01-02 16:19:10','127.0.0.1',''),(1427,'christine_mary@hotmail.fr','2013-01-02 16:19:10','127.0.0.1',''),(1428,'chukos@hotmail.fr','2013-01-02 16:19:10','127.0.0.1',''),(1429,'cintra.aix@gmail.com','2013-01-02 16:19:10','127.0.0.1',''),(1430,'claude.jacques.4@orange.fr','2013-01-02 16:19:10','127.0.0.1',''),(1431,'coinrepas@hotmail.com','2013-01-02 16:19:10','127.0.0.1',''),(1432,'colette.serfaty@gmail.com','2013-01-02 16:19:10','127.0.0.1',''),(1433,'commercial.babylon@gmail.com','2013-01-02 16:19:10','127.0.0.1',''),(1434,'commercial@hoteleuropole.com','2013-01-02 16:19:10','127.0.0.1',''),(1435,'contact.eveche@free.fr','2013-01-02 16:19:10','127.0.0.1',''),(1436,'contact@12heures.com','2013-01-02 16:19:10','127.0.0.1',''),(1437,'contact@assiettedumarche.com','2013-01-02 16:19:10','127.0.0.1',''),(1438,'contact@aux-3-maries.fr','2013-01-02 16:19:10','127.0.0.1',''),(1439,'contact@bonbonniereantiboise.com','2013-01-02 16:19:10','127.0.0.1',''),(1441,'contact@cabiron.com','2013-01-02 16:19:10','127.0.0.1',''),(1442,'contact@cafejuliette.com','2013-01-02 16:19:10','127.0.0.1',''),(1443,'contact@carteblanche-dijon.com','2013-01-02 16:19:10','127.0.0.1',''),(1444,'contact@chapeau-rouge.fr','2013-01-02 16:19:10','127.0.0.1',''),(1445,'contact@chapon-fin.com','2013-01-02 16:19:10','127.0.0.1',''),(1446,'contact@chateaudelapioline.com','2013-01-02 16:19:10','127.0.0.1',''),(1447,'contact@chateaudelatourdesalvagny.com','2013-01-02 16:19:10','127.0.0.1',''),(1448,'contact@chocolats-bouvier.fr','2013-01-02 16:19:10','127.0.0.1',''),(1449,'contact@clos-chaponost.com','2013-01-02 16:19:10','127.0.0.1',''),(1450,'contact@closdeslys.com','2013-01-02 16:19:10','127.0.0.1',''),(1451,'contact@closdesoliviers.fr','2013-01-02 16:19:10','127.0.0.1',''),(1452,'contact@comptoirdelagastronomie.com','2013-01-02 16:19:10','127.0.0.1',''),(1453,'contact@coubyscafe.com','2013-01-02 16:19:10','127.0.0.1',''),(1454,'contact@delecto.fr','2013-01-02 16:19:10','127.0.0.1',''),(1455,'contact@domaine-de-clairefontaine.fr','2013-01-02 16:19:10','127.0.0.1',''),(1456,'contact@eskis-restaurant.com','2013-01-02 16:19:10','127.0.0.1',''),(1457,'contact@heureuxcommealexandre.com','2013-01-02 16:19:10','127.0.0.1',''),(1458,'contact@hotel-arceau.com','2013-01-02 16:19:10','127.0.0.1',''),(1459,'contact@hotel-restaurant-charles.com','2013-01-02 16:19:10','127.0.0.1',''),(1460,'contact@hotel-univers-reims.com','2013-01-02 16:19:10','127.0.0.1',''),(1461,'contact@ilviaggio.fr','2013-01-02 16:19:10','127.0.0.1',''),(1462,'contact@jardindessens.com','2013-01-02 16:19:10','127.0.0.1',''),(1463,'contact@kokot.fr','2013-01-02 16:19:10','127.0.0.1',''),(1464,'contact@lacaveauxfioles.com','2013-01-02 16:19:10','127.0.0.1',''),(1465,'contact@lafauceille.com','2013-01-02 16:19:10','127.0.0.1',''),(1466,'contact@lalliancedesplaisirs.fr','2013-01-02 16:19:10','127.0.0.1',''),(1467,'contact@lamado-aix.com','2013-01-02 16:19:10','127.0.0.1',''),(1468,'contact@lantidote-christopheferre.fr','2013-01-02 16:19:10','127.0.0.1',''),(1469,'contact@lapizzapapa.com','2013-01-02 16:19:10','127.0.0.1',''),(1470,'contact@laremanence.fr','2013-01-02 16:19:10','127.0.0.1',''),(1471,'contact@latomateverte.com','2013-01-02 16:19:10','127.0.0.1',''),(1472,'contact@lavignette.fr','2013-01-02 16:19:10','127.0.0.1',''),(1473,'contact@lbd4c.com','2013-01-02 16:19:10','127.0.0.1',''),(1474,'contact@le5.fr','2013-01-02 16:19:10','127.0.0.1',''),(1475,'contact@lechemise.fr','2013-01-02 16:19:10','127.0.0.1',''),(1476,'contact@lecompostelle.fr','2013-01-02 16:19:10','127.0.0.1',''),(1477,'contact@le-grand-large.fr','2013-01-02 16:19:10','127.0.0.1',''),(1478,'contact@legruber.com','2013-01-02 16:19:10','127.0.0.1',''),(1479,'contact@lemachonlyonnais.com','2013-01-02 16:19:10','127.0.0.1',''),(1480,'contact@lemasbottero.com','2013-01-02 16:19:10','127.0.0.1',''),(1481,'contact@lemusigny.fr','2013-01-02 16:19:10','127.0.0.1',''),(1482,'contact@leparasol.com','2013-01-02 16:19:10','127.0.0.1',''),(1483,'contact@lepetitbacchus.com','2013-01-02 16:19:10','127.0.0.1',''),(1484,'contact@le-petit-bordelais.com','2013-01-02 16:19:10','127.0.0.1',''),(1485,'contact@le-piccolino.fr','2013-01-02 16:19:10','127.0.0.1',''),(1486,'contact@lepreporus.com','2013-01-02 16:19:10','127.0.0.1',''),(1487,'contact@les2mas.com','2013-01-02 16:19:10','127.0.0.1',''),(1488,'contact@lesagapes-nantes.fr','2013-01-02 16:19:10','127.0.0.1',''),(1489,'contact@lesarchives.fr','2013-01-02 16:19:10','127.0.0.1',''),(1490,'contact@le-smart.com','2013-01-02 16:19:10','127.0.0.1',''),(1491,'contact@lesmetsdeprovence.com','2013-01-02 16:19:10','127.0.0.1',''),(1492,'contact@les-pissenlits.com','2013-01-02 16:19:10','127.0.0.1',''),(1493,'contact@letage-nantes.com','2013-01-02 16:19:10','127.0.0.1',''),(1494,'contact@maitre-boeuf.fr','2013-01-02 16:19:10','127.0.0.1',''),(1495,'contact@manoir.net','2013-01-02 16:19:10','127.0.0.1',''),(1496,'contact@miramar-plage.fr','2013-01-02 16:19:10','127.0.0.1',''),(1497,'contact@nadoapebar.com','2013-01-02 16:19:10','127.0.0.1',''),(1498,'contact@nullepierreailleurs.com','2013-01-02 16:19:10','127.0.0.1',''),(1499,'contact@ofildeleau.com','2013-01-02 16:19:10','127.0.0.1',''),(1500,'contact@panevino.fr','2013-01-02 16:19:10','127.0.0.1',''),(1501,'contact@pennarun-lebihan.com','2013-01-02 16:19:10','127.0.0.1',''),(1502,'contact@pizzavalentino.com','2013-01-02 16:19:10','127.0.0.1',''),(1503,'contact@plage-cannes-beach.com','2013-01-02 16:19:10','127.0.0.1',''),(1505,'contact@restaurantflair.com','2013-01-02 16:19:10','127.0.0.1',''),(1506,'contact@restaurant-india.fr','2013-01-02 16:19:10','127.0.0.1',''),(1507,'contact@restaurant-lapartdesanges.com','2013-01-02 16:19:10','127.0.0.1',''),(1509,'contact@restaurantlescharmes.fr','2013-01-02 16:19:10','127.0.0.1',''),(1510,'contact@restaurant-monsieurjean.fr','2013-01-02 16:19:10','127.0.0.1',''),(1511,'contact@restaurantpasco.com','2013-01-02 16:19:10','127.0.0.1',''),(1512,'contact@resto-petitours.fr','2013-01-02 16:19:10','127.0.0.1',''),(1513,'contact@sainterussie.fr','2013-01-02 16:19:10','127.0.0.1',''),(1514,'contact@tavernedelamarine.fr','2013-01-02 16:19:10','127.0.0.1',''),(1515,'contact@thefreesbea.com','2013-01-02 16:19:10','127.0.0.1',''),(1516,'contact@tours-rivegauche.com','2013-01-02 16:19:10','127.0.0.1',''),(1517,'contact@trinquefougasse.com','2013-01-02 16:19:10','127.0.0.1',''),(1518,'contact@vegaluna.fr','2013-01-02 16:19:10','127.0.0.1',''),(1519,'contact@verger-des-chateaux.fr','2013-01-02 16:19:10','127.0.0.1',''),(1520,'contact@vertigo-restaurant.com','2013-01-02 16:19:10','127.0.0.1',''),(1521,'contact@viaristorante.com','2013-01-02 16:19:10','127.0.0.1',''),(1522,'contact@villa-duflot.com','2013-01-02 16:19:10','127.0.0.1',''),(1523,'contact44@a-cantina.fr','2013-01-02 16:19:10','127.0.0.1',''),(1524,'contresens74@gmail.com','2013-01-02 16:19:10','127.0.0.1',''),(1525,'corinne.gargari@neuf.fr','2013-01-02 16:19:10','127.0.0.1',''),(1526,'corinne.poussier@wanadoo.fr','2013-01-02 16:19:10','127.0.0.1',''),(1527,'corne.daurochs@bbox.fr','2013-01-02 16:19:10','127.0.0.1',''),(1528,'courrier@lecarlotta.fr','2013-01-02 16:19:10','127.0.0.1',''),(1529,'creperieduvieuxbeffroi@orange.fr','2013-01-02 16:19:10','127.0.0.1',''),(1530,'ctourniaire@yahoo.fr','2013-01-02 16:19:10','127.0.0.1',''),(1531,'cuisine@petit-jardin.com','2013-01-02 16:19:10','127.0.0.1',''),(1532,'cyrel38@yahoo.fr','2013-01-02 16:19:10','127.0.0.1',''),(1533,'d.boureux@dbmail.com','2013-01-02 16:19:10','127.0.0.1',''),(1535,'da-annamaria@orange.fr','2013-01-02 16:19:10','127.0.0.1',''),(1536,'damaty_danton@bbox.fr','2013-01-02 16:19:10','127.0.0.1',''),(1537,'dame.aquitaine@wanadoo.fr','2013-01-02 16:19:10','127.0.0.1',''),(1538,'damiensibert@yahoo.fr','2013-01-02 16:19:10','127.0.0.1',''),(1539,'daniel.massias@sfr.fr','2013-01-02 16:19:10','127.0.0.1',''),(1541,'david@restaurantlatulipe.com','2013-01-02 16:19:10','127.0.0.1',''),(1542,'davidzuddas@sfr.fr','2013-01-02 16:19:10','127.0.0.1',''),(1543,'deladela@orange.fr','2013-01-02 16:19:10','127.0.0.1',''),(1544,'delporte.ludovic@free.fr','2013-01-02 16:19:10','127.0.0.1',''),(1545,'delprat@le-yucca.com','2013-01-02 16:19:10','127.0.0.1',''),(1547,'didier34mtp@hotmail.fr','2013-01-02 16:19:10','127.0.0.1',''),(1548,'difaziotiberio@hotmail.fr','2013-01-02 16:19:10','127.0.0.1',''),(1549,'direction@hotelhermitagegantois.com','2013-01-02 16:19:10','127.0.0.1',''),(1550,'direction@lemasdesecureuils.com','2013-01-02 16:19:10','127.0.0.1',''),(1551,'dl.schab@numericable.fr','2013-01-02 16:19:10','127.0.0.1',''),(1552,'dlutrand@hotmail.fr','2013-01-02 16:19:10','127.0.0.1',''),(1553,'doucefrance3@wanadoo.fr','2013-01-02 16:19:10','127.0.0.1',''),(1554,'droledendroit@droledesite.fr','2013-01-02 16:19:10','127.0.0.1',''),(1555,'dtissot@villaflorentine.com','2013-01-02 16:19:10','127.0.0.1',''),(1556,'dubourg.thierry@wanadoo.fr','2013-01-02 16:19:10','127.0.0.1',''),(1557,'edithfournaire@hotmail.fr','2013-01-02 16:19:10','127.0.0.1',''),(1558,'eiffel.park@orange.fr','2013-01-02 16:19:10','127.0.0.1',''),(1559,'eliane.moulin@bbox.fr','2013-01-02 16:19:10','127.0.0.1',''),(1560,'elleixirbaravin@orange.fr','2013-01-02 16:19:10','127.0.0.1',''),(1561,'elofa13@hotmail.fr','2013-01-02 16:19:10','127.0.0.1',''),(1562,'entrecote.nantes@entrecote.fr','2013-01-02 16:19:10','127.0.0.1',''),(1563,'ernesto.salinas@sfr.fr','2013-01-02 16:19:10','127.0.0.1',''),(1564,'escale.point.ecoute@voila.fr','2013-01-02 16:19:10','127.0.0.1',''),(1565,'espritbistro@gmail.com','2013-01-02 16:19:10','127.0.0.1',''),(1566,'estherjulien66@hotmail.fr','2013-01-02 16:19:10','127.0.0.1',''),(1567,'f.jacob@bbox.fr','2013-01-02 16:19:10','127.0.0.1',''),(1569,'fabien-r13@hotmail.fr','2013-01-02 16:19:10','127.0.0.1',''),(1570,'fabrice.lemercier@clct.fr','2013-01-02 16:19:10','127.0.0.1',''),(1571,'fabriceamar@hotmail.fr','2013-01-02 16:19:10','127.0.0.1',''),(1572,'fdelpierre@live.fr','2013-01-02 16:19:10','127.0.0.1',''),(1573,'felix@brasseriefelix.com','2013-01-02 16:19:10','127.0.0.1',''),(1574,'florence.schaefer@dh-management.eu','2013-01-02 16:19:10','127.0.0.1',''),(1576,'fober@sfr.fr','2013-01-02 16:19:10','127.0.0.1',''),(1577,'foodblvd1@gmail.com','2013-01-02 16:19:10','127.0.0.1',''),(1578,'fr.niel@gmail.com','2013-01-02 16:19:10','127.0.0.1',''),(1579,'fr.putelat@wanadoo.fr','2013-01-02 16:19:10','127.0.0.1',''),(1580,'franck.jollet@sfr.fr','2013-01-02 16:19:10','127.0.0.1',''),(1581,'francoinfo@yahoo.fr','2013-01-02 16:19:10','127.0.0.1',''),(1582,'francoise.scalia@wanadoo.fr','2013-01-02 16:19:10','127.0.0.1',''),(1583,'fred_legoupil@hotmail.fr','2013-01-02 16:19:10','127.0.0.1',''),(1584,'fredetfred@yahoo.fr','2013-01-02 16:19:10','127.0.0.1',''),(1585,'fredocook@hotmail.fr','2013-01-02 16:19:10','127.0.0.1',''),(1586,'froukies@hotmail.fr','2013-01-02 16:19:10','127.0.0.1',''),(1587,'fvivierboudrier@orange.fr','2013-01-02 16:19:10','127.0.0.1',''),(1588,'g.nkd@free.fr','2013-01-02 16:19:10','127.0.0.1',''),(1589,'gamelle-et-timbale@hotmail.fr','2013-01-02 16:19:10','127.0.0.1',''),(1590,'gazzetta@orange.fr','2013-01-02 16:19:10','127.0.0.1',''),(1591,'gege-rb@hotmail.fr','2013-01-02 16:19:10','127.0.0.1',''),(1592,'gerland@jols.fr','2013-01-02 16:19:10','127.0.0.1',''),(1593,'germaintasselli@hotmail.fr','2013-01-02 16:19:10','127.0.0.1',''),(1594,'gillesmutel@lamaisondansleparc.com','2013-01-02 16:19:10','127.0.0.1',''),(1595,'gio.gab@voila.fr','2013-01-02 16:19:10','127.0.0.1',''),(1596,'grandhotel.val@wanadoo.fr','2013-01-02 16:19:10','127.0.0.1',''),(1597,'greg.jacquet@live.fr','2013-01-02 16:19:10','127.0.0.1',''),(1598,'gregory@bistro-toque.com','2013-01-02 16:19:10','127.0.0.1',''),(1599,'grenier.mike89@gmail.com','2013-01-02 16:19:10','127.0.0.1',''),(1600,'grenoble@flams.fr','2013-01-02 16:19:10','127.0.0.1',''),(1601,'guerraz.beatrice@yahoo.fr','2013-01-02 16:19:10','127.0.0.1',''),(1602,'guillermin.david@gmail.com','2013-01-02 16:19:10','127.0.0.1',''),(1603,'gurtlerhoft@wanadoo.fr','2013-01-02 16:19:10','127.0.0.1',''),(1604,'guy.lassausaie@wanadoo.fr','2013-01-02 16:19:10','127.0.0.1',''),(1605,'h.r.lesplatanes@wanadoo.fr','2013-01-02 16:19:10','127.0.0.1',''),(1606,'h2057-fb@accor.com','2013-01-02 16:19:10','127.0.0.1',''),(1607,'h2952-fb@accor.com','2013-01-02 16:19:10','127.0.0.1',''),(1608,'hamit154@hotmail.com','2013-01-02 16:19:10','127.0.0.1',''),(1609,'hassenbennekissa@gmail.com','2013-01-02 16:19:10','127.0.0.1',''),(1610,'hautepilais@wanadoo.fr','2013-01-02 16:19:10','127.0.0.1',''),(1611,'hci.b@hotmail.fr','2013-01-02 16:19:10','127.0.0.1',''),(1612,'henri.delmas@wanadoo.fr','2013-01-02 16:19:10','127.0.0.1',''),(1613,'heri.reims@orange.fr','2013-01-02 16:19:10','127.0.0.1',''),(1614,'herve.pichonnet@wanadoo.fr','2013-01-02 16:19:10','127.0.0.1',''),(1615,'herveadam@neuf.fr','2013-01-02 16:19:10','127.0.0.1',''),(1616,'hervecolin73@hotmail.fr','2013-01-02 16:19:10','127.0.0.1',''),(1617,'hiboucaillou@gmail.com','2013-01-02 16:19:10','127.0.0.1',''),(1618,'histoire2@gmail.com','2013-01-02 16:19:10','127.0.0.1',''),(1619,'homard.bleu@wanadoo.fr','2013-01-02 16:19:10','127.0.0.1',''),(1620,'hotel.chataigniers@free.fr','2013-01-02 16:19:10','127.0.0.1',''),(1621,'hotel.ecu@bbox.fr','2013-01-02 16:19:10','127.0.0.1',''),(1622,'hotel.lalevee@wanadoo.fr','2013-01-02 16:19:10','127.0.0.1',''),(1623,'hotel.lecommerce@gmail.com','2013-01-02 16:19:10','127.0.0.1',''),(1624,'hotel.lerivage@wanadoo.fr','2013-01-02 16:19:10','127.0.0.1',''),(1625,'hotel.mediterranee@wanadoo.fr','2013-01-02 16:19:10','127.0.0.1',''),(1626,'hotel@les-atlantes.com','2013-01-02 16:19:10','127.0.0.1',''),(1627,'hotelchaumette@wanadoo.fr','2013-01-02 16:19:10','127.0.0.1',''),(1628,'hotelclosfleuri@gmail.com','2013-01-02 16:19:10','127.0.0.1',''),(1629,'hoteldelatour@libertysurf.fr','2013-01-02 16:19:10','127.0.0.1',''),(1630,'hotel-europe3@wanadoo.fr','2013-01-02 16:19:10','127.0.0.1',''),(1631,'hotelfoncillon@orange.fr','2013-01-02 16:19:10','127.0.0.1',''),(1632,'hotelgranduc@wanadoo.fr','2013-01-02 16:19:10','127.0.0.1',''),(1633,'hotellacascade@wanadoo.fr','2013-01-02 16:19:10','127.0.0.1',''),(1634,'hotel-le-rupella@wanadoo.fr','2013-01-02 16:19:10','127.0.0.1',''),(1635,'hotel-restaurant.laragon@wanadoo.fr','2013-01-02 16:19:10','127.0.0.1',''),(1636,'hubalyon@hotmail.fr','2013-01-02 16:19:10','127.0.0.1',''),(1637,'hubert.philippe69@gmail.com','2013-01-02 16:19:10','127.0.0.1',''),(1638,'iledere-hot.port@wanadoo.fr','2013-01-02 16:19:10','127.0.0.1',''),(1639,'iletaitunefois.aix@gmail.com','2013-01-02 16:19:10','127.0.0.1',''),(1640,'iletaitunefoisannecy@gmail.com','2013-01-02 16:19:10','127.0.0.1',''),(1641,'info@abbayedelabussiere.fr','2013-01-02 16:19:10','127.0.0.1',''),(1642,'info@arquier.fr','2013-01-02 16:19:10','127.0.0.1',''),(1643,'info@bijouplagecannes.com','2013-01-02 16:19:10','127.0.0.1',''),(1645,'info@delarte.fr','2013-01-02 16:19:10','127.0.0.1',''),(1646,'info@hotel-anis.com','2013-01-02 16:19:10','127.0.0.1',''),(1647,'info@hotel-artea.com','2013-01-02 16:19:10','127.0.0.1',''),(1648,'info@hotel-de-bordeaux.com','2013-01-02 16:19:10','127.0.0.1',''),(1649,'info@hotel-thoronet.com','2013-01-02 16:19:10','127.0.0.1',''),(1650,'info@insolenza.fr','2013-01-02 16:19:10','127.0.0.1',''),(1651,'info@ix-nove.com','2013-01-02 16:19:10','127.0.0.1',''),(1652,'info@la-diligence.com','2013-01-02 16:19:10','127.0.0.1',''),(1653,'info@lagrange-restaurant.fr','2013-01-02 16:19:10','127.0.0.1',''),(1654,'info@lapalmea.com','2013-01-02 16:19:10','127.0.0.1',''),(1655,'info@lauthentic.com','2013-01-02 16:19:10','127.0.0.1',''),(1656,'info@lecapu.com','2013-01-02 16:19:10','127.0.0.1',''),(1657,'info@le-passage.com','2013-01-02 16:19:10','127.0.0.1',''),(1658,'info@le-passage.fr','2013-01-02 16:19:10','127.0.0.1',''),(1659,'info@lerelaisdugrandvenise.com','2013-01-02 16:19:10','127.0.0.1',''),(1660,'info@macmahon-restaurant.com','2013-01-02 16:19:10','127.0.0.1',''),(1661,'info@manoir-regate.com','2013-01-02 16:19:10','127.0.0.1',''),(1662,'info@orangerie.fr','2013-01-02 16:19:10','127.0.0.1',''),(1663,'info@pasta-cosi.com','2013-01-02 16:19:10','127.0.0.1',''),(1664,'info@pignolsaintececile.com','2013-01-02 16:19:10','127.0.0.1',''),(1665,'info@rado-plage.fr','2013-01-02 16:19:10','127.0.0.1',''),(1666,'info@rdlb.fr','2013-01-02 16:19:10','127.0.0.1',''),(1667,'info@re-hotel-ocean.com','2013-01-02 16:19:10','127.0.0.1',''),(1668,'info@restaurantlechalet.com','2013-01-02 16:19:10','127.0.0.1',''),(1669,'info@restaurant-marcopolo.fr','2013-01-02 16:19:10','127.0.0.1',''),(1670,'info@restaurant-thomas.com','2013-01-02 16:19:10','127.0.0.1',''),(1671,'info@sarao-restaurant.com','2013-01-02 16:19:10','127.0.0.1',''),(1672,'information@brasserie-flo.com','2013-01-02 16:19:10','127.0.0.1',''),(1673,'infos@auberge-provencale.com','2013-01-02 16:19:10','127.0.0.1',''),(1674,'isachris06@hotmail.fr','2013-01-02 16:19:10','127.0.0.1',''),(1675,'j.lemarie@lecoq-gadby.com','2013-01-02 16:19:10','127.0.0.1',''),(1676,'ja.serre@wanadoo.fr','2013-01-02 16:19:10','127.0.0.1',''),(1677,'jacques.altres@gmail.com','2013-01-02 16:19:10','127.0.0.1',''),(1678,'jacques@queenie.fr','2013-01-02 16:19:10','127.0.0.1',''),(1679,'jcetage@wanadoo.fr','2013-01-02 16:19:10','127.0.0.1',''),(1680,'jem06300@hotmail.com','2013-01-02 16:19:10','127.0.0.1',''),(1681,'jeremybra@free.fr','2013-01-02 16:19:10','127.0.0.1',''),(1682,'jf.baud@ellocafe.com','2013-01-02 16:19:10','127.0.0.1',''),(1683,'jlebreton@grand-hotel-cannes.com','2013-01-02 16:19:10','127.0.0.1',''),(1684,'jmximena@hotmail.com','2013-01-02 16:19:10','127.0.0.1',''),(1685,'jonathan.mrozinski@gmail.com','2013-01-02 16:19:10','127.0.0.1',''),(1686,'josephine@aurendezvousdesamis.fr','2013-01-02 16:19:10','127.0.0.1',''),(1687,'josipcroatia@live.fr','2013-01-02 16:19:10','127.0.0.1',''),(1688,'jpborgeot@latassee.fr','2013-01-02 16:19:10','127.0.0.1',''),(1689,'jpmdibosco@wanadoo.fr','2013-01-02 16:19:10','127.0.0.1',''),(1690,'jrmgourdin@hotmail.fr','2013-01-02 16:19:10','127.0.0.1',''),(1691,'julieboulay@msn.com','2013-01-02 16:19:10','127.0.0.1',''),(1692,'juliettelefebure@comptoirloranger.com','2013-01-02 16:19:10','127.0.0.1',''),(1693,'jvasseur@restaurant7emeart.com','2013-01-02 16:19:10','127.0.0.1',''),(1694,'jwcannesreservations@marriott.com','2013-01-02 16:19:10','127.0.0.1',''),(1695,'k.valdesbasques@yahoo.fr','2013-01-02 16:19:10','127.0.0.1',''),(1696,'kevin22@live.fr','2013-01-02 16:19:10','127.0.0.1',''),(1697,'kiratik@orange.fr','2013-01-02 16:19:10','127.0.0.1',''),(1698,'krivo69@hotmail.com','2013-01-02 16:19:10','127.0.0.1',''),(1699,'labelleepoque33@orange.fr','2013-01-02 16:19:10','127.0.0.1',''),(1700,'labellevue@wanadoo.fr','2013-01-02 16:19:10','127.0.0.1',''),(1701,'labrasseriedesarts@orange.fr','2013-01-02 16:19:10','127.0.0.1',''),(1702,'labrouettedegrandmere@yahoo.fr','2013-01-02 16:19:10','127.0.0.1',''),(1703,'labrunoise@gmail.com','2013-01-02 16:19:10','127.0.0.1',''),(1704,'lacantinedelulu@wanadoo.fr','2013-01-02 16:19:10','127.0.0.1',''),(1705,'lachope1936@live.fr','2013-01-02 16:19:10','127.0.0.1',''),(1706,'laciboulette@laciboulette-annecy.com','2013-01-02 16:19:10','127.0.0.1',''),(1707,'lacoquille34@orange.fr','2013-01-02 16:19:10','127.0.0.1',''),(1708,'lacote108@orange.fr','2013-01-02 16:19:10','127.0.0.1',''),(1709,'lafermeadede@orange.fr','2013-01-02 16:19:10','127.0.0.1',''),(1710,'laflammedor@orange.fr','2013-01-02 16:19:10','127.0.0.1',''),(1711,'lafreslo@wanadoo.fr','2013-01-02 16:19:10','127.0.0.1',''),(1712,'lagrangedecelleneuve@gmail.com','2013-01-02 16:19:10','127.0.0.1',''),(1713,'lagueritecannes@gmail.com','2013-01-02 16:19:10','127.0.0.1',''),(1714,'lajanata@yahoo.com','2013-01-02 16:19:10','127.0.0.1',''),(1715,'lamama006@orange.fr','2013-01-02 16:19:10','127.0.0.1',''),(1716,'lamanufacture@wanadoo.fr','2013-01-02 16:19:10','127.0.0.1',''),(1718,'lamernoire@live.fr','2013-01-02 16:19:10','127.0.0.1',''),(1719,'lapecherierouen@orange.fr','2013-01-02 16:19:10','127.0.0.1',''),(1720,'lapetitechaumiere.reims@orange.fr','2013-01-02 16:19:10','127.0.0.1',''),(1721,'lapetitemaison_vanlo@yahoo.fr','2013-01-02 16:19:10','127.0.0.1',''),(1722,'lapouleaupot@live.com','2013-01-02 16:19:10','127.0.0.1',''),(1723,'lareinedestartes@yahoo.fr','2013-01-02 16:19:10','127.0.0.1',''),(1724,'larobiquette@orange.fr','2013-01-02 16:19:10','127.0.0.1',''),(1725,'lartdevivre@live.fr','2013-01-02 16:19:10','127.0.0.1',''),(1726,'lastennet.loic@numericable.fr','2013-01-02 16:19:10','127.0.0.1',''),(1727,'latableannareims@orange.fr','2013-01-02 16:19:10','127.0.0.1',''),(1728,'latabledeceline@bbox.fr','2013-01-02 16:19:10','127.0.0.1',''),(1729,'latabledumarais@orange.fr','2013-01-02 16:19:10','127.0.0.1',''),(1730,'lataverne.uzes@wanadoo.fr','2013-01-02 16:19:10','127.0.0.1',''),(1731,'laurence7447@live.fr','2013-01-02 16:19:10','127.0.0.1',''),(1732,'lauriat.angelo@neuf.fr','2013-01-02 16:19:10','127.0.0.1',''),(1733,'layisko@hotmail.fr','2013-01-02 16:19:10','127.0.0.1',''),(1734,'le.chamois@live.fr','2013-01-02 16:19:10','127.0.0.1',''),(1735,'le.champlain@wanadoo.fr','2013-01-02 16:19:10','127.0.0.1',''),(1736,'le.garde.manger.cafe@orange.fr','2013-01-02 16:19:10','127.0.0.1',''),(1737,'le.grenier.savoyard@free.fr','2013-01-02 16:19:10','127.0.0.1',''),(1738,'le.gressin@free.fr','2013-01-02 16:19:10','127.0.0.1',''),(1739,'le.koeur@orange.fr','2013-01-02 16:19:10','127.0.0.1',''),(1740,'le.murano@hotmail.fr','2013-01-02 16:19:10','127.0.0.1',''),(1741,'le_bon_bec@yahoo.fr','2013-01-02 16:19:10','127.0.0.1',''),(1742,'le_rideau_rouge@yahoo.fr','2013-01-02 16:19:10','127.0.0.1',''),(1743,'le123@lhotelduchateau.fr','2013-01-02 16:19:10','127.0.0.1',''),(1744,'le7place@gmail.com','2013-01-02 16:19:10','127.0.0.1',''),(1745,'le9merciere@yahoo.fr','2013-01-02 16:19:10','127.0.0.1',''),(1746,'lebaronn@live.fr','2013-01-02 16:19:10','127.0.0.1',''),(1747,'lebellanda@hotmail.fr','2013-01-02 16:19:10','127.0.0.1',''),(1748,'lebistroquet.albouy@gmail.com','2013-01-02 16:19:10','127.0.0.1',''),(1749,'lebistrotdesmaquignons@orange.fr','2013-01-02 16:19:10','127.0.0.1',''),(1750,'lebossuet@hotmail.fr','2013-01-02 16:19:10','127.0.0.1',''),(1751,'lebouchondesfilles@gmail.com','2013-01-02 16:19:10','127.0.0.1',''),(1752,'lebouchondupalais@live.fr','2013-01-02 16:19:10','127.0.0.1',''),(1753,'lebugeautin@wanadoo.fr','2013-01-02 16:19:10','127.0.0.1',''),(1754,'lecarremtp@orange.fr','2013-01-02 16:19:10','127.0.0.1',''),(1755,'lecarrevert06@yahoo.fr','2013-01-02 16:19:10','127.0.0.1',''),(1756,'lecasablanca@free.fr','2013-01-02 16:19:10','127.0.0.1',''),(1757,'lecomptoirduboeuf.reims@orange.fr','2013-01-02 16:19:10','127.0.0.1',''),(1758,'lecosi@free.fr','2013-01-02 16:19:10','127.0.0.1',''),(1759,'lecosy@hotmail.fr','2013-01-02 16:19:10','127.0.0.1',''),(1761,'le-cularo@orange.fr','2013-01-02 16:19:10','127.0.0.1',''),(1762,'ledamier10@voila.fr','2013-01-02 16:19:10','127.0.0.1',''),(1763,'ledauphine.metz@gmail.com','2013-01-02 16:19:10','127.0.0.1',''),(1764,'ledosdelafourchette@orange.fr','2013-01-02 16:19:10','127.0.0.1',''),(1765,'ledub.sa@orange.fr','2013-01-02 16:19:10','127.0.0.1',''),(1766,'leffervescence06@orange.fr','2013-01-02 16:19:10','127.0.0.1',''),(1767,'leflandre@gmail.com','2013-01-02 16:19:10','127.0.0.1',''),(1768,'legalopin.rennes35@orange.fr','2013-01-02 16:19:10','127.0.0.1',''),(1769,'legendcafe06@yahoo.fr','2013-01-02 16:19:10','127.0.0.1',''),(1770,'le-germinal@wanadoo.fr','2013-01-02 16:19:10','127.0.0.1',''),(1771,'legnomerhone@gmail.com','2013-01-02 16:19:10','127.0.0.1',''),(1772,'legourmetdeseze@wanadoo.fr','2013-01-02 16:19:10','127.0.0.1',''),(1773,'legrandarbre@hotmail.fr','2013-01-02 16:19:10','127.0.0.1',''),(1774,'legulliver@yahoo.fr','2013-01-02 16:19:10','127.0.0.1',''),(1775,'lejardindebellevue@wanadoo.fr','2013-01-02 16:19:10','127.0.0.1',''),(1776,'leligure@wanadoo.fr','2013-01-02 16:19:10','127.0.0.1',''),(1777,'lelionbossu@gmail.com','2013-01-02 16:19:10','127.0.0.1',''),(1778,'le-loft@wanadoo.fr','2013-01-02 16:19:10','127.0.0.1',''),(1779,'lemaubert@live.fr','2013-01-02 16:19:10','127.0.0.1',''),(1780,'lemeltingpotes@free.fr','2013-01-02 16:19:10','127.0.0.1',''),(1781,'lendroit-restaurant@hotmail.fr','2013-01-02 16:19:10','127.0.0.1',''),(1783,'lepavillonduparc@yahoo.fr','2013-01-02 16:19:10','127.0.0.1',''),(1784,'le-petit-bonheur@live.fr','2013-01-02 16:19:10','127.0.0.1',''),(1785,'lepetitsauvage@wanadoo.fr','2013-01-02 16:19:10','127.0.0.1',''),(1786,'lephare.25@wanadoo.fr','2013-01-02 16:19:10','127.0.0.1',''),(1787,'lerelaxnice@hotmail.fr','2013-01-02 16:19:10','127.0.0.1',''),(1788,'les3de@sfr.fr','2013-01-02 16:19:10','127.0.0.1',''),(1789,'les3ducs@gmail.com','2013-01-02 16:19:10','127.0.0.1',''),(1790,'lesarchivesarl@gmail.com','2013-01-02 16:19:10','127.0.0.1',''),(1791,'lesbistronomes@gmail.com','2013-01-02 16:19:10','127.0.0.1',''),(1792,'lescaves-st-clement@orange.fr','2013-01-02 16:19:10','127.0.0.1',''),(1793,'lesdeuxgarcons@wanadoo.fr','2013-01-02 16:19:10','127.0.0.1',''),(1794,'lesfeesgourmandes@orange.fr','2013-01-02 16:19:10','127.0.0.1',''),(1795,'lesgarnuches@numericable.fr','2013-01-02 16:19:10','127.0.0.1',''),(1796,'lesgourmetscannes@gmail.com','2013-01-02 16:19:10','127.0.0.1',''),(1797,'leshalimar@hotmail.fr','2013-01-02 16:19:10','127.0.0.1',''),(1799,'lesite@bbox.fr','2013-01-02 16:19:10','127.0.0.1',''),(1800,'lesjardinsdelorangeraie@sfr.fr','2013-01-02 16:19:10','127.0.0.1',''),(1801,'lesprevost@neuf.fr','2013-01-02 16:19:10','127.0.0.1',''),(1802,'lesrempartsdebazas@hotmail.fr','2013-01-02 16:19:10','127.0.0.1',''),(1803,'lestadium@yahoo.fr','2013-01-02 16:19:10','127.0.0.1',''),(1804,'lestrasrestaurant@gmail.com','2013-01-02 16:19:10','127.0.0.1',''),(1805,'lestroisas@orange.fr','2013-01-02 16:19:10','127.0.0.1',''),(1806,'lesvieuxmurs@wanadoo.fr','2013-01-02 16:19:10','127.0.0.1',''),(1807,'letassigny@gmail.com','2013-01-02 16:19:10','127.0.0.1',''),(1808,'letheleme@orange.fr','2013-01-02 16:19:10','127.0.0.1',''),(1809,'leticia@chezboris.com','2013-01-02 16:19:10','127.0.0.1',''),(1810,'levfour@gmail.com','2013-01-02 16:19:10','127.0.0.1',''),(1811,'lideesaveurs.restaurant@hotmail.fr','2013-01-02 16:19:10','127.0.0.1',''),(1812,'lido-plage@orange.fr','2013-01-02 16:19:10','127.0.0.1',''),(1813,'limprimerie.21@orange.fr','2013-01-02 16:19:10','127.0.0.1',''),(1814,'lincontournable.grill@hotmail.fr','2013-01-02 16:19:10','127.0.0.1',''),(1815,'lindaokav@hotmail.fr','2013-01-02 16:19:10','127.0.0.1',''),(1816,'linvino@orange.fr','2013-01-02 16:19:10','127.0.0.1',''),(1817,'llose@orange.fr','2013-01-02 16:19:10','127.0.0.1',''),(1818,'lmounet@villagallici.com','2013-01-02 16:19:10','127.0.0.1',''),(1819,'logassi.kim@free.fr','2013-01-02 16:19:10','127.0.0.1',''),(1820,'l-ombretta@orange.fr','2013-01-02 16:19:10','127.0.0.1',''),(1821,'loraine.stephane@gmail.com','2013-01-02 16:19:10','127.0.0.1',''),(1822,'lotrerestaurant@hotmail.fr','2013-01-02 16:19:10','127.0.0.1',''),(1823,'ludo_bo@yahoo.fr','2013-01-02 16:19:10','127.0.0.1',''),(1824,'lulurouget@orange.fr','2013-01-02 16:19:10','127.0.0.1',''),(1825,'lyon@lacriee.com','2013-01-02 16:19:10','127.0.0.1',''),(1826,'lyonnaiskfe@orange.fr','2013-01-02 16:19:10','127.0.0.1',''),(1827,'m.bullano@gmail.com','2013-01-02 16:19:10','127.0.0.1',''),(1828,'m.chauvin@evenday.com','2013-01-02 16:19:10','127.0.0.1',''),(1829,'madden.helene@orange.fr','2013-01-02 16:19:10','127.0.0.1',''),(1830,'magali-et-martin@wanadoo.fr','2013-01-02 16:19:10','127.0.0.1',''),(1831,'mail@hotel-rotonde.com','2013-01-02 16:19:10','127.0.0.1',''),(1832,'maison.merle@hotmail.fr','2013-01-02 16:19:10','127.0.0.1',''),(1833,'maisonclovis@gmail.com','2013-01-02 16:19:10','127.0.0.1',''),(1834,'maisonvillemanzy@yahoo.fr','2013-01-02 16:19:10','127.0.0.1',''),(1835,'maitrekanternantes@wanadoo.fr','2013-01-02 16:19:10','127.0.0.1',''),(1836,'majestic.chatelaillon@wanadoo.fr','2013-01-02 16:19:10','127.0.0.1',''),(1837,'majyg@free.fr','2013-01-02 16:19:10','127.0.0.1',''),(1838,'mallatchristine@gmail.com','2013-01-02 16:19:10','127.0.0.1',''),(1839,'manparsa@gmail.com','2013-01-02 16:19:10','127.0.0.1',''),(1840,'maolea@orange.fr','2013-01-02 16:19:10','127.0.0.1',''),(1841,'marcferaud@cegetel.net','2013-01-02 16:19:10','127.0.0.1',''),(1842,'marcgasser26@gmail.com','2013-01-02 16:19:10','127.0.0.1',''),(1843,'marco.sanchez@laposte.net','2013-01-02 16:19:10','127.0.0.1',''),(1844,'marieantoinecuttoli@hotmail.fr','2013-01-02 16:19:10','127.0.0.1',''),(1845,'martinelouis4@hotmail.fr','2013-01-02 16:19:10','127.0.0.1',''),(1846,'masson.michael54@free.fr','2013-01-02 16:19:10','127.0.0.1',''),(1847,'mathieucip@gmail.com','2013-01-02 16:19:10','127.0.0.1',''),(1848,'mathieudurand33@live.fr','2013-01-02 16:19:10','127.0.0.1',''),(1849,'maxime130680@live.fr','2013-01-02 16:19:10','127.0.0.1',''),(1850,'maximejourdan@hotmail.fr','2013-01-02 16:19:10','127.0.0.1',''),(1851,'mchatal@aol.com','2013-01-02 16:19:10','127.0.0.1',''),(1852,'mchauvin@evenday.com','2013-01-02 16:19:10','127.0.0.1',''),(1853,'megbanionfery@free.fr','2013-01-02 16:19:10','127.0.0.1',''),(1854,'merebrazier@orange.fr','2013-01-02 16:19:10','127.0.0.1',''),(1855,'mesclun@orange.fr','2013-01-02 16:19:10','127.0.0.1',''),(1856,'mesdamesmessieurs@orange.fr','2013-01-02 16:19:10','127.0.0.1',''),(1857,'mezzowatts@hotmail.fr','2013-01-02 16:19:10','127.0.0.1',''),(1858,'michaelsimon-cheflarsenal@hotmail.fr','2013-01-02 16:19:10','127.0.0.1',''),(1859,'michel.candela@bbox.fr','2013-01-02 16:19:10','127.0.0.1',''),(1860,'mickael.mayeres@orange.fr','2013-01-02 16:19:10','127.0.0.1',''),(1861,'mitchrestaurant@orange.fr','2013-01-02 16:19:10','127.0.0.1',''),(1862,'mlc@hotel-lesjardins-oleron.com','2013-01-02 16:19:10','127.0.0.1',''),(1863,'modena-22@hotmail.fr','2013-01-02 16:19:10','127.0.0.1',''),(1864,'mokador25@aol.com','2013-01-02 16:19:10','127.0.0.1',''),(1865,'momento.lyon@bbox.fr','2013-01-02 16:19:10','127.0.0.1',''),(1866,'momopicasso@gmail.com','2013-01-02 16:19:10','127.0.0.1',''),(1867,'mon-jardinsecret@orange.fr','2013-01-02 16:19:10','127.0.0.1',''),(1868,'montpellier-est@besthotel.fr','2013-01-02 16:19:10','127.0.0.1',''),(1869,'moreaupascal41@gmail.com','2013-01-02 16:19:10','127.0.0.1',''),(1870,'mosaique45@gmail.com','2013-01-02 16:19:10','127.0.0.1',''),(1871,'mouchet.mathieu@gmail.com','2013-01-02 16:19:10','127.0.0.1',''),(1872,'mrestaurant@orange.fr','2013-01-02 16:19:10','127.0.0.1',''),(1873,'n.frion@chapon-fin.com','2013-01-02 16:19:10','127.0.0.1',''),(1874,'nathalie.adam69@gmail.com','2013-01-02 16:19:10','127.0.0.1',''),(1875,'nathalie.arrue@yahoo.fr','2013-01-02 16:19:10','127.0.0.1',''),(1876,'nathalierichin@gmail.com','2013-01-02 16:19:10','127.0.0.1',''),(1877,'nexuscaffe@wanadoo.fr','2013-01-02 16:19:10','127.0.0.1',''),(1878,'nicolas.briand@chateau-apigne.fr','2013-01-02 16:19:10','127.0.0.1',''),(1879,'nivoixsp@orange.fr','2013-01-02 16:19:10','127.0.0.1',''),(1880,'noodlewok@free.fr','2013-01-02 16:19:10','127.0.0.1',''),(1881,'oderiaz@hotmail.fr','2013-01-02 16:19:10','127.0.0.1',''),(1882,'odeslys@orange.fr','2013-01-02 16:19:10','127.0.0.1',''),(1883,'ogrban@hotmail.fr','2013-01-02 16:19:10','127.0.0.1',''),(1884,'ohparadis@live.fr','2013-01-02 16:19:10','127.0.0.1',''),(1885,'ojardinrestaurant@gmail.com','2013-01-02 16:19:10','127.0.0.1',''),(1886,'olivier.aubert@numericable.com','2013-01-02 16:19:10','127.0.0.1',''),(1887,'olivier.boscherel@numericable.fr','2013-01-02 16:19:10','127.0.0.1',''),(1888,'olivier.milesi@ninkasi.fr','2013-01-02 16:19:10','127.0.0.1',''),(1889,'olivier.rechignac@bbox.fr','2013-01-02 16:19:10','127.0.0.1',''),(1890,'olivierferrand@neuf.fr','2013-01-02 16:19:10','127.0.0.1',''),(1891,'ongaro.alexandre@gmail.com','2013-01-02 16:19:10','127.0.0.1',''),(1892,'orsi@relaischateaux.com','2013-01-02 16:19:10','127.0.0.1',''),(1893,'ouifooding@gmail.com','2013-01-02 16:19:10','127.0.0.1',''),(1894,'padern.mickael@wanadoo.fr','2013-01-02 16:19:10','127.0.0.1',''),(1895,'pansard.didier@gmail.com','2013-01-02 16:19:10','127.0.0.1',''),(1896,'patricia.fauvel@gmail.com','2013-01-02 16:19:10','127.0.0.1',''),(1897,'pascaline.rouen@numericable.fr','2013-01-02 16:19:10','127.0.0.1',''),(1898,'patrice.guerin6@wanadoo.fr','2013-01-02 16:19:10','127.0.0.1',''),(1899,'patricia.fauvel@gmail.com','2013-01-02 16:19:10','127.0.0.1',''),(1900,'patrickpandemonium@hotmail.fr','2013-01-02 16:19:10','127.0.0.1',''),(1901,'perrine_riviere@yahoo.fr','2013-01-02 16:19:10','127.0.0.1',''),(1902,'pf@dbmail.com','2013-01-02 16:19:10','127.0.0.1',''),(1903,'ph.ileon@hotmail.fr','2013-01-02 16:19:10','127.0.0.1',''),(1904,'philippe.coacci@orange.fr','2013-01-02 16:19:10','127.0.0.1',''),(1906,'piadinamia@sfr.fr','2013-01-02 16:19:10','127.0.0.1',''),(1907,'pichgaby@hotmail.com','2013-01-02 16:19:10','127.0.0.1',''),(1908,'pierre.laroche@gustave5.com','2013-01-02 16:19:10','127.0.0.1',''),(1909,'pitcholina66@gmail.com','2013-01-02 16:19:10','127.0.0.1',''),(1910,'pizzerialafamilia@gmail.com','2013-01-02 16:19:10','127.0.0.1',''),(1911,'plageroyale@plageroyale.com','2013-01-02 16:19:10','127.0.0.1',''),(1912,'planbnantes@hotmail.fr','2013-01-02 16:19:10','127.0.0.1',''),(1913,'pouce.info@gmail.com','2013-01-02 16:19:10','127.0.0.1',''),(1914,'pp_nicolas@yahoo.fr','2013-01-02 16:19:10','127.0.0.1',''),(1915,'quelquepart13@gmail.com','2013-01-02 16:19:10','127.0.0.1',''),(1917,'reception@aubergeduvieuxpuits.fr','2013-01-02 16:19:10','127.0.0.1',''),(1918,'reception@bristol-reims.com','2013-01-02 16:19:10','127.0.0.1',''),(1919,'reception@chateau-des-ducs.com','2013-01-02 16:19:10','127.0.0.1',''),(1920,'reception@domainestclair.com','2013-01-02 16:19:10','127.0.0.1',''),(1921,'reception@porte-cevennes.com','2013-01-02 16:19:10','127.0.0.1',''),(1922,'regnier.romuald@sfr.fr','2013-01-02 16:19:10','127.0.0.1',''),(1923,'relais.les.halles@gmail.com','2013-01-02 16:19:10','127.0.0.1',''),(1925,'resa@restaurantlembellie.com','2013-01-02 16:19:10','127.0.0.1',''),(1926,'reservation@cerf-dor.com','2013-01-02 16:19:10','127.0.0.1',''),(1927,'restau.cleunay@scarabee-biocoop.fr','2013-01-02 16:19:10','127.0.0.1',''),(1928,'restaurant.ardoise@gmail.com','2013-01-02 16:19:10','127.0.0.1',''),(1929,'restaurant.isabella@orange.fr','2013-01-02 16:19:10','127.0.0.1',''),(1930,'restaurant.lentracte@orange.fr','2013-01-02 16:19:10','127.0.0.1',''),(1931,'restaurant.letoile@hotmail.fr','2013-01-02 16:19:10','127.0.0.1',''),(1932,'restaurant.lyon@parkandsuites.com','2013-01-02 16:19:10','127.0.0.1',''),(1933,'restaurant.rigoletto@wanadoo.fr','2013-01-02 16:19:10','127.0.0.1',''),(1934,'restaurant@aubergeduried.com','2013-01-02 16:19:10','127.0.0.1',''),(1935,'restaurant@choucrouterie.com','2013-01-02 16:19:10','127.0.0.1',''),(1936,'restaurant@kirmann.com','2013-01-02 16:19:10','127.0.0.1',''),(1938,'restaurant@lecolibri-reims.com','2013-01-02 16:19:10','127.0.0.1',''),(1939,'restaurant@le-passage.com','2013-01-02 16:19:10','127.0.0.1',''),(1940,'restaurant@palegrie.fr','2013-01-02 16:19:10','127.0.0.1',''),(1941,'restaurant@splendid-nice.com','2013-01-02 16:19:10','127.0.0.1',''),(1942,'restaurant_elcarino@live.fr','2013-01-02 16:19:10','127.0.0.1',''),(1943,'restaurantadonis@yahoo.fr','2013-01-02 16:19:10','127.0.0.1',''),(1944,'restaurantbartavelle@free.fr','2013-01-02 16:19:10','127.0.0.1',''),(1945,'restaurantdupatio@orange.fr','2013-01-02 16:19:10','127.0.0.1',''),(1946,'restaurantilemaurice@yahoo.fr','2013-01-02 16:19:10','127.0.0.1',''),(1947,'restaurant-lamandine@orange.fr','2013-01-02 16:19:10','127.0.0.1',''),(1948,'restaurantlaraffinerie@gmail.com','2013-01-02 16:19:10','127.0.0.1',''),(1949,'restaurantlareserve@free.fr','2013-01-02 16:19:10','127.0.0.1',''),(1950,'restaurantlavigna@orange.fr','2013-01-02 16:19:10','127.0.0.1',''),(1951,'restaurantlavoileblanche@orange.fr','2013-01-02 16:19:10','127.0.0.1',''),(1952,'restaurantlegrillrennes@gmail.com','2013-01-02 16:19:10','127.0.0.1',''),(1953,'restaurantleliondor@voila.fr','2013-01-02 16:19:10','127.0.0.1',''),(1954,'restaurant-le-manege@wanadoo.fr','2013-01-02 16:19:10','127.0.0.1',''),(1955,'restaurantlesarcades@yahoo.fr','2013-01-02 16:19:10','127.0.0.1',''),(1956,'restaurant-lescalinada@wanadoo.fr','2013-01-02 16:19:10','127.0.0.1',''),(1957,'restaurantleserpolet@wanadoo.fr','2013-01-02 16:19:10','127.0.0.1',''),(1958,'restaurant-les-sablines@orange.fr','2013-01-02 16:19:10','127.0.0.1',''),(1959,'restaurant-losmose-annecy@orange.fr','2013-01-02 16:19:10','127.0.0.1',''),(1960,'restaurantoberges@gmail.com','2013-01-02 16:19:10','127.0.0.1',''),(1961,'restaurantpaomagny@orange.fr','2013-01-02 16:19:10','127.0.0.1',''),(1962,'restaurantpellmell@yahoo.fr','2013-01-02 16:19:10','127.0.0.1',''),(1963,'restaurant-pont29@hotmail.fr','2013-01-02 16:19:10','127.0.0.1',''),(1964,'restaurantvalentino@wanadoo.fr','2013-01-02 16:19:10','127.0.0.1',''),(1965,'restauration@hotelarbois.com','2013-01-02 16:19:10','127.0.0.1',''),(1966,'resto.cotesud@free.fr','2013-01-02 16:19:10','127.0.0.1',''),(1967,'resto.newtram@free.fr','2013-01-02 16:19:10','127.0.0.1',''),(1968,'restoadresse@hotmail.fr','2013-01-02 16:19:10','127.0.0.1',''),(1969,'restodelartouducochon@yahoo.fr','2013-01-02 16:19:10','127.0.0.1',''),(1970,'restofabmoya@live.fr','2013-01-02 16:19:10','127.0.0.1',''),(1971,'restoktm@gmail.com','2013-01-02 16:19:10','127.0.0.1',''),(1972,'restolacasita@lookreflex.com','2013-01-02 16:19:10','127.0.0.1',''),(1973,'restolebazar@wanadoo.fr','2013-01-02 16:19:10','127.0.0.1',''),(1974,'resto-tratto@wanadoo.fr','2013-01-02 16:19:10','127.0.0.1',''),(1975,'richebois@wanadoo.fr','2013-01-02 16:19:10','127.0.0.1',''),(1976,'ristoranteannesso@gmail.com','2013-01-02 16:19:10','127.0.0.1',''),(1977,'roch30240@hotmail.fr','2013-01-02 16:19:10','127.0.0.1',''),(1978,'rodriguez.valerie.pro@gmail.com','2013-01-02 16:19:10','127.0.0.1',''),(1979,'roland.chenet@wanadoo.fr','2013-01-02 16:19:10','127.0.0.1',''),(1980,'romain.neuille@gmail.com','2013-01-02 16:19:10','127.0.0.1',''),(1981,'roule.mapoule@yahoo.fr','2013-01-02 16:19:10','127.0.0.1',''),(1982,'ruddyh@laposte.net','2013-01-02 16:19:10','127.0.0.1',''),(1983,'s.laureys@orange.fr','2013-01-02 16:19:10','127.0.0.1',''),(1984,'s.michaux@wanadoo.fr','2013-01-02 16:19:10','127.0.0.1',''),(1985,'s.pocalujko@orange.fr','2013-01-02 16:19:10','127.0.0.1',''),(1986,'sabinehirth@hotmail.fr','2013-01-02 16:19:10','127.0.0.1',''),(1987,'sacmime08@hotmail.fr','2013-01-02 16:19:10','127.0.0.1',''),(1988,'saintchristophe@francemarket.com','2013-01-02 16:19:10','127.0.0.1',''),(1989,'sambabeth@free.fr','2013-01-02 16:19:10','127.0.0.1',''),(1991,'sarl.lpv@wanadoo.fr','2013-01-02 16:19:10','127.0.0.1',''),(1993,'sebastien.gianoglio@orange.fr','2013-01-02 16:19:10','127.0.0.1',''),(1994,'sebastien.tranchant493@orange.fr','2013-01-02 16:19:10','127.0.0.1',''),(1995,'sebcollura@orange.fr','2013-01-02 16:19:10','127.0.0.1',''),(1996,'septiemevin@yahoo.fr','2013-01-02 16:19:10','127.0.0.1',''),(1997,'serranco@hotmail.fr','2013-01-02 16:19:10','127.0.0.1',''),(1998,'serviceclient@fandg-restaurant.com','2013-01-02 16:19:10','127.0.0.1',''),(1999,'simon.huet@tetedoie.com','2013-01-02 16:19:10','127.0.0.1',''),(2000,'sophhocquet@yahoo.fr','2013-01-02 16:19:10','127.0.0.1',''),(2001,'sopoti@hotmail.fr','2013-01-02 16:19:10','127.0.0.1',''),(2002,'spot.lespot@gmail.com','2013-01-02 16:19:10','127.0.0.1',''),(2004,'ssoris@laposte.net','2013-01-02 16:19:10','127.0.0.1',''),(2005,'stay@l-hotel.com','2013-01-02 16:19:10','127.0.0.1',''),(2006,'stephandurand@ymail.com','2013-01-02 16:19:10','127.0.0.1',''),(2007,'stepkalis@orange.fr','2013-01-02 16:19:10','127.0.0.1',''),(2008,'stmau@stmau.com','2013-01-02 16:19:10','127.0.0.1',''),(2010,'t.niglis@gmail.com','2013-01-02 16:19:10','127.0.0.1',''),(2011,'tabledeslys@live.fr','2013-01-02 16:19:10','127.0.0.1',''),(2013,'tetram44@wanadoo.fr','2013-01-02 16:19:10','127.0.0.1',''),(2014,'thesylmar@sfr.fr','2013-01-02 16:19:10','127.0.0.1',''),(2015,'thomas.sauret@gmail.com','2013-01-02 16:19:10','127.0.0.1',''),(2016,'tibmayer@gmail.com','2013-01-02 16:19:10','127.0.0.1',''),(2017,'tlangoureaux@kyriad-confluence.com','2013-01-02 16:19:10','127.0.0.1',''),(2018,'toffydu40@live.fr','2013-01-02 16:19:10','127.0.0.1',''),(2019,'toqueetpassion@gmail.com','2013-01-02 16:19:10','127.0.0.1',''),(2020,'toutlemondeatable@orange.fr','2013-01-02 16:19:10','127.0.0.1',''),(2021,'trapat80@yahoo.com','2013-01-02 16:19:10','127.0.0.1',''),(2022,'unrdefamille@hotmail.fr','2013-01-02 16:19:10','127.0.0.1',''),(2023,'v.marsilly@orange.fr','2013-01-02 16:19:10','127.0.0.1',''),(2024,'v3w.larivegauche@restaurant.fr','2013-01-02 16:19:10','127.0.0.1',''),(2025,'vaise@bieh.fr','2013-01-02 16:19:10','127.0.0.1',''),(2026,'valerie.ldfinancesconseils@orange.fr','2013-01-02 16:19:10','127.0.0.1',''),(2027,'valerie.legeard@sfr.fr','2013-01-02 16:19:10','127.0.0.1',''),(2028,'valevinci@hotmail.fr','2013-01-02 16:19:10','127.0.0.1',''),(2029,'varoli_jerome@yahoo.fr','2013-01-02 16:19:10','127.0.0.1',''),(2030,'vasy-vasy@orange.fr','2013-01-02 16:19:10','127.0.0.1',''),(2031,'viapila@gmail.com','2013-01-02 16:19:10','127.0.0.1',''),(2032,'virginie.daussy@gmail.com','2013-01-02 16:19:10','127.0.0.1',''),(2033,'vivier.le@wanadoo.fr','2013-01-02 16:19:10','127.0.0.1',''),(2034,'viviers.bretons@wanadoo.fr','2013-01-02 16:19:10','127.0.0.1',''),(2035,'vogt@cafedupalais.fr','2013-01-02 16:19:10','127.0.0.1',''),(2036,'x.lesoeur@orange.fr','2013-01-02 16:19:10','127.0.0.1',''),(2038,'xave2001@hotmail.fr','2013-01-02 16:19:10','127.0.0.1',''),(2039,'xaviervarin@wanadoo.fr','2013-01-02 16:19:10','127.0.0.1',''),(2040,'yannis.rousseau@wanadoo.fr','2013-01-02 16:19:10','127.0.0.1',''),(2041,'yasbelba@yahoo.fr','2013-01-02 16:19:10','127.0.0.1',''),(2042,'ychhang@gmail.com','2013-01-02 16:19:10','127.0.0.1',''),(2043,'yenfan.zhu@hotmail.com','2013-01-02 16:19:10','127.0.0.1',''),(2044,'ymoulin@horeto.com','2013-01-02 16:19:10','127.0.0.1',''),(2045,'yolande.millon@numericable.fr','2013-01-02 16:19:10','127.0.0.1',''),(2046,'you.jun977@gmail.com','2013-01-02 16:19:10','127.0.0.1',''),(2047,'youssefserhan_2@hotmail.com','2013-01-02 16:19:10','127.0.0.1',''),(2048,'yoxav@yahoo.fr','2013-01-02 16:19:10','127.0.0.1',''),(2049,'yves@lacavedyves.com','2013-01-02 16:19:10','127.0.0.1',''),(2050,'bechirnaouali@hotmail.fr','2013-01-02 16:19:39','127.0.0.1',''),(2051,'angers@tradition-bretagne.com','2013-01-02 16:19:39','127.0.0.1',''),(2052,'assistante.dg@saintclair.com','2013-01-02 16:19:39','127.0.0.1',''),(2053,'brice.roumeau@neuf.fr','2013-01-02 16:19:39','127.0.0.1',''),(2054,'bruno@delafosse-receptions.fr','2013-01-02 16:19:39','127.0.0.1',''),(2055,'ccf@hotmail.fr','2013-01-02 16:19:39','127.0.0.1',''),(2056,'cedric.senez@bbox.fr','2013-01-02 16:19:39','127.0.0.1',''),(2057,'contact@2s3r.com','2013-01-02 16:19:39','127.0.0.1',''),(2058,'contact@ades39.com','2013-01-02 16:19:39','127.0.0.1',''),(2059,'contact@br-group.eu','2013-01-02 16:19:39','127.0.0.1',''),(2060,'contact@les-saveurs-espagne.com','2013-01-02 16:19:39','127.0.0.1',''),(2061,'contact@scenario-traiteur.fr','2013-01-02 16:19:39','127.0.0.1',''),(2062,'contact@solejade.com','2013-01-02 16:19:39','127.0.0.1',''),(2063,'contact@sushifamily.fr','2013-01-02 16:19:39','127.0.0.1',''),(2064,'contact@sweetiepie.fr','2013-01-02 16:19:39','127.0.0.1',''),(2065,'contact@un-jour-a-part.com','2013-01-02 16:19:39','127.0.0.1',''),(2066,'crys.deco@neuf.fr','2013-01-02 16:19:39','127.0.0.1',''),(2067,'cuisine.et.tradition@gmail.com','2013-01-02 16:19:39','127.0.0.1',''),(2068,'degrasjulien@free.fr','2013-01-02 16:19:39','127.0.0.1',''),(2069,'didierroussel1@free.fr','2013-01-02 16:19:39','127.0.0.1',''),(2070,'douet-traiteur@wanadoo.fr','2013-01-02 16:19:39','127.0.0.1',''),(2071,'entreprise@rigg-traiteur.com','2013-01-02 16:19:39','127.0.0.1',''),(2072,'evenement.sina@village-touareg.com','2013-01-02 16:19:39','127.0.0.1',''),(2073,'fabrice.roy16@wanadoo.fr','2013-01-02 16:19:39','127.0.0.1',''),(2074,'florencelaine@hotmail.fr','2013-01-02 16:19:39','127.0.0.1',''),(2075,'franck-rondeau@sfr.fr','2013-01-02 16:19:39','127.0.0.1',''),(2076,'gegeetestelle@aol.com','2013-01-02 16:19:39','127.0.0.1',''),(2077,'info@closmalpre.com','2013-01-02 16:19:39','127.0.0.1',''),(2078,'info@michaudtraiteur.com','2013-01-02 16:19:39','127.0.0.1',''),(2079,'info@rousseauevent.fr','2013-01-02 16:19:39','127.0.0.1',''),(2080,'instevenskitchen@gmail.com','2013-01-02 16:19:39','127.0.0.1',''),(2081,'jean-christophe@paris-traiteurs.com','2013-01-02 16:19:39','127.0.0.1',''),(2082,'la.gasconnade@orange.fr','2013-01-02 16:19:39','127.0.0.1',''),(2083,'lecompte.florence@yahoo.fr','2013-01-02 16:19:39','127.0.0.1',''),(2084,'lintendant@neuf.fr','2013-01-02 16:19:39','127.0.0.1',''),(2085,'m.tamisier@groupenicollin.com','2013-01-02 16:19:39','127.0.0.1',''),(2086,'majufa@free.fr','2013-01-02 16:19:39','127.0.0.1',''),(2087,'nath.saul89@hotmail.fr','2013-01-02 16:19:39','127.0.0.1',''),(2088,'parenttraiteur@hotmail.fr','2013-01-02 16:19:39','127.0.0.1',''),(2089,'pergolani.thomas@wanadoo.fr','2013-01-02 16:19:39','127.0.0.1',''),(2090,'piquesc@hotmail.fr','2013-01-02 16:19:39','127.0.0.1',''),(2091,'reception.gourmande@orange.fr','2013-01-02 16:19:39','127.0.0.1',''),(2092,'restaurantlajoie@orange.fr','2013-01-02 16:19:39','127.0.0.1',''),(2093,'rubanbleureceptions@wanadoo.fr','2013-01-02 16:19:39','127.0.0.1',''),(2094,'rudy.branche@free.fr','2013-01-02 16:19:39','127.0.0.1',''),(2095,'sauvant.traiteur@sfr.fr','2013-01-02 16:19:39','127.0.0.1',''),(2096,'saveurs.et.gourmandises@wanadoo.fr','2013-01-02 16:19:39','127.0.0.1',''),(2097,'savoirfairereceptions@wanadoo.fr','2013-01-02 16:19:39','127.0.0.1',''),(2098,'schiellyll@msn.com','2013-01-02 16:19:39','127.0.0.1',''),(2099,'severine.paul0962@orange.fr','2013-01-02 16:19:39','127.0.0.1',''),(2100,'sl@traiteurprestige-events.com','2013-01-02 16:19:39','127.0.0.1',''),(2101,'sophar.mak@hotmail.fr','2013-01-02 16:19:39','127.0.0.1',''),(2102,'spntraiteur@gmail.com','2013-01-02 16:19:39','127.0.0.1',''),(2103,'srdo@wanadoo.fr','2013-01-02 16:19:39','127.0.0.1',''),(2104,'tentationtraiteur@orange.fr','2013-01-02 16:19:39','127.0.0.1',''),(2105,'thierryvandamme@free.fr','2013-01-02 16:19:39','127.0.0.1',''),(2106,'thomann-gerard@wanadoo.fr','2013-01-02 16:19:39','127.0.0.1',''),(2107,'tony.tichand@orange.fr','2013-01-02 16:19:39','127.0.0.1',''),(2108,'toque.service@wanadoo.fr','2013-01-02 16:19:39','127.0.0.1',''),(2109,'traditionsdecouvertes@orange.fr','2013-01-02 16:19:39','127.0.0.1',''),(2110,'traiteur-de-lestuaire@wanadoo.fr','2013-01-02 16:19:39','127.0.0.1',''),(2111,'traiteur.reynaud@wanadoo.fr','2013-01-02 16:19:39','127.0.0.1',''),(2112,'traiteurguyon@wanadoo.fr','2013-01-02 16:19:39','127.0.0.1',''),(2113,'traiteurhautgiffre@orange.fr','2013-01-02 16:19:39','127.0.0.1',''),(2114,'traiteurphilippeduble@orange.fr','2013-01-02 16:19:39','127.0.0.1',''),(2115,'traiteursimon@wanadoo.fr','2013-01-02 16:19:39','127.0.0.1',''),(2116,'turpinfrederic9682@neuf.fr','2013-01-02 16:19:39','127.0.0.1',''),(2117,'vetm33@orange.fr','2013-01-02 16:19:39','127.0.0.1',''),(2118,'yves.rigollet@wanadoo.fr','2013-01-02 16:19:39','127.0.0.1',''),(2119,'alg@hygiplus.com','2013-01-02 16:19:39','127.0.0.1',''),(2120,'anjou.restauration@wanadoo.fr','2013-01-02 16:19:39','127.0.0.1',''),(2121,'arcac.ria@wanadoo.fr','2013-01-02 16:19:39','127.0.0.1',''),(2122,'ascanis@ascanis.fr','2013-01-02 16:19:39','127.0.0.1',''),(2123,'audrey@odgi-events.com','2013-01-02 16:19:39','127.0.0.1',''),(2124,'az-traiteur@wanadoo.fr','2013-01-02 16:19:39','127.0.0.1',''),(2125,'bonnard.jean-pierre@wanadoo.fr','2013-01-02 16:19:39','127.0.0.1',''),(2126,'c507@laposte.net','2013-01-02 16:19:39','127.0.0.1',''),(2127,'cbrochet@evenday.com','2013-01-02 16:19:39','127.0.0.1',''),(2128,'chez.fifi2@hotmail.fr','2013-01-02 16:19:39','127.0.0.1',''),(2129,'chrisoruz@hotmail.fr','2013-01-02 16:19:39','127.0.0.1',''),(2130,'christelle.lr@organisezmoi.com','2013-01-02 16:19:39','127.0.0.1',''),(2131,'commerce@gil.fr','2013-01-02 16:19:39','127.0.0.1',''),(2132,'contact@cuisinierpicharles.com','2013-01-02 16:19:39','127.0.0.1',''),(2133,'contact@geres.fr','2013-01-02 16:19:39','127.0.0.1',''),(2134,'contact@love-bubbles.com','2013-01-02 16:19:39','127.0.0.1',''),(2135,'contact@occitanie-restauration.com','2013-01-02 16:19:39','127.0.0.1',''),(2136,'contact@pourlemeilleur.fr','2013-01-02 16:19:39','127.0.0.1',''),(2137,'contact@regaletvous.com','2013-01-02 16:19:39','127.0.0.1',''),(2138,'contact@restalliance.fr','2013-01-02 16:19:39','127.0.0.1',''),(2139,'cosemans.danielle@wanadoo.fr','2013-01-02 16:19:39','127.0.0.1',''),(2140,'ecotel@ecotel.fr','2013-01-02 16:19:39','127.0.0.1',''),(2141,'equipe@saveur-maison.fr','2013-01-02 16:19:39','127.0.0.1',''),(2142,'eric.pouhier50@orange.fr','2013-01-02 16:19:39','127.0.0.1',''),(2143,'georges.padra0197@orange.fr','2013-01-02 16:19:39','127.0.0.1',''),(2144,'home-traiteur@orange.fr','2013-01-02 16:19:39','127.0.0.1',''),(2145,'infos@rayniermarchetti.fr','2013-01-02 16:19:39','127.0.0.1',''),(2146,'laurent.renout@free.fr','2013-01-02 16:19:39','127.0.0.1',''),(2147,'lesdiners.dedouard@wanadoo.fr','2013-01-02 16:19:39','127.0.0.1',''),(2148,'lestroisparcs@lestroisparcs.com','2013-01-02 16:19:39','127.0.0.1',''),(2149,'madeleine.chevrier@proapro.fr','2013-01-02 16:19:39','127.0.0.1',''),(2150,'mcataldo@planetesesame92.com','2013-01-02 16:19:39','127.0.0.1',''),(2151,'michel.martinez@dbmail.com','2013-01-02 16:19:39','127.0.0.1',''),(2152,'mlanglet@peche-de-gourmandise.fr','2013-01-02 16:19:39','127.0.0.1',''),(2153,'nathalie.debeine@poteletchabot.fr','2013-01-02 16:19:39','127.0.0.1',''),(2154,'olebodega@live.fr','2013-01-02 16:19:39','127.0.0.1',''),(2155,'olsen@olsen.fr','2013-01-02 16:19:39','127.0.0.1',''),(2156,'osereception@free.fr','2013-01-02 16:19:39','127.0.0.1',''),(2157,'ozt@wanadoo.fr','2013-01-02 16:19:39','127.0.0.1',''),(2158,'p.ducousseau@aliceadsl.fr','2013-01-02 16:19:39','127.0.0.1',''),(2159,'p.penochet@orange.fr','2013-01-02 16:19:39','127.0.0.1',''),(2160,'pachamelun@hotmail.fr','2013-01-02 16:19:39','127.0.0.1',''),(2161,'paulraison.receptions@wanadoo.fr','2013-01-02 16:19:39','127.0.0.1',''),(2162,'pepita.blagnac@free.fr','2013-01-02 16:19:39','127.0.0.1',''),(2163,'philippe@philippe-giroud.com','2013-01-02 16:19:39','127.0.0.1',''),(2164,'plaisirderecevoir@wanadoo.fr','2013-01-02 16:19:39','127.0.0.1',''),(2165,'plateauxandco@free.fr','2013-01-02 16:19:39','127.0.0.1',''),(2166,'pouyllau.joel@neuf.fr','2013-01-02 16:19:39','127.0.0.1',''),(2167,'presquile.organisation@orange.fr','2013-01-02 16:19:39','127.0.0.1',''),(2168,'prestigetraiteur@wanadoo.fr','2013-01-02 16:19:39','127.0.0.1',''),(2169,'prestimariage@yahoo.fr','2013-01-02 16:19:39','127.0.0.1',''),(2170,'progtraiteur@free.fr','2013-01-02 16:19:39','127.0.0.1',''),(2171,'rest-o-calme@laposte.net','2013-01-02 16:19:39','127.0.0.1',''),(2172,'ria16@wanadoo.fr','2013-01-02 16:19:39','127.0.0.1',''),(2173,'riac@wanadoo.fr','2013-01-02 16:19:39','127.0.0.1',''),(2174,'rielasource.orleans@laposte.net','2013-01-02 16:19:39','127.0.0.1',''),(2175,'salvaza@club.fr','2013-01-02 16:19:39','127.0.0.1',''),(2176,'sandrine.querbouet@gmail.com','2013-01-02 16:19:39','127.0.0.1',''),(2177,'societe.oren@club-internet.fr','2013-01-02 16:19:39','127.0.0.1',''),(2178,'suhari@club.fr','2013-01-02 16:19:39','127.0.0.1',''),(2179,'verfeil.recape@gmail.com','2013-01-02 16:19:39','127.0.0.1',''),(2180,'aropero@berlidon.fr','2013-01-02 16:19:39','127.0.0.1',''),(2181,'bbpaindor@wanadoo.fr','2013-01-02 16:19:39','127.0.0.1',''),(2182,'carros@paindor.fr','2013-01-02 16:19:39','127.0.0.1',''),(2183,'cat.guette-midi@wanadoo.fr','2013-01-02 16:19:39','127.0.0.1',''),(2184,'ch.astruc@astruc.fr','2013-01-02 16:19:39','127.0.0.1',''),(2185,'christine.limbour@pasquier.fr','2013-01-02 16:19:39','127.0.0.1',''),(2186,'contact.ttp@tipiak.fr','2013-01-02 16:19:39','127.0.0.1',''),(2187,'email@argru.fr','2013-01-02 16:19:39','127.0.0.1',''),(2188,'fbaron@appetit-de-france.com','2013-01-02 16:19:39','127.0.0.1',''),(2189,'gestion@dufour-industrie.com','2013-01-02 16:19:39','127.0.0.1',''),(2190,'info@delmotte.com','2013-01-02 16:19:39','127.0.0.1',''),(2191,'jackie.bourez@orange.fr','2013-01-02 16:19:39','127.0.0.1',''),(2192,'jeremy.stienne@tipiak.fr','2013-01-02 16:19:39','127.0.0.1',''),(2193,'jmcombaz@patiprestige.com','2013-01-02 16:19:39','127.0.0.1',''),(2194,'mail@ap-abseah.com','2013-01-02 16:19:39','127.0.0.1',''),(2195,'painconcept@painconcept.fr','2013-01-02 16:19:39','127.0.0.1',''),(2196,'patefeuilleteefrancois@wanadoo.fr','2013-01-02 16:19:39','127.0.0.1',''),(2197,'patisserie.stephan@wanadoo.fr','2013-01-02 16:19:39','127.0.0.1',''),(2198,'planetepain@planetepain.com','2013-01-02 16:19:39','127.0.0.1',''),(2199,'reu.sin@wanadoo.fr','2013-01-02 16:19:39','127.0.0.1',''),(2200,'serebis@serebis.fr','2013-01-02 16:19:39','127.0.0.1',''),(2201,'sophie.mayet@unipatis.fr','2013-01-02 16:19:39','127.0.0.1',''),(2202,'xsocirat@viennoiserieplus.com','2013-01-02 16:19:39','127.0.0.1',''),(2203,'legaulois.vichy@gmail.com','2013-01-02 16:19:39','127.0.0.1',''),(2204,'centralparc.grenoble@orange.fr','2013-01-02 16:19:39','127.0.0.1',''),(2205,'marion-richy@orange.fr','2013-01-02 16:19:39','127.0.0.1',''),(2206,'caracteres.ag@orange.fr','2013-01-02 16:19:39','127.0.0.1',''),(2207,'manaoposer@jestemkoniem.com.pl','2013-01-02 16:19:39','127.0.0.1',''),(2208,'aurefuge@wanadoo.fr','2013-01-02 16:19:39','127.0.0.1',''),(2209,'latelierdesgourmets@orange.fr','2013-01-02 16:19:39','127.0.0.1',''),(2210,'lecachepiou@orange.fr','2013-01-02 16:19:39','127.0.0.1',''),(2211,'comptoir@comptoir-epicerie.fr','2013-01-02 16:19:39','127.0.0.1',''),(2212,'legrillsubtil@alsatis.net','2013-01-02 16:19:39','127.0.0.1',''),(2213,'Scharline@wanadoo.fr','2013-01-02 16:19:39','127.0.0.1',''),(2214,'thomas.shire@gmail.com','2013-01-02 16:19:39','127.0.0.1',''),(2215,'besttctc18@gmail.com','2013-01-02 16:19:39','127.0.0.1',''),(2216,'fournil.macaron@voila.fr','2013-01-02 16:19:39','127.0.0.1',''),(2217,'abd_hen@yahoo.fr','2013-01-02 16:19:39','127.0.0.1',''),(2218,'administratif@lafoliedouce.com','2013-01-02 16:19:39','127.0.0.1',''),(2219,'agosta.lauren@wanadoo.fr','2013-01-02 16:19:39','127.0.0.1',''),(2220,'alain.lepercq@groupecet.com','2013-01-02 16:19:39','127.0.0.1',''),(2221,'alileboss9@hotmail.com','2013-01-02 16:19:39','127.0.0.1',''),(2222,'amaury.robert@pain-belledonne.com','2013-01-02 16:19:39','127.0.0.1',''),(2223,'andrepanzi@live.fr','2013-01-02 16:19:39','127.0.0.1',''),(2224,'anis-25@hotmail.fr','2013-01-02 16:19:39','127.0.0.1',''),(2225,'anne-marie.chambon@orange.fr','2013-01-02 16:19:39','127.0.0.1',''),(2226,'APCANNECY@YAHOO.FR','2013-01-02 16:19:39','127.0.0.1',''),(2227,'armt-creations@wanadoo.fr','2013-01-02 16:19:39','127.0.0.1',''),(2228,'arnaudpatrick1806@neuf.fr','2013-01-02 16:19:39','127.0.0.1',''),(2229,'au-fourneau-savoyard@orange.fr','2013-01-02 16:19:39','127.0.0.1',''),(2230,'aucoindufour74@orange.fr','2013-01-02 16:19:39','127.0.0.1',''),(2231,'audrey.jerome1@hotmail.fr','2013-01-02 16:19:39','127.0.0.1',''),(2232,'augourmetdelicat@orange.fr','2013-01-02 16:19:39','127.0.0.1',''),(2233,'aupetittraiteur@orange.fr','2013-01-02 16:19:39','127.0.0.1',''),(2234,'aurustique@orange.fr','2013-01-02 16:19:39','127.0.0.1',''),(2235,'auxsaveursduterroir@orange.fr','2013-01-02 16:19:39','127.0.0.1',''),(2236,'bajddi1976@yahoo.fr','2013-01-02 16:19:39','127.0.0.1',''),(2237,'bbetemps@orange.fr','2013-01-02 16:19:39','127.0.0.1',''),(2238,'benalagrave@hotmail.fr','2013-01-02 16:19:39','127.0.0.1',''),(2239,'bensedrine@hotmail.fr','2013-01-02 16:19:39','127.0.0.1',''),(2240,'betous.christian@wanadoo.fr','2013-01-02 16:19:39','127.0.0.1',''),(2241,'boisson.stephane@comesens.com','2013-01-02 16:19:39','127.0.0.1',''),(2242,'bonierlucien@gmail.com','2013-01-02 16:19:39','127.0.0.1',''),(2243,'bonnetmichael1@neuf.fr','2013-01-02 16:19:39','127.0.0.1',''),(2244,'bottoph@wanadoo.fr','2013-01-02 16:19:39','127.0.0.1',''),(2245,'boulangerie.mateis@hotmail.fr','2013-01-02 16:19:39','127.0.0.1',''),(2246,'bout7463@gmail.com','2013-01-02 16:19:39','127.0.0.1',''),(2247,'bpsalazard@gmail.com','2013-01-02 16:19:39','127.0.0.1',''),(2248,'bravooscar14@hotmail.com','2013-01-02 16:19:39','127.0.0.1',''),(2249,'brenda.mullie@gmail.com','2013-01-02 16:19:39','127.0.0.1',''),(2250,'bruno.hotelier@wanadoo.fr','2013-01-02 16:19:39','127.0.0.1',''),(2251,'bruschetta38@hotmail.fr','2013-01-02 16:19:39','127.0.0.1',''),(2252,'c.gelay-turtaut@minoterie-forest.com.fr','2013-01-02 16:19:39','127.0.0.1',''),(2253,'c.ghisalberti@hotmail.fr','2013-01-02 16:19:39','127.0.0.1',''),(2254,'casajanick@hotmail.fr','2013-01-02 16:19:39','127.0.0.1',''),(2255,'casali.b@orange.fr','2013-01-02 16:19:39','127.0.0.1',''),(2256,'caviaretchocolat@orange.fr','2013-01-02 16:19:39','127.0.0.1',''),(2257,'cecillon.traiteur@orange.fr','2013-01-02 16:19:39','127.0.0.1',''),(2258,'champibons@yahoo.fr','2013-01-02 16:19:39','127.0.0.1',''),(2259,'chartreuse.de.pomier@wanadoo.fr','2013-01-02 16:19:39','127.0.0.1',''),(2260,'chevallot@orange-business.fr','2013-01-02 16:19:39','127.0.0.1',''),(2261,'christian.bossanne@wanadoo.fr','2013-01-02 16:19:39','127.0.0.1',''),(2262,'chupin@deliqasa.com','2013-01-02 16:19:39','127.0.0.1',''),(2263,'coccina@wanadoo.fr','2013-01-02 16:19:39','127.0.0.1',''),(2264,'colombelalain@free.fr','2013-01-02 16:19:39','127.0.0.1',''),(2265,'commedans1moulin@orange.fr','2013-01-02 16:19:39','127.0.0.1',''),(2266,'consultantdz@yahoo.fr','2013-01-02 16:19:39','127.0.0.1',''),(2267,'contact.aucoindufour74@orange.fr','2013-01-02 16:19:39','127.0.0.1',''),(2268,'contact@antonin-restaurant.com','2013-01-02 16:19:39','127.0.0.1',''),(2269,'contact@atelierdupalace.fr','2013-01-02 16:19:39','127.0.0.1',''),(2270,'contact@auchardonbleu.com','2013-01-02 16:19:39','127.0.0.1',''),(2271,'contact@cuisine-authentique.com','2013-01-02 16:19:39','127.0.0.1',''),(2272,'contact@cuisine-fusion.com','2013-01-02 16:19:39','127.0.0.1',''),(2273,'contact@la-saucisse.fr','2013-01-02 16:19:39','127.0.0.1',''),(2274,'contact@lapoelegeante.fr','2013-01-02 16:19:39','127.0.0.1',''),(2275,'contact@magrandmerefaitduvelo.com','2013-01-02 16:19:39','127.0.0.1',''),(2276,'contact@pizza-dellacasa.com','2013-01-02 16:19:39','127.0.0.1',''),(2277,'contact@taka-lyon.com','2013-01-02 16:19:39','127.0.0.1',''),(2278,'contact@traiteur-haute-savoie.com','2013-01-02 16:19:39','127.0.0.1',''),(2279,'corterizzo@hotmail.fr','2013-01-02 16:19:39','127.0.0.1',''),(2280,'coutin.benjamin@orange.fr','2013-01-02 16:19:39','127.0.0.1',''),(2281,'cricrofe@cegetel.net','2013-01-02 16:19:39','127.0.0.1',''),(2282,'dauphinegourmets@wanadoo.fr','2013-01-02 16:19:39','127.0.0.1',''),(2283,'delyjoelle@hotmail.com','2013-01-02 16:19:39','127.0.0.1',''),(2284,'dfmegevand@orange.fr','2013-01-02 16:19:39','127.0.0.1',''),(2285,'dhiman.majumder1@gmail.com','2013-01-02 16:19:39','127.0.0.1',''),(2286,'di.cotte@eau-vive.fr','2013-01-02 16:19:39','127.0.0.1',''),(2287,'didier.blinbec@orange.fr','2013-01-02 16:19:39','127.0.0.1',''),(2288,'dominique.bujard@aliceadsl.fr','2013-01-02 16:19:39','127.0.0.1',''),(2289,'doudakal@live.fr','2013-01-02 16:19:39','127.0.0.1',''),(2290,'duru.emel@hotmail.com','2013-01-02 16:19:39','127.0.0.1',''),(2291,'emel.duru@locam.fr','2013-01-02 16:19:39','127.0.0.1',''),(2292,'emmanuel.varloud@orange.fr','2013-01-02 16:19:39','127.0.0.1',''),(2293,'er.dutertre@hotmail.fr','2013-01-02 16:19:39','127.0.0.1',''),(2294,'eric.braissand@wanadoo.fr','2013-01-02 16:19:39','127.0.0.1',''),(2295,'eric_jardin@aliceadsl.fr','2013-01-02 16:19:39','127.0.0.1',''),(2296,'ets.gandy@wanadoo.fr','2013-01-02 16:19:39','127.0.0.1',''),(2297,'eugenie.bozon@alpes.banquepopulaire.fr','2013-01-02 16:19:39','127.0.0.1',''),(2298,'europe.promotion@wanadoo.fr','2013-01-02 16:19:39','127.0.0.1',''),(2299,'e_amegashie@yahoo.fr','2013-01-02 16:19:39','127.0.0.1',''),(2300,'fab.passet@wanadoo.fr','2013-01-02 16:19:39','127.0.0.1',''),(2301,'fabien.bartoletti@laposte.net','2013-01-02 16:19:39','127.0.0.1',''),(2302,'fablon01@orange.fr','2013-01-02 16:19:39','127.0.0.1',''),(2303,'fk_mermi@club-internet.fr','2013-01-02 16:19:39','127.0.0.1',''),(2304,'foray.did@orange.fr','2013-01-02 16:19:39','127.0.0.1',''),(2305,'fournilpatissier@wanadoo.fr','2013-01-02 16:19:39','127.0.0.1',''),(2306,'fraismarche0277@orange.fr','2013-01-02 16:19:39','127.0.0.1',''),(2307,'franck.moriot@latalemelerie.com','2013-01-02 16:19:39','127.0.0.1',''),(2308,'francois.bazes@latalemelerie.com','2013-01-02 16:19:39','127.0.0.1',''),(2309,'fred.traiteur@bbox.fr','2013-01-02 16:19:39','127.0.0.1',''),(2310,'frederic.thomassier@neuf.fr','2013-01-02 16:19:39','127.0.0.1',''),(2311,'g.goudard@ftenergies.com','2013-01-02 16:19:39','127.0.0.1',''),(2312,'gardoni.pascal@wanadoo.fr','2013-01-02 16:19:39','127.0.0.1',''),(2313,'gianellasylvia@yahoo.fr','2013-01-02 16:19:39','127.0.0.1',''),(2314,'gil-redac@hotmail.fr','2013-01-02 16:19:39','127.0.0.1',''),(2315,'gil.bouvier@wanadoo.fr','2013-01-02 16:19:39','127.0.0.1',''),(2316,'gilles.fuselier@laposte.net','2013-01-02 16:19:39','127.0.0.1',''),(2317,'gpauzin@selecpro.fr','2013-01-02 16:19:39','127.0.0.1',''),(2318,'guiguetbolognepascal@orange.fr','2013-01-02 16:19:39','127.0.0.1',''),(2319,'guillauda@yahoo.fr','2013-01-02 16:19:39','127.0.0.1',''),(2320,'guillaume.bichet@hotmail.fr','2013-01-02 16:19:39','127.0.0.1',''),(2321,'habib.helene@hotmail.fr','2013-01-02 16:19:39','127.0.0.1',''),(2322,'helene.argento@wanadoo.fr','2013-01-02 16:19:39','127.0.0.1',''),(2323,'info@pani.fr','2013-01-02 16:19:39','127.0.0.1',''),(2324,'infos@lecomptoirdupain.net','2013-01-02 16:19:39','127.0.0.1',''),(2325,'j.cerles@gerbesavoyarde.com','2013-01-02 16:19:39','127.0.0.1',''),(2326,'jc27nico12@cegetel.net','2013-01-02 16:19:39','127.0.0.1',''),(2327,'jean.simeon@free.fr','2013-01-02 16:19:39','127.0.0.1',''),(2328,'jeanlouis.traiteur@orange.fr','2013-01-02 16:19:39','127.0.0.1',''),(2329,'jeanluctsaii@yahoo.fr','2013-01-02 16:19:39','127.0.0.1',''),(2330,'jeansi777@hotmail.com','2013-01-02 16:19:39','127.0.0.1',''),(2331,'jeffetmarinag@free.fr','2013-01-02 16:19:39','127.0.0.1',''),(2332,'jjbcastador@yahoo.fr','2013-01-02 16:19:39','127.0.0.1',''),(2333,'jm.gilbert-collet@wanadoo.fr','2013-01-02 16:19:39','127.0.0.1',''),(2334,'joel.da-ros@wanadoo.fr','2013-01-02 16:19:39','127.0.0.1',''),(2335,'josejanv66@hotmail.fr','2013-01-02 16:19:39','127.0.0.1',''),(2336,'josianeannick@yahoo.fr','2013-01-02 16:19:39','127.0.0.1',''),(2337,'jp.klein4@orange.fr','2013-01-02 16:19:39','127.0.0.1',''),(2338,'julien.charamathieu@hotmail.fr','2013-01-02 16:19:39','127.0.0.1',''),(2339,'k.noel3@aliceadsl.fr','2013-01-02 16:19:39','127.0.0.1',''),(2340,'kbahouia@free.fr','2013-01-02 16:19:39','127.0.0.1',''),(2341,'l.desgranges@illicourses.org','2013-01-02 16:19:39','127.0.0.1',''),(2342,'la.fournee@orange.fr','2013-01-02 16:19:39','127.0.0.1',''),(2343,'lafabriquefabregues@orange.fr','2013-01-02 16:19:39','127.0.0.1',''),(2344,'laferme.dumasrolland@hotmail.fr','2013-01-02 16:19:39','127.0.0.1',''),(2345,'lafeverole@free.fr','2013-01-02 16:19:39','127.0.0.1',''),(2346,'lancelot.paul@wanadoo.fr','2013-01-02 16:19:39','127.0.0.1',''),(2347,'lascombesjme@live.fr','2013-01-02 16:19:39','127.0.0.1',''),(2348,'latavernerustique@orange.fr','2013-01-02 16:19:39','127.0.0.1',''),(2349,'latentation38@orange.fr','2013-01-02 16:19:39','127.0.0.1',''),(2350,'laurens74@hotmail.fr','2013-01-02 16:19:39','127.0.0.1',''),(2351,'laurent.roth@lecroquet.com','2013-01-02 16:19:39','127.0.0.1',''),(2352,'laurenty@live.fr','2013-01-02 16:19:39','127.0.0.1',''),(2353,'le-marseillais-3813@hotmail.fr','2013-01-02 16:19:39','127.0.0.1',''),(2354,'lebernin@aliceadsl.fr','2013-01-02 16:19:39','127.0.0.1',''),(2355,'lefournil.rustique@wanadoo.fr','2013-01-02 16:19:39','127.0.0.1',''),(2356,'lerelaisderochepaule@sfr.fr','2013-01-02 16:19:39','127.0.0.1',''),(2357,'les3roiss@hotmail.fr','2013-01-02 16:19:39','127.0.0.1',''),(2358,'lesboulangeriesdefrance@hotmail.fr','2013-01-02 16:19:39','127.0.0.1',''),(2359,'lesbrioches@orange.fr','2013-01-02 16:19:39','127.0.0.1',''),(2360,'lescalegourmande73@free.fr','2013-01-02 16:19:39','127.0.0.1',''),(2361,'lescosgerald@hotmail.com','2013-01-02 16:19:39','127.0.0.1',''),(2362,'lilian74@hotmail.fr','2013-01-02 16:19:39','127.0.0.1',''),(2363,'lolo.noyer@laposte.net','2013-01-02 16:19:39','127.0.0.1',''),(2364,'ludovic.champon@orange.fr','2013-01-02 16:19:39','127.0.0.1',''),(2365,'macaronsdf@yahoo.fr','2013-01-02 16:19:39','127.0.0.1',''),(2366,'maison.jean@wanadoo.fr','2013-01-02 16:19:39','127.0.0.1',''),(2367,'maison.sciandra@free.fr','2013-01-02 16:19:39','127.0.0.1',''),(2368,'manuexav@hotmail.fr','2013-01-02 16:19:39','127.0.0.1',''),(2369,'marchand.philippe74@yahoo.fr','2013-01-02 16:19:39','127.0.0.1',''),(2370,'marekk@hotmail.fr','2013-01-02 16:19:39','127.0.0.1',''),(2371,'marie.guyennot@orange.fr','2013-01-02 16:19:39','127.0.0.1',''),(2372,'mariludo01680@orange.fr','2013-01-02 16:19:39','127.0.0.1',''),(2373,'mathieu-cretin@orange.fr','2013-01-02 16:19:39','127.0.0.1',''),(2374,'mcfaby@hotmail.fr','2013-01-02 16:19:39','127.0.0.1',''),(2375,'menand.andre@free.fr','2013-01-02 16:19:39','127.0.0.1',''),(2376,'mfr.fontanil@mfr.asso.fr','2013-01-02 16:19:39','127.0.0.1',''),(2377,'michelle.hut@hsbc.fr','2013-01-02 16:19:39','127.0.0.1',''),(2378,'ml.biocrea@free.fr','2013-01-02 16:19:39','127.0.0.1',''),(2379,'mog1992@gmail.com','2013-01-02 16:19:39','127.0.0.1',''),(2380,'moret.lionel@wanadoo.fr','2013-01-02 16:19:39','127.0.0.1',''),(2381,'moulin.tetras@wanadoo.fr','2013-01-02 16:19:39','127.0.0.1',''),(2382,'mpbl4@hotmail.com','2013-01-02 16:19:39','127.0.0.1',''),(2383,'mr.kb@hotmail.fr','2013-01-02 16:19:39','127.0.0.1',''),(2384,'nathalie.caccamo742@orange.fr','2013-01-02 16:19:39','127.0.0.1',''),(2385,'neojul03@hotmail.com','2013-01-02 16:19:39','127.0.0.1',''),(2386,'nico.3874@yahoo.fr','2013-01-02 16:19:39','127.0.0.1',''),(2387,'niggaz31000@hotmail.fr','2013-01-02 16:19:39','127.0.0.1',''),(2388,'noixetnoix@orange.fr','2013-01-02 16:19:39','127.0.0.1',''),(2389,'oberland.hotel@wanadoo.fr','2013-01-02 16:19:39','127.0.0.1',''),(2390,'osushi2@wanadoo.fr','2013-01-02 16:19:39','127.0.0.1',''),(2391,'p.coutaz@orange.fr','2013-01-02 16:19:39','127.0.0.1',''),(2392,'paneterie@hotmail.fr','2013-01-02 16:19:39','127.0.0.1',''),(2393,'papapouf2@wanadoo.fr','2013-01-02 16:19:39','127.0.0.1',''),(2394,'pascal-thevenet38@orange.fr','2013-01-02 16:19:39','127.0.0.1',''),(2395,'pascal.beirnaert@orange.fr','2013-01-02 16:19:39','127.0.0.1',''),(2396,'pascale.marie@live.fr','2013-01-02 16:19:39','127.0.0.1',''),(2397,'pascalinecharlon@hotmail.com','2013-01-02 16:19:39','127.0.0.1',''),(2398,'patisserie@perroudon.com','2013-01-02 16:19:39','127.0.0.1',''),(2399,'patrick.lescos@aliceadsl.fr','2013-01-02 16:19:39','127.0.0.1',''),(2400,'patrick.megevand2@orange.fr','2013-01-02 16:19:39','127.0.0.1',''),(2401,'patricketmaudtire@live.fr','2013-01-02 16:19:39','127.0.0.1',''),(2402,'peauly@yahoo.fr','2013-01-02 16:19:39','127.0.0.1',''),(2403,'petitvronnais@free.fr','2013-01-02 16:19:39','127.0.0.1',''),(2404,'petrindelapompignane@orange.fr','2013-01-02 16:19:39','127.0.0.1',''),(2405,'petrindessaveurs@orange.fr','2013-01-02 16:19:39','127.0.0.1',''),(2406,'ph.lenain@hotmail.fr','2013-01-02 16:19:39','127.0.0.1',''),(2407,'philippe.astolfi@sovec.fr','2013-01-02 16:19:39','127.0.0.1',''),(2408,'philippe.mathieu6@wanadoo.fr','2013-01-02 16:19:39','127.0.0.1',''),(2409,'phone.com@free.fr','2013-01-02 16:19:39','127.0.0.1',''),(2410,'pierre.gay.fromager@orange.fr','2013-01-02 16:19:39','127.0.0.1',''),(2411,'pizza.country@orange.fr','2013-01-02 16:19:39','127.0.0.1',''),(2412,'pizzaiologue@gmail.com','2013-01-02 16:19:39','127.0.0.1',''),(2413,'plochploch@hotmail.fr','2013-01-02 16:19:39','127.0.0.1',''),(2414,'plumex-prieure@wanadoo.fr','2013-01-02 16:19:39','127.0.0.1',''),(2415,'prestigedauphi@aol.com','2013-01-02 16:19:39','127.0.0.1',''),(2416,'r.a.t.g@free.fr','2013-01-02 16:19:39','127.0.0.1',''),(2417,'restauration74@orange.fr','2013-01-02 16:19:39','127.0.0.1',''),(2418,'rgiannico@wanadoo.fr','2013-01-02 16:19:39','127.0.0.1',''),(2419,'richard.sylvie2@wanadoo.fr','2013-01-02 16:19:39','127.0.0.1',''),(2420,'riqmar@free.fr','2013-01-02 16:19:39','127.0.0.1',''),(2421,'robertguerguy@msn.com','2013-01-02 16:19:39','127.0.0.1',''),(2422,'roger-petit2@wanadoo.fr','2013-01-02 16:19:39','127.0.0.1',''),(2423,'romain.wolverine@hotmail.fr','2013-01-02 16:19:39','127.0.0.1',''),(2424,'romu38110@orange.fr','2013-01-02 16:19:39','127.0.0.1',''),(2425,'safilouisa@yahoo.fr','2013-01-02 16:19:39','127.0.0.1',''),(2426,'sam88100@yahoo.fr','2013-01-02 16:19:39','127.0.0.1',''),(2427,'sarhiri@hotmail.fr','2013-01-02 16:19:39','127.0.0.1',''),(2428,'saveursdusud@live.fr','2013-01-02 16:19:39','127.0.0.1',''),(2429,'servizet.tradtion@orange.fr','2013-01-02 16:19:39','127.0.0.1',''),(2430,'shirlanne@hotmail.fr','2013-01-02 16:19:39','127.0.0.1',''),(2431,'solve.pascal@orange.fr','2013-01-02 16:19:39','127.0.0.1',''),(2432,'spcpropain@yahoo.fr','2013-01-02 16:19:39','127.0.0.1',''),(2433,'steph.grattier@wanadoo.fr','2013-01-02 16:19:39','127.0.0.1',''),(2434,'stephane.martin@panem.fr','2013-01-02 16:19:39','127.0.0.1',''),(2435,'sum19@hotmail.fr','2013-01-02 16:19:39','127.0.0.1',''),(2436,'sushilkumar@hotmail.fr','2013-01-02 16:19:39','127.0.0.1',''),(2437,'tadarras@wanadoo.fr','2013-01-02 16:19:39','127.0.0.1',''),(2438,'thgascard@wanadoo.fr','2013-01-02 16:19:39','127.0.0.1',''),(2439,'thierry.lepointe@wanadoo.fr','2013-01-02 16:19:39','127.0.0.1',''),(2440,'thierry.loy@wanadoo.fr','2013-01-02 16:19:39','127.0.0.1',''),(2441,'tomivanou@free.fr','2013-01-02 16:19:39','127.0.0.1',''),(2442,'toufic60@hotmail.fr','2013-01-02 16:19:39','127.0.0.1',''),(2443,'trillat-rabilloud.s@akeonet.com','2013-01-02 16:19:39','127.0.0.1',''),(2444,'truchet.sandrine@gmail.com','2013-01-02 16:19:39','127.0.0.1',''),(2445,'valybetous@9business.fr','2013-01-02 16:19:39','127.0.0.1',''),(2446,'vincent@aupaindantan.fr','2013-01-02 16:19:39','127.0.0.1',''),(2447,'wfestive@voila.fr','2013-01-02 16:19:39','127.0.0.1',''),(2448,'william.levecque@aliceadsl.fr','2013-01-02 16:19:39','127.0.0.1',''),(2449,'williamjullin@hotmail.fr','2013-01-02 16:19:39','127.0.0.1',''),(2450,'willymath@orange.fr','2013-01-02 16:19:39','127.0.0.1',''),(2451,'wisign@gmail.com','2013-01-02 16:19:39','127.0.0.1',''),(2452,'xavier-roussel@neuf.fr','2013-01-02 16:19:39','127.0.0.1',''),(2453,'xavierduplan@yahoo.fr','2013-01-02 16:19:39','127.0.0.1',''),(2454,'y.ouham@hotmail.fr','2013-01-02 16:19:39','127.0.0.1',''),(2455,'yna-gourmet@wanadoo.fr','2013-01-02 16:19:39','127.0.0.1',''),(2456,'yvessambet@hotmail.fr','2013-01-02 16:19:39','127.0.0.1',''),(2457,'zeroual.immo@yahoo.fr','2013-01-02 16:19:39','127.0.0.1',''),(2458,'zugmeyer@zugmeyer.fr','2013-01-02 16:19:39','127.0.0.1',''),(2459,'abdelrhani1@yahoo.fr','2013-02-21 22:33:44','79.95.170.74',''),(2460,'manager.palmbeach@palmbeachseychelles.com','2013-04-08 18:57:18','41.191.121.183',NULL),(2461,'elie.mbaki@yahoo.fr','2013-05-07 16:15:54','41.223.189.66',''),(2462,'yassine133@msn.com','2013-09-09 18:49:21','90.3.115.213','');

--
-- Table structure for table `ps_newsletterlist`
--

CREATE TABLE `ps_newsletterlist` (
  `ID` int(5) NOT NULL AUTO_INCREMENT,
  `id_gender` varchar(12) NOT NULL DEFAULT '',
  `email` varchar(128) NOT NULL DEFAULT '',
  `lastname` varchar(128) NOT NULL DEFAULT '0',
  `firstname` varchar(128) NOT NULL DEFAULT '',
  PRIMARY KEY (`ID`)
) ENGINE=InnoDB DEFAULT CHARSET=utf8;

--
-- Dumping data for table `ps_newsletterlist`
--


--
-- Table structure for table `ps_operating_system`
--

CREATE TABLE `ps_operating_system` (
  `id_operating_system` int(10) unsigned NOT NULL AUTO_INCREMENT,
  `name` varchar(64) DEFAULT NULL,
  PRIMARY KEY (`id_operating_system`)
) ENGINE=InnoDB AUTO_INCREMENT=8 DEFAULT CHARSET=utf8;

--
-- Dumping data for table `ps_operating_system`
--

INSERT INTO `ps_operating_system` VALUES (1,'Windows XP'),(2,'Windows Vista'),(3,'Windows 7'),(4,'Windows 8'),(5,'MacOsX'),(6,'Linux'),(7,'Android');

--
-- Table structure for table `ps_order_detail`
--

CREATE TABLE `ps_order_detail` (
  `id_order_detail` int(10) unsigned NOT NULL AUTO_INCREMENT,
  `id_order` int(10) unsigned NOT NULL,
  `product_id` int(10) unsigned NOT NULL,
  `product_attribute_id` int(10) unsigned DEFAULT NULL,
  `product_name` varchar(255) NOT NULL,
  `product_quantity` int(10) unsigned NOT NULL DEFAULT '0',
  `product_quantity_in_stock` int(10) NOT NULL DEFAULT '0',
  `product_quantity_refunded` int(10) unsigned NOT NULL DEFAULT '0',
  `product_quantity_return` int(10) unsigned NOT NULL DEFAULT '0',
  `product_quantity_reinjected` int(10) unsigned NOT NULL DEFAULT '0',
  `product_price` decimal(20,6) NOT NULL DEFAULT '0.000000',
  `reduction_percent` decimal(10,2) NOT NULL DEFAULT '0.00',
  `reduction_amount` decimal(20,6) NOT NULL DEFAULT '0.000000',
  `group_reduction` decimal(10,2) NOT NULL DEFAULT '0.00',
  `product_quantity_discount` decimal(20,6) NOT NULL DEFAULT '0.000000',
  `product_ean13` varchar(13) DEFAULT NULL,
  `product_upc` varchar(12) DEFAULT NULL,
  `product_reference` varchar(32) DEFAULT NULL,
  `product_supplier_reference` varchar(32) DEFAULT NULL,
  `product_weight` float NOT NULL,
  `tax_name` varchar(40) NOT NULL,
  `tax_rate` decimal(10,3) NOT NULL DEFAULT '0.000',
  `ecotax` decimal(21,6) NOT NULL DEFAULT '0.000000',
  `ecotax_tax_rate` decimal(5,3) NOT NULL DEFAULT '0.000',
  `discount_quantity_applied` tinyint(1) NOT NULL DEFAULT '0',
  `download_hash` varchar(255) DEFAULT NULL,
  `download_nb` int(10) unsigned DEFAULT '0',
  `download_deadline` datetime DEFAULT '0000-00-00 00:00:00',
  PRIMARY KEY (`id_order_detail`),
  KEY `order_detail_order` (`id_order`),
  KEY `product_id` (`product_id`),
  KEY `product_attribute_id` (`product_attribute_id`),
  KEY `id_order_id_order_detail` (`id_order`,`id_order_detail`)
) ENGINE=InnoDB AUTO_INCREMENT=117 DEFAULT CHARSET=utf8;

--
-- Dumping data for table `ps_order_detail`
--

INSERT INTO `ps_order_detail` VALUES (5,4,44,0,'Four remise en température',1,1,0,0,0,1003.340000,0.00,0.000000,0.00,0.000000,NULL,NULL,'C00009',NULL,0,'TVA',19.600,0.000000,0.000,0,NULL,0,'0000-00-00 00:00:00'),(8,7,66,0,'Lave vaisselle à capot',1,1,0,0,0,1900.000000,0.00,0.000000,0.00,0.000000,NULL,NULL,'A00016',NULL,0,'TVA',19.600,0.000000,0.000,0,'',0,'0000-00-00 00:00:00'),(9,8,267,0,'filets fibre de verre',30,30,0,0,0,25.000000,0.00,0.000000,0.00,0.000000,NULL,NULL,'filets',NULL,0,'TVA',19.600,0.000000,0.000,0,'',0,'0000-00-00 00:00:00'),(10,9,387,0,'Grilles Inox avec arrêts 900x750',20,20,0,0,0,35.000000,0.00,0.000000,0.00,0.000000,NULL,NULL,'grilles','roure',0.8,'TVA',19.600,0.000000,0.000,0,'',0,'0000-00-00 00:00:00'),(11,10,191,0,'stephan',1,1,0,0,0,1200.000000,0.00,0.000000,0.00,0.000000,NULL,NULL,'ML00063','peyrot',0,'TVA',19.600,0.000000,0.000,0,'',0,'0000-00-00 00:00:00'),(12,11,38,0,'Chambre de pousse',1,1,0,0,0,4200.000000,0.00,0.000000,0.00,0.000000,NULL,NULL,'F00055',NULL,0,'TVA',19.600,0.000000,0.000,0,'',0,'0000-00-00 00:00:00'),(13,12,100,0,'Balance Pâtissière 15 Kg',1,1,0,0,0,209.000000,0.00,0.000000,0.00,0.000000,NULL,NULL,'TXI-15','creative balance',5,'TVA',19.600,0.000000,0.000,0,'',0,'0000-00-00 00:00:00'),(14,13,254,0,'TABLE RÉFRIGÉRÉE A PIZZA',1,1,0,0,0,2000.000000,0.00,0.000000,0.00,0.000000,NULL,NULL,'F00100','L2G',0,'TVA',19.600,0.000000,0.000,0,'',0,'0000-00-00 00:00:00'),(15,14,124,0,'Echelles patissères',2,2,0,0,0,280.000000,0.00,0.000000,0.00,0.000000,NULL,NULL,'echelle-d','roure',35,'TVA',19.600,0.000000,0.000,0,'',0,'0000-00-00 00:00:00'),(16,15,467,0,'Vitrine double 4 faces vitrées',1,1,0,0,0,1450.000000,0.00,0.000000,0.00,0.000000,NULL,NULL,'F00126','richard',501,'TVA',19.600,0.000000,0.000,0,'',0,'0000-00-00 00:00:00'),(17,16,101,0,'Balance Pâtissière 30 Kg',1,1,0,0,0,209.000000,0.00,0.000000,0.00,0.000000,NULL,NULL,'TXI-30','creative balance',5,'TVA',19.600,0.000000,0.000,0,'',0,'0000-00-00 00:00:00'),(18,17,155,0,'LOQUETEAU FERMOD',1,1,0,0,0,89.000000,0.00,0.000000,0.00,0.000000,NULL,NULL,'FER570','panicoupe',1.1,'TVA',19.600,0.000000,0.000,0,'',0,'0000-00-00 00:00:00'),(19,18,444,0,'Diviseuse ronde',1,1,0,0,0,2800.000000,0.00,0.000000,0.00,0.000000,NULL,NULL,'ML00068','st palud',250,'TVA',19.600,0.000000,0.000,0,'',0,'0000-00-00 00:00:00'),(20,19,432,0,'Vitrine à chocolat',1,1,0,0,0,2500.000000,0.00,0.000000,0.00,0.000000,NULL,NULL,'F00114','scaiola',150,'TVA',19.600,0.000000,0.000,0,'',0,'0000-00-00 00:00:00'),(21,20,465,0,'Poussoir à saucisses',1,1,0,0,0,340.000000,0.00,0.000000,0.00,0.000000,NULL,NULL,'ML00072',NULL,11,'TVA',19.600,0.000000,0.000,0,'',0,'0000-00-00 00:00:00'),(22,21,494,0,'Armoire de fermentation hengel',1,1,0,0,0,1400.000000,0.00,0.000000,0.00,0.000000,NULL,NULL,'F00130',NULL,200,'',0.000,0.000000,0.000,0,'',0,'0000-00-00 00:00:00'),(23,22,333,100,'Bacs Isotherme Pro GN - couleur : Noir',2,2,0,0,0,44.000000,0.00,0.000000,0.00,0.000000,NULL,NULL,'PR1260-xx','Kangabox',2,'TVA',19.600,0.000000,0.000,0,'',0,'0000-00-00 00:00:00'),(24,23,104,0,'Balance Fournil 150 Kg',1,1,0,0,0,309.000000,0.00,0.000000,0.00,0.000000,NULL,NULL,'TSX-150','creative balance',11,'TVA',19.600,0.000000,0.000,0,'',0,'0000-00-00 00:00:00'),(25,23,101,0,'Balance Pâtissière 30 Kg',1,1,0,0,0,219.000000,0.00,0.000000,0.00,0.000000,NULL,NULL,'TXI-30','creative balance',5,'TVA',19.600,0.000000,0.000,0,'',0,'0000-00-00 00:00:00'),(26,24,395,0,'Presentoir buffet, macaron, verrine...',1,1,0,0,0,195.000000,0.00,0.000000,0.00,0.000000,NULL,NULL,'PRLUM120','pic-party',7,'TVA',19.600,0.000000,0.000,0,'',0,'0000-00-00 00:00:00'),(27,25,506,0,'Surgélateur, congélateur HENGEL',1,1,0,0,0,4600.000000,0.00,0.000000,0.00,0.000000,NULL,NULL,NULL,'ANNECY chevalier',200,'TVA',19.600,0.000000,0.000,0,'',0,'0000-00-00 00:00:00'),(28,25,546,0,'ensemble magasin',1,1,0,0,0,2400.000000,0.00,0.000000,0.00,0.000000,NULL,NULL,NULL,'pagay',0,'TVA',19.600,0.000000,0.000,0,'',0,'0000-00-00 00:00:00'),(29,26,496,0,'Achat magasin',370,370,0,0,0,10.000000,0.00,0.000000,0.00,0.000000,NULL,NULL,NULL,NULL,0,'TVA',19.600,0.000000,0.000,0,'',0,'0000-00-00 00:00:00'),(30,27,660,0,'Repose pâton',1,1,0,0,0,3800.000000,0.00,0.000000,0.00,0.000000,NULL,NULL,NULL,NULL,320,'TVA',19.600,0.000000,0.000,0,'',0,'0000-00-00 00:00:00'),(31,28,462,0,'Tour patissier',1,1,0,0,0,1500.000000,0.00,0.000000,0.00,0.000000,NULL,NULL,'F00124','courchevel',150,'TVA',19.600,0.000000,0.000,0,'',0,'0000-00-00 00:00:00'),(32,29,141,0,'Caniveaux de sol petit',2,2,0,0,0,350.000000,0.00,0.000000,0.00,0.000000,NULL,NULL,'P00001','enodis',0,'TVA',19.600,0.000000,0.000,0,'',0,'0000-00-00 00:00:00'),(33,30,517,0,'Laminoir à bandes',1,1,0,0,0,1750.000000,0.00,0.000000,0.00,0.000000,NULL,NULL,NULL,NULL,0,'TVA',19.600,0.000000,0.000,0,'',0,'0000-00-00 00:00:00'),(34,30,651,0,'Plonge',1,1,0,0,0,220.000000,0.00,0.000000,0.00,0.000000,NULL,NULL,NULL,NULL,80,'TVA',19.600,0.000000,0.000,0,'',0,'0000-00-00 00:00:00'),(35,30,392,0,'fourneaux 2 gaz',1,1,0,0,0,200.000000,0.00,0.000000,0.00,0.000000,NULL,NULL,'C00095','challe les eaux',100,'TVA',19.600,0.000000,0.000,0,'',0,'0000-00-00 00:00:00'),(36,30,521,0,'panetière en bois',1,1,0,0,0,500.000000,0.00,0.000000,0.00,0.000000,NULL,NULL,NULL,NULL,0,'TVA',19.600,0.000000,0.000,0,'',0,'0000-00-00 00:00:00'),(37,30,522,0,'batteur 20 l',1,1,0,0,0,890.000000,0.00,0.000000,0.00,0.000000,NULL,NULL,NULL,'valloire',0,'TVA',19.600,0.000000,0.000,0,'',0,'0000-00-00 00:00:00'),(38,31,662,0,'Vitrine réfrigérée',1,1,0,0,0,950.000000,0.00,0.000000,0.00,0.000000,NULL,NULL,NULL,NULL,200,'TVA',19.600,0.000000,0.000,0,'',0,'0000-00-00 00:00:00'),(39,32,713,0,'Lave batterie 11 KW',1,1,0,0,0,2800.000000,0.00,0.000000,0.00,0.000000,NULL,NULL,NULL,NULL,502,'TVA',19.600,0.000000,0.000,0,'',0,'0000-00-00 00:00:00'),(40,33,496,0,'Achat magasin',62,62,0,0,0,10.000000,0.00,0.000000,0.00,0.000000,NULL,NULL,NULL,NULL,0,'TVA',20.000,0.000000,0.000,0,'',0,'0000-00-00 00:00:00'),(41,34,496,0,'Achat magasin',25,25,0,0,0,10.000000,0.00,0.000000,0.00,0.000000,NULL,NULL,NULL,NULL,0,'TVA',20.000,0.000000,0.000,0,'',0,'0000-00-00 00:00:00'),(42,35,333,100,'Bacs Isotherme Pro GN - couleur : Noir',1,1,0,0,0,44.000000,0.00,0.000000,0.00,0.000000,NULL,NULL,'PR1260-xx','Kangabox',2,'TVA',20.000,0.000000,0.000,0,'',0,'0000-00-00 00:00:00'),(43,36,496,0,'Achat magasin',34,34,0,0,0,10.000000,0.00,0.000000,0.00,0.000000,NULL,NULL,NULL,NULL,0,'TVA',20.000,0.000000,0.000,0,'',0,'0000-00-00 00:00:00'),(44,37,101,0,'Balance Pâtissière 30 Kg',1,1,0,0,0,219.000000,0.00,0.000000,0.00,0.000000,NULL,NULL,'TXI-30','creative balance',5,'TVA',20.000,0.000000,0.000,0,'',0,'0000-00-00 00:00:00'),(45,38,878,0,'2 feux vifs',1,1,0,0,0,650.000000,0.00,0.000000,0.00,0.000000,NULL,NULL,'061','boss',100,'TVA',20.000,0.000000,0.000,0,'',0,'0000-00-00 00:00:00'),(46,39,434,0,'Hachoir électrique',1,1,0,0,0,499.000000,0.00,0.000000,0.00,0.000000,NULL,NULL,'120277','matfer',9,'TVA',20.000,0.000000,0.000,0,'',0,'0000-00-00 00:00:00'),(47,39,103,0,'Balance Fournil 60 Kg',1,1,0,0,0,409.000000,0.00,0.000000,0.00,0.000000,NULL,NULL,'TSX-60','creative balance',28,'TVA',20.000,0.000000,0.000,0,'',0,'0000-00-00 00:00:00'),(48,40,496,0,'Achat magasin',27,27,0,0,0,10.000000,0.00,0.000000,0.00,0.000000,NULL,NULL,NULL,NULL,0,'TVA',20.000,0.000000,0.000,0,'',0,'0000-00-00 00:00:00'),(49,41,496,0,'Achat magasin',370,370,0,0,0,10.000000,0.00,0.000000,0.00,0.000000,NULL,NULL,NULL,NULL,0,'TVA',20.000,0.000000,0.000,0,'',0,'0000-00-00 00:00:00'),(50,42,1023,0,'Chambre de pousse Bongard',1,1,0,0,0,3900.000000,0.00,0.000000,0.00,0.000000,NULL,NULL,'151','jean jaures',300,'TVA',20.000,0.000000,0.000,0,'',0,'0000-00-00 00:00:00'),(51,43,867,0,'Armoire mobile de maintient temperature',1,1,0,0,0,700.000000,0.00,0.000000,0.00,0.000000,NULL,NULL,'en29',NULL,100,'TVA',20.000,0.000000,0.000,0,'',0,'0000-00-00 00:00:00'),(52,44,400,0,'Machines à glaçons 80 kg',1,1,0,0,0,2000.000000,0.00,0.000000,0.00,0.000000,NULL,NULL,'F00105','enodis',80,'TVA',20.000,0.000000,0.000,0,'',0,'0000-00-00 00:00:00'),(53,45,400,0,'Machines à glaçons 80 kg',1,1,0,0,0,2000.000000,0.00,0.000000,0.00,0.000000,NULL,NULL,'F00105','enodis',80,'TVA',20.000,0.000000,0.000,0,'',0,'0000-00-00 00:00:00'),(54,46,109,0,'Grilles Inox 400x800',1,1,0,0,0,15.000000,0.00,0.000000,0.00,0.000000,NULL,NULL,'grilles','roure',0.8,'TVA',20.000,0.000000,0.000,0,'',0,'0000-00-00 00:00:00'),(55,47,496,0,'Achat magasin',125,125,0,0,0,10.000000,0.00,0.000000,0.00,0.000000,NULL,NULL,NULL,NULL,0,'TVA',20.000,0.000000,0.000,0,'',0,'0000-00-00 00:00:00'),(56,48,119,0,'Grilles Inox avec arrêts 800x800',1,1,0,0,0,40.000000,0.00,0.000000,0.00,0.000000,NULL,NULL,'grilles','roure',0.8,'TVA',20.000,0.000000,0.000,0,'',0,'0000-00-00 00:00:00'),(57,49,396,0,'Presentoir buffet, macaron, verrine...',2,2,0,0,0,245.000000,0.00,0.000000,0.00,0.000000,NULL,NULL,'PRPRES 120','pic-party',7,'TVA',20.000,0.000000,0.000,0,'',0,'0000-00-00 00:00:00'),(58,50,496,0,'Achat magasin',55,55,0,0,0,10.000000,0.00,0.000000,0.00,0.000000,NULL,NULL,NULL,NULL,0,'TVA',20.000,0.000000,0.000,0,'',0,'0000-00-00 00:00:00'),(59,51,109,0,'Grilles Inox 400x800',6,6,0,0,0,15.000000,0.00,0.000000,0.00,0.000000,NULL,NULL,'grilles','roure',0.8,'TVA',20.000,0.000000,0.000,0,'',0,'0000-00-00 00:00:00'),(60,51,110,0,'Grilles Inox 600x800',5,5,0,0,0,22.000000,0.00,0.000000,0.00,0.000000,NULL,NULL,'grilles','roure',0.8,'TVA',20.000,0.000000,0.000,0,'',0,'0000-00-00 00:00:00'),(61,52,496,0,'Achat magasin',18,18,0,0,0,10.000000,0.00,0.000000,0.00,0.000000,NULL,NULL,NULL,NULL,0,'TVA',20.000,0.000000,0.000,0,'',0,'0000-00-00 00:00:00'),(62,53,102,0,'Balance Fournil 30 Kg',1,1,0,0,0,459.000000,0.00,0.000000,0.00,0.000000,NULL,NULL,'TSX-30','creative balance',11,'TVA',20.000,0.000000,0.000,0,'',0,'0000-00-00 00:00:00'),(63,54,496,0,'Achat magasin',159,159,0,0,0,10.000000,0.00,0.000000,0.00,0.000000,NULL,NULL,NULL,NULL,0,'TVA',20.000,0.000000,0.000,0,'',0,'0000-00-00 00:00:00'),(64,55,1466,0,'Armoire 4 portillons de marque Actif',1,1,0,0,0,3900.000000,0.00,0.000000,0.00,0.000000,NULL,NULL,'612',NULL,300,'TVA',20.000,0.000000,0.000,0,'',0,'0000-00-00 00:00:00'),(65,56,469,0,'Lave verres',1,1,0,0,0,1900.000000,0.00,0.000000,0.00,0.000000,NULL,NULL,'L00003','enodis gv40',60,'TVA',20.000,0.000000,0.000,0,'',0,'0000-00-00 00:00:00'),(66,56,187,0,'Éplucheuse professionnelle',1,1,0,0,0,1500.000000,0.00,0.000000,0.00,0.000000,NULL,NULL,'salles','salles',100,'TVA',20.000,0.000000,0.000,0,'',0,'0000-00-00 00:00:00'),(67,56,287,0,'Four mixte air pulsé',1,1,0,0,0,4200.000000,0.00,0.000000,0.00,0.000000,NULL,NULL,'456',NULL,80,'TVA',20.000,0.000000,0.000,0,'',0,'0000-00-00 00:00:00'),(68,56,428,0,'Chauffe assiette',1,1,0,0,0,990.000000,0.00,0.000000,0.00,0.000000,NULL,NULL,'C00099','cima',90,'TVA',20.000,0.000000,0.000,0,'',0,'0000-00-00 00:00:00'),(69,56,657,0,'Fourneaux',1,1,0,0,0,2800.000000,0.00,0.000000,0.00,0.000000,NULL,NULL,NULL,NULL,150,'TVA',20.000,0.000000,0.000,0,'',0,'0000-00-00 00:00:00'),(70,56,323,0,'Plancha electrique',1,1,0,0,0,1600.000000,0.00,0.000000,0.00,0.000000,NULL,NULL,'C00077',NULL,100,'TVA',20.000,0.000000,0.000,0,'',0,'0000-00-00 00:00:00'),(71,56,1271,0,'salamandre',1,1,0,0,0,1200.000000,0.00,0.000000,0.00,0.000000,NULL,NULL,NULL,NULL,70,'TVA',20.000,0.000000,0.000,0,'',0,'0000-00-00 00:00:00'),(72,56,325,0,'Crêpières éléctriques',1,1,0,0,0,275.000000,0.00,0.000000,0.00,0.000000,NULL,NULL,'C00080','l2g',16,'TVA',20.000,0.000000,0.000,0,'',0,'0000-00-00 00:00:00'),(73,57,1347,0,'Echelle à bac',1,1,0,0,0,100.000000,0.00,0.000000,0.00,0.000000,NULL,NULL,'481',NULL,0,'TVA',20.000,0.000000,0.000,0,'',0,'0000-00-00 00:00:00'),(74,57,1307,0,'échelle à bac',1,1,0,0,0,130.000000,0.00,0.000000,0.00,0.000000,NULL,NULL,'450',NULL,0,'TVA',20.000,0.000000,0.000,0,'',0,'0000-00-00 00:00:00'),(75,57,1304,0,'Chariot boulangerie ',1,1,0,0,0,250.000000,0.00,0.000000,0.00,0.000000,NULL,NULL,NULL,NULL,100,'TVA',20.000,0.000000,0.000,0,'',0,'0000-00-00 00:00:00'),(76,58,496,0,'Achat magasin',125,125,0,0,0,10.000000,0.00,0.000000,0.00,0.000000,NULL,NULL,NULL,NULL,0,'TVA',20.000,0.000000,0.000,0,'',0,'0000-00-00 00:00:00'),(77,59,1489,0,'sécheuse automatique',1,1,0,0,0,950.000000,0.00,0.000000,0.00,0.000000,NULL,NULL,'637',NULL,30,'TVA',20.000,0.000000,0.000,0,'',0,'0000-00-00 00:00:00'),(78,60,714,200,'Diviseuse Formeuse - Grille : avec',1,1,0,0,0,3800.000000,0.00,0.000000,0.00,0.000000,NULL,NULL,NULL,NULL,502,'TVA',20.000,0.000000,0.000,0,'',0,'0000-00-00 00:00:00'),(79,60,622,0,'Echelles 400x600',1,1,0,0,0,140.000000,0.00,0.000000,0.00,0.000000,NULL,NULL,NULL,NULL,35,'TVA',20.000,0.000000,0.000,0,'',0,'0000-00-00 00:00:00'),(80,60,140,0,'bacs plastique Rectangulaire',10,10,0,0,0,17.000000,0.00,0.000000,0.00,0.000000,NULL,NULL,'bacs_rect','roure',1,'TVA',20.000,0.000000,0.000,0,'',0,'0000-00-00 00:00:00'),(81,61,1516,0,'chaudière',1,1,0,0,0,1590.000000,0.00,0.000000,0.00,0.000000,NULL,NULL,'666',NULL,180,'TVA',20.000,0.000000,0.000,0,'',0,'0000-00-00 00:00:00'),(82,62,361,115,'Bacs Isotherme Tower GN - couleur : Jaune',2,2,0,0,0,209.000000,0.00,0.000000,0.00,0.000000,NULL,NULL,'TW8545-xx','Kangabox',7,'TVA',20.000,0.000000,0.000,0,'',0,'0000-00-00 00:00:00'),(83,63,1454,0,'refroidisseur d\'eau',1,1,0,0,0,1390.000000,0.00,0.000000,0.00,0.000000,NULL,NULL,'599',NULL,80,'TVA',20.000,0.000000,0.000,0,'',0,'0000-00-00 00:00:00'),(84,64,496,0,'Achat magasin',26,26,0,0,0,10.000000,0.00,0.000000,0.00,0.000000,NULL,NULL,NULL,NULL,0,'TVA',20.000,0.000000,0.000,0,'',0,'0000-00-00 00:00:00'),(85,65,119,0,'Grilles Inox avec arrêts 800x800',3,3,0,0,0,40.000000,0.00,0.000000,0.00,0.000000,NULL,NULL,'grilles','roure',0.8,'TVA',20.000,0.000000,0.000,0,'',0,'0000-00-00 00:00:00'),(86,67,1391,0,'Plonge en inox',2,2,0,0,0,330.000000,0.00,0.000000,0.00,0.000000,NULL,NULL,'532',NULL,0,'TVA',20.000,0.000000,0.000,0,'',0,'0000-00-00 00:00:00'),(87,67,564,0,'coupe légumes',1,1,0,0,0,990.000000,0.00,0.000000,0.00,0.000000,NULL,NULL,NULL,'l2g',50,'TVA',20.000,0.000000,0.000,0,'',0,'0000-00-00 00:00:00'),(88,67,131,13,'chambre froide positive - MB+Dimension : 2110 x 2110 mm',1,1,0,0,0,4818.000000,0.00,0.000000,0.00,0.000000,NULL,NULL,'MB61211','cold mark',0,'TVA',20.000,0.000000,0.000,0,'',0,'0000-00-00 00:00:00'),(89,68,1136,0,'2 feux vifs',1,1,0,0,0,320.000000,0.00,0.000000,0.00,0.000000,NULL,NULL,'287','287',50,'TVA',20.000,0.000000,0.000,0,'',0,'0000-00-00 00:00:00'),(90,69,109,0,'Grilles Inox 400x800',18,18,0,0,0,15.000000,0.00,0.000000,0.00,0.000000,NULL,NULL,'grilles','roure',0.8,'TVA',20.000,0.000000,0.000,0,'',0,'0000-00-00 00:00:00'),(91,70,496,0,'Achat magasin',30,30,0,0,0,10.000000,0.00,0.000000,0.00,0.000000,NULL,NULL,NULL,NULL,0,'TVA',20.000,0.000000,0.000,0,'',0,'0000-00-00 00:00:00'),(92,71,142,0,'Caniveaux de sol moyen',1,1,0,0,0,500.000000,0.00,0.000000,0.00,0.000000,NULL,NULL,'P00002','enodis',80,'TVA',20.000,0.000000,0.000,0,'',0,'0000-00-00 00:00:00'),(93,72,1656,0,'Grande table inox',1,1,0,0,0,580.000000,0.00,0.000000,0.00,0.000000,NULL,NULL,'814',NULL,100,'TVA',20.000,0.000000,0.000,0,'',0,'0000-00-00 00:00:00'),(94,72,1650,0,'Machine à glace',1,1,0,0,0,2600.000000,0.00,0.000000,0.00,0.000000,NULL,NULL,'G150W','eberhardt',150,'TVA',20.000,0.000000,0.000,0,'',0,'0000-00-00 00:00:00'),(95,73,119,0,'Grilles Inox avec arrêts 800x800',1,1,0,0,0,45.000000,0.00,0.000000,0.00,0.000000,NULL,NULL,'grilles','roure',0.8,'TVA',20.000,0.000000,0.000,0,'',0,'0000-00-00 00:00:00'),(96,74,604,0,'armoire positive',1,1,0,0,0,380.000000,0.00,0.000000,0.00,0.000000,NULL,NULL,NULL,NULL,0,'TVA',20.000,0.000000,0.000,0,'',0,'0000-00-00 00:00:00'),(97,75,1417,0,'vitrine viennoiserie',1,1,0,0,0,900.000000,0.00,0.000000,0.00,0.000000,NULL,NULL,'560',NULL,0,'TVA',20.000,0.000000,0.000,0,'',0,'0000-00-00 00:00:00'),(98,76,496,0,'Achat magasin',100,100,0,0,0,10.000000,0.00,0.000000,0.00,0.000000,NULL,NULL,NULL,NULL,0,'TVA',20.000,0.000000,0.000,0,'',0,'0000-00-00 00:00:00'),(99,77,496,0,'Achat magasin',50,50,0,0,0,10.000000,0.00,0.000000,0.00,0.000000,NULL,NULL,NULL,NULL,0,'TVA',20.000,0.000000,0.000,0,'',0,'0000-00-00 00:00:00'),(100,78,114,0,'Grilles Inox avec arrêts 800x700',10,10,0,0,0,36.000000,0.00,0.000000,0.00,0.000000,NULL,NULL,'grilles','roure',0.8,'TVA',20.000,0.000000,0.000,0,'',0,'0000-00-00 00:00:00'),(101,79,242,0,'Vitrine chocolat',1,1,0,0,0,750.000000,0.00,0.000000,0.00,0.000000,NULL,NULL,'355',NULL,100,'TVA',20.000,0.000000,0.000,0,'',0,'0000-00-00 00:00:00'),(102,80,496,0,'Achat magasin',83,83,0,0,0,10.000000,0.00,0.000000,0.00,0.000000,NULL,NULL,NULL,NULL,0,'TVA',20.000,0.000000,0.000,0,'',0,'0000-00-00 00:00:00'),(103,81,1746,0,'Plonge inox',1,1,0,0,0,450.000000,0.00,0.000000,0.00,0.000000,NULL,NULL,'912',NULL,70,'TVA',20.000,0.000000,0.000,0,'',0,'0000-00-00 00:00:00'),(104,82,496,0,'Achat magasin',41,41,0,0,0,10.000000,0.00,0.000000,0.00,0.000000,NULL,NULL,NULL,NULL,0,'TVA',20.000,0.000000,0.000,0,'',0,'0000-00-00 00:00:00'),(105,83,496,0,'Achat magasin',30,30,0,0,0,10.000000,0.00,0.000000,0.00,0.000000,NULL,NULL,NULL,NULL,0,'TVA',20.000,0.000000,0.000,0,'',0,'0000-00-00 00:00:00'),(106,84,496,0,'Achat magasin',35,35,0,0,0,10.000000,0.00,0.000000,0.00,0.000000,NULL,NULL,NULL,NULL,0,'TVA',20.000,0.000000,0.000,0,'',0,'0000-00-00 00:00:00'),(107,85,119,0,'Grilles Inox avec arrêts 800x800',1,1,0,0,0,45.000000,0.00,0.000000,0.00,0.000000,NULL,NULL,'grilles','roure',0.8,'TVA',20.000,0.000000,0.000,0,'',0,'0000-00-00 00:00:00'),(108,86,496,0,'Achat magasin',63,63,0,0,0,10.000000,0.00,0.000000,0.00,0.000000,NULL,NULL,NULL,NULL,0,'TVA',20.000,0.000000,0.000,0,'',0,'0000-00-00 00:00:00'),(109,87,496,0,'Achat magasin',100,100,0,0,0,10.000000,0.00,0.000000,0.00,0.000000,NULL,NULL,NULL,NULL,0,'TVA',20.000,0.000000,0.000,0,'',0,'0000-00-00 00:00:00'),(110,88,110,0,'Grilles Inox 600x800',16,16,0,0,0,22.000000,0.00,0.000000,0.00,0.000000,NULL,NULL,'grilles','roure',0.8,'TVA',20.000,0.000000,0.000,0,'',0,'0000-00-00 00:00:00'),(111,89,115,0,'Grilles Inox avec arrêts 800x750',2,2,0,0,0,36.000000,0.00,0.000000,0.00,0.000000,NULL,NULL,'grilles','roure',0.8,'TVA',20.000,0.000000,0.000,0,'',0,'0000-00-00 00:00:00'),(112,90,496,0,'Achat magasin',12,12,0,0,0,10.000000,0.00,0.000000,0.00,0.000000,NULL,NULL,NULL,NULL,0,'TVA',20.000,0.000000,0.000,0,'',0,'0000-00-00 00:00:00'),(113,91,1590,0,'Plonge 2 bacs 2 égouttoirs',1,1,0,0,0,800.000000,0.00,0.000000,0.00,0.000000,NULL,NULL,'753',NULL,90,'TVA',20.000,0.000000,0.000,0,'',0,'0000-00-00 00:00:00'),(114,92,496,0,'Achat magasin',23,23,0,0,0,10.000000,0.00,0.000000,0.00,0.000000,NULL,NULL,NULL,NULL,0,'TVA',20.000,0.000000,0.000,0,'',0,'0000-00-00 00:00:00'),(115,93,2106,0,'Vitrine 4 faces vitrées',1,1,0,0,0,1400.000000,0.00,0.000000,0.00,0.000000,NULL,NULL,'1299',NULL,120,'TVA',20.000,0.000000,0.000,0,'',0,'0000-00-00 00:00:00'),(116,94,2102,0,'Four à sole 1 module',1,1,0,0,0,3100.000000,0.00,0.000000,0.00,0.000000,NULL,NULL,'1290',NULL,250,'TVA',20.000,0.000000,0.000,0,'',0,'0000-00-00 00:00:00');

--
-- Table structure for table `ps_order_discount`
--

CREATE TABLE `ps_order_discount` (
  `id_order_discount` int(10) unsigned NOT NULL AUTO_INCREMENT,
  `id_order` int(10) unsigned NOT NULL,
  `id_discount` int(10) unsigned NOT NULL,
  `name` varchar(32) NOT NULL,
  `value` decimal(17,2) NOT NULL DEFAULT '0.00',
  PRIMARY KEY (`id_order_discount`),
  KEY `order_discount_order` (`id_order`),
  KEY `id_discount` (`id_discount`)
) ENGINE=InnoDB DEFAULT CHARSET=utf8;

--
-- Dumping data for table `ps_order_discount`
--


--
-- Table structure for table `ps_order_history`
--

CREATE TABLE `ps_order_history` (
  `id_order_history` int(10) unsigned NOT NULL AUTO_INCREMENT,
  `id_employee` int(10) unsigned NOT NULL,
  `id_order` int(10) unsigned NOT NULL,
  `id_order_state` int(10) unsigned NOT NULL,
  `date_add` datetime NOT NULL,
  PRIMARY KEY (`id_order_history`),
  KEY `order_history_order` (`id_order`),
  KEY `id_employee` (`id_employee`),
  KEY `id_order_state` (`id_order_state`)
) ENGINE=InnoDB AUTO_INCREMENT=181 DEFAULT CHARSET=utf8;

--
-- Dumping data for table `ps_order_history`
--

INSERT INTO `ps_order_history` VALUES (1,0,1,1,'2012-04-27 15:37:36'),(2,0,2,1,'2012-04-27 18:21:19'),(3,1,1,6,'2012-04-27 18:22:26'),(4,1,2,6,'2012-05-02 12:19:39'),(5,0,3,1,'2012-06-08 18:01:47'),(6,1,3,6,'2012-06-08 18:03:39'),(7,0,4,10,'2012-07-04 09:33:22'),(8,1,1,10,'2012-07-05 00:18:45'),(9,1,4,2,'2012-07-05 12:04:45'),(10,1,4,3,'2012-07-05 15:04:59'),(11,1,4,4,'2012-07-10 15:18:41'),(12,0,5,1,'2012-07-12 18:04:16'),(13,1,4,5,'2012-07-15 22:57:25'),(14,1,5,6,'2012-07-17 11:24:44'),(15,0,6,10,'2012-07-19 08:37:19'),(16,1,6,6,'2012-07-19 08:43:52'),(17,0,7,10,'2012-07-19 09:08:24'),(18,1,7,3,'2012-07-20 10:49:35'),(19,1,7,2,'2012-07-21 10:07:44'),(20,1,7,4,'2012-07-21 10:07:55'),(21,1,7,5,'2012-07-30 08:17:37'),(22,0,8,10,'2012-08-30 09:55:53'),(23,1,8,6,'2012-09-04 15:39:39'),(24,0,8,10,'2012-09-26 15:02:32'),(25,1,8,2,'2012-09-27 09:53:02'),(26,1,8,2,'2012-09-27 09:53:41'),(27,1,8,4,'2012-09-27 09:54:04'),(28,1,8,4,'2012-09-27 09:55:46'),(29,1,8,5,'2012-09-29 09:29:43'),(30,0,9,10,'2012-10-04 14:43:22'),(31,0,10,10,'2012-10-04 20:49:17'),(32,1,10,2,'2012-10-08 09:14:32'),(33,1,10,3,'2012-10-08 09:14:43'),(34,1,10,4,'2012-10-08 11:51:12'),(35,1,10,5,'2012-10-14 19:56:10'),(36,1,9,6,'2012-10-14 19:57:24'),(37,0,11,10,'2012-10-23 17:59:08'),(38,0,12,10,'2012-11-05 15:52:34'),(39,1,12,2,'2012-11-07 18:54:49'),(40,1,12,3,'2012-11-07 18:55:03'),(41,1,11,2,'2012-11-09 08:42:44'),(42,1,11,4,'2012-11-09 08:43:02'),(43,1,11,5,'2012-11-09 08:43:07'),(44,0,13,10,'2012-11-17 17:01:28'),(45,1,12,5,'2012-11-19 00:02:23'),(46,0,14,10,'2012-11-27 08:02:00'),(47,0,15,10,'2012-12-03 16:08:22'),(48,1,14,2,'2012-12-03 16:10:17'),(49,1,14,4,'2012-12-03 16:10:27'),(50,1,15,2,'2012-12-03 16:10:54'),(51,1,15,4,'2012-12-03 16:11:18'),(52,1,14,5,'2012-12-11 16:54:24'),(53,1,15,5,'2012-12-11 16:54:35'),(54,1,13,6,'2012-12-11 16:54:49'),(55,0,16,10,'2012-12-13 08:57:07'),(56,1,16,1,'2012-12-14 11:18:01'),(57,1,16,2,'2012-12-14 11:18:13'),(58,1,16,4,'2012-12-14 11:18:21'),(59,1,16,5,'2012-12-20 19:47:36'),(60,0,17,2,'2012-12-21 15:01:51'),(61,0,18,2,'2012-12-21 15:04:06'),(62,0,19,2,'2012-12-21 15:05:26'),(63,1,19,6,'2012-12-21 15:07:21'),(64,1,18,6,'2012-12-21 15:07:30'),(65,1,17,6,'2012-12-21 15:07:39'),(66,0,20,2,'2013-01-10 17:35:03'),(67,0,21,2,'2013-01-17 13:45:24'),(68,3,20,5,'2013-01-18 10:58:48'),(69,0,22,2,'2013-02-24 19:18:37'),(70,3,21,5,'2013-02-25 13:18:06'),(71,3,22,3,'2013-02-25 13:21:51'),(72,0,23,2,'2013-02-27 11:44:04'),(73,3,23,3,'2013-02-27 14:32:30'),(74,3,22,4,'2013-03-01 10:17:43'),(75,3,23,4,'2013-03-01 10:17:52'),(76,1,23,5,'2013-03-21 00:02:27'),(77,1,22,5,'2013-03-21 00:02:48'),(78,0,24,2,'2013-04-03 00:21:53'),(79,1,24,3,'2013-04-10 16:10:14'),(80,1,24,4,'2013-04-10 16:31:07'),(81,0,25,10,'2013-04-20 17:10:40'),(82,3,25,2,'2013-04-24 11:08:12'),(83,0,26,2,'2013-05-22 15:11:53'),(84,0,27,10,'2013-09-18 19:47:22'),(85,3,27,2,'2013-09-24 14:23:10'),(86,3,27,3,'2013-09-24 14:23:23'),(87,0,28,10,'2013-10-04 15:27:47'),(88,3,27,5,'2013-10-07 13:58:49'),(89,3,26,5,'2013-10-07 13:59:02'),(90,3,25,5,'2013-10-07 13:59:40'),(91,3,24,5,'2013-10-07 14:00:09'),(92,3,28,2,'2013-10-07 14:01:00'),(93,0,29,2,'2013-11-09 09:27:46'),(94,1,28,5,'2013-11-12 08:38:02'),(95,1,29,3,'2013-11-12 09:18:00'),(96,0,30,10,'2013-11-12 15:59:20'),(97,0,31,2,'2013-11-21 13:28:29'),(98,1,30,2,'2013-11-21 13:31:11'),(99,1,30,3,'2013-11-21 13:31:21'),(100,1,31,3,'2013-11-21 13:31:30'),(101,1,29,5,'2013-11-21 13:38:42'),(102,0,32,2,'2013-11-26 16:39:39'),(103,1,30,4,'2013-11-27 10:09:17'),(104,1,31,4,'2013-11-27 10:09:43'),(105,1,32,4,'2013-11-28 08:43:55'),(106,1,30,5,'2013-11-29 11:51:52'),(107,1,31,5,'2013-11-29 11:51:59'),(108,0,33,2,'2014-01-22 12:18:59'),(109,0,34,2,'2014-01-27 17:01:17'),(110,0,35,2,'2014-02-19 12:13:12'),(111,1,35,3,'2014-02-19 15:53:04'),(112,1,35,5,'2014-02-28 16:57:56'),(113,0,36,2,'2014-03-12 09:30:22'),(114,0,37,2,'2014-03-31 20:39:35'),(115,1,37,3,'2014-04-01 13:52:35'),(116,1,37,4,'2014-04-03 08:46:01'),(117,1,37,5,'2014-04-22 10:41:27'),(118,0,38,2,'2014-05-12 16:05:43'),(119,1,32,5,'2014-05-23 13:32:23'),(120,0,39,2,'2014-06-05 08:56:08'),(121,0,40,2,'2014-06-10 10:15:45'),(122,0,41,2,'2014-06-10 10:30:16'),(123,0,42,10,'2014-06-30 16:15:27'),(124,0,43,10,'2014-07-16 22:13:25'),(125,1,42,5,'2014-07-17 10:58:57'),(126,0,44,2,'2014-08-14 14:12:43'),(127,0,45,2,'2014-08-20 13:22:29'),(128,0,46,2,'2014-12-06 11:13:11'),(129,1,44,6,'2014-12-08 12:59:13'),(130,1,45,6,'2014-12-08 12:59:31'),(131,0,47,2,'2015-04-28 16:30:24'),(132,0,48,2,'2015-05-11 15:27:07'),(133,0,49,2,'2015-07-13 12:36:45'),(134,0,50,2,'2015-07-21 13:59:44'),(135,0,51,2,'2015-08-07 10:47:07'),(136,0,52,2,'2015-08-12 12:53:46'),(137,0,53,2,'2015-09-08 09:09:57'),(138,0,54,2,'2015-09-09 14:46:07'),(139,0,55,10,'2015-11-23 21:06:05'),(140,0,56,10,'2015-12-15 00:07:19'),(141,0,57,2,'2015-12-17 11:03:26'),(142,0,58,2,'2016-01-11 15:21:58'),(143,0,59,2,'2016-02-11 15:51:31'),(144,0,60,10,'2016-02-19 14:16:44'),(145,0,61,10,'2016-02-29 19:23:24'),(146,0,62,2,'2016-03-15 15:33:39'),(147,0,63,2,'2016-03-31 16:33:05'),(148,0,64,2,'2016-04-19 10:58:04'),(149,0,65,2,'2016-04-19 12:46:53'),(150,0,66,10,'2016-05-01 11:22:50'),(151,1,66,6,'2016-05-06 09:16:39'),(152,0,66,6,'2016-05-06 09:17:09'),(153,0,67,10,'2016-05-21 14:27:44'),(154,0,68,2,'2016-05-25 17:57:07'),(155,0,69,2,'2016-06-13 09:07:15'),(156,0,70,2,'2016-06-16 17:02:17'),(157,0,71,10,'2016-06-23 14:01:18'),(158,0,72,10,'2016-06-23 21:19:39'),(159,0,73,2,'2016-06-26 10:00:07'),(160,0,74,2,'2016-06-26 16:00:59'),(161,0,75,2,'2016-06-30 22:21:43'),(162,0,76,2,'2016-07-06 12:47:15'),(163,0,77,2,'2016-07-25 14:37:50'),(164,0,78,2,'2016-08-22 05:34:07'),(165,0,79,10,'2016-10-01 18:29:21'),(166,0,80,2,'2016-10-20 17:42:04'),(167,0,81,2,'2016-11-19 18:28:36'),(168,0,82,2,'2016-12-15 13:45:15'),(169,0,83,2,'2017-02-20 15:29:00'),(170,0,84,2,'2017-03-17 14:43:04'),(171,0,85,2,'2017-04-26 22:19:16'),(172,0,86,2,'2017-05-24 10:37:59'),(173,0,87,2,'2017-06-01 16:02:30'),(174,0,88,2,'2017-06-13 22:58:50'),(175,0,89,2,'2017-07-28 19:59:51'),(176,0,90,2,'2017-08-16 15:43:31'),(177,0,91,2,'2017-08-30 16:26:59'),(178,0,92,2,'2017-10-04 16:09:34'),(179,0,93,2,'2017-10-14 12:23:15'),(180,0,94,10,'2017-11-14 10:08:23');

--
-- Table structure for table `ps_order_message`
--

CREATE TABLE `ps_order_message` (
  `id_order_message` int(10) unsigned NOT NULL AUTO_INCREMENT,
  `date_add` datetime NOT NULL,
  PRIMARY KEY (`id_order_message`)
) ENGINE=InnoDB DEFAULT CHARSET=utf8;

--
-- Dumping data for table `ps_order_message`
--


--
-- Table structure for table `ps_order_message_lang`
--

CREATE TABLE `ps_order_message_lang` (
  `id_order_message` int(10) unsigned NOT NULL,
  `id_lang` int(10) unsigned NOT NULL,
  `name` varchar(128) NOT NULL,
  `message` text NOT NULL,
  PRIMARY KEY (`id_order_message`,`id_lang`)
) ENGINE=InnoDB DEFAULT CHARSET=utf8;

--
-- Dumping data for table `ps_order_message_lang`
--


--
-- Table structure for table `ps_order_return`
--

CREATE TABLE `ps_order_return` (
  `id_order_return` int(10) unsigned NOT NULL AUTO_INCREMENT,
  `id_customer` int(10) unsigned NOT NULL,
  `id_order` int(10) unsigned NOT NULL,
  `state` tinyint(1) unsigned NOT NULL DEFAULT '1',
  `question` text NOT NULL,
  `date_add` datetime NOT NULL,
  `date_upd` datetime NOT NULL,
  PRIMARY KEY (`id_order_return`),
  KEY `order_return_customer` (`id_customer`),
  KEY `id_order` (`id_order`)
) ENGINE=InnoDB DEFAULT CHARSET=utf8;

--
-- Dumping data for table `ps_order_return`
--


--
-- Table structure for table `ps_order_return_detail`
--

CREATE TABLE `ps_order_return_detail` (
  `id_order_return` int(10) unsigned NOT NULL,
  `id_order_detail` int(10) unsigned NOT NULL,
  `id_customization` int(10) unsigned NOT NULL DEFAULT '0',
  `product_quantity` int(10) unsigned NOT NULL DEFAULT '0',
  PRIMARY KEY (`id_order_return`,`id_order_detail`,`id_customization`)
) ENGINE=InnoDB DEFAULT CHARSET=utf8;

--
-- Dumping data for table `ps_order_return_detail`
--


--
-- Table structure for table `ps_order_return_state`
--

CREATE TABLE `ps_order_return_state` (
  `id_order_return_state` int(10) unsigned NOT NULL AUTO_INCREMENT,
  `color` varchar(32) DEFAULT NULL,
  PRIMARY KEY (`id_order_return_state`)
) ENGINE=InnoDB AUTO_INCREMENT=6 DEFAULT CHARSET=utf8;

--
-- Dumping data for table `ps_order_return_state`
--

INSERT INTO `ps_order_return_state` VALUES (1,'#ADD8E6'),(2,'#EEDDFF'),(3,'#DDFFAA'),(4,'#FFD3D3'),(5,'#FFFFBB');

--
-- Table structure for table `ps_order_return_state_lang`
--

CREATE TABLE `ps_order_return_state_lang` (
  `id_order_return_state` int(10) unsigned NOT NULL,
  `id_lang` int(10) unsigned NOT NULL,
  `name` varchar(64) NOT NULL,
  PRIMARY KEY (`id_order_return_state`,`id_lang`)
) ENGINE=InnoDB DEFAULT CHARSET=utf8;

--
-- Dumping data for table `ps_order_return_state_lang`
--

INSERT INTO `ps_order_return_state_lang` VALUES (1,1,'Waiting for confirmation'),(1,2,'En attente de confirmation'),(1,3,'Pendiente de confirmación'),(1,4,'Bestätigung wird erwartet'),(1,5,'In attesa di conferma'),(2,1,'Waiting for package'),(2,2,'En attente du colis'),(2,3,'En espera de paquetes'),(2,4,'Paket wird erwartet'),(2,5,'In attesa del pacco'),(3,1,'Package received'),(3,2,'Colis reçu'),(3,3,'Paquetes recibidos'),(3,4,'Paket erhalten'),(3,5,'Pacco ricevuto'),(4,1,'Return denied'),(4,2,'Retour refusé'),(4,3,'Volver negó'),(4,4,'Rücksendung abgelehnt'),(4,5,'Restituzione non accettata'),(5,1,'Return completed'),(5,2,'Retour terminé'),(5,3,'Diligenciados'),(5,4,'Rücksendung beendet'),(5,5,'Restituzione terminata');

--
-- Table structure for table `ps_order_slip`
--

CREATE TABLE `ps_order_slip` (
  `id_order_slip` int(10) unsigned NOT NULL AUTO_INCREMENT,
  `conversion_rate` decimal(13,6) NOT NULL DEFAULT '1.000000',
  `id_customer` int(10) unsigned NOT NULL,
  `id_order` int(10) unsigned NOT NULL,
  `shipping_cost` tinyint(3) unsigned NOT NULL DEFAULT '0',
  `date_add` datetime NOT NULL,
  `date_upd` datetime NOT NULL,
  PRIMARY KEY (`id_order_slip`),
  KEY `order_slip_customer` (`id_customer`),
  KEY `id_order` (`id_order`)
) ENGINE=InnoDB DEFAULT CHARSET=utf8;

--
-- Dumping data for table `ps_order_slip`
--


--
-- Table structure for table `ps_order_slip_detail`
--

CREATE TABLE `ps_order_slip_detail` (
  `id_order_slip` int(10) unsigned NOT NULL,
  `id_order_detail` int(10) unsigned NOT NULL,
  `product_quantity` int(10) unsigned NOT NULL DEFAULT '0',
  PRIMARY KEY (`id_order_slip`,`id_order_detail`)
) ENGINE=InnoDB DEFAULT CHARSET=utf8;

--
-- Dumping data for table `ps_order_slip_detail`
--


--
-- Table structure for table `ps_order_state`
--

CREATE TABLE `ps_order_state` (
  `id_order_state` int(10) unsigned NOT NULL AUTO_INCREMENT,
  `invoice` tinyint(1) unsigned DEFAULT '0',
  `send_email` tinyint(1) unsigned NOT NULL DEFAULT '0',
  `color` varchar(32) DEFAULT NULL,
  `unremovable` tinyint(1) unsigned NOT NULL,
  `hidden` tinyint(1) unsigned NOT NULL DEFAULT '0',
  `logable` tinyint(1) NOT NULL DEFAULT '0',
  `delivery` tinyint(1) unsigned NOT NULL DEFAULT '0',
  `deleted` tinyint(1) unsigned NOT NULL DEFAULT '0',
  PRIMARY KEY (`id_order_state`)
) ENGINE=InnoDB AUTO_INCREMENT=14 DEFAULT CHARSET=utf8;

--
-- Dumping data for table `ps_order_state`
--

INSERT INTO `ps_order_state` VALUES (1,0,1,'lightblue',1,0,0,0,0),(2,1,1,'#DDEEFF',1,0,1,0,0),(3,1,1,'#FFDD99',1,0,1,1,0),(4,1,1,'#EEDDFF',1,0,1,1,0),(5,1,0,'#DDFFAA',1,0,1,1,0),(6,0,1,'#DADADA',1,0,0,0,0),(7,1,1,'#FFFFBB',1,0,0,0,0),(8,0,1,'#FFDFDF',1,0,0,0,0),(9,1,1,'#FFD3D3',1,0,0,0,0),(10,0,1,'lightblue',1,0,0,0,0),(11,0,0,'lightblue',1,0,0,0,0),(12,1,1,'#DDEEFF',1,0,1,0,0),(13,1,0,'#DDEEFF',0,0,1,0,0);

--
-- Table structure for table `ps_order_state_lang`
--

CREATE TABLE `ps_order_state_lang` (
  `id_order_state` int(10) unsigned NOT NULL,
  `id_lang` int(10) unsigned NOT NULL,
  `name` varchar(64) NOT NULL,
  `template` varchar(64) NOT NULL,
  PRIMARY KEY (`id_order_state`,`id_lang`)
) ENGINE=InnoDB DEFAULT CHARSET=utf8;

--
-- Dumping data for table `ps_order_state_lang`
--

INSERT INTO `ps_order_state_lang` VALUES (1,1,'Awaiting cheque payment','cheque'),(1,2,'En attente du paiement par chèque','cheque'),(1,3,'En espera de pago por cheque','cheque'),(1,4,'Scheckzahlung wird erwartet','cheque'),(1,5,'In attesa di pagamento con assegno','cheque'),(2,1,'Payment accepted','payment'),(2,2,'Paiement accepté','payment'),(2,3,'Pago aceptamos','payment'),(2,4,'Zahlung eingegangen','payment'),(2,5,'Pagamento accettato','payment'),(3,1,'Preparation in progress','preparation'),(3,2,'Préparation en cours','preparation'),(3,3,'Preparación en curso','preparation'),(3,4,'Bestellung eingegangen','preparation'),(3,5,'Preparazione in corso','preparation'),(4,1,'Shipped','shipped'),(4,2,'En cours de livraison','shipped'),(4,3,'Enviado','shipped'),(4,4,'Versendet','shipped'),(4,5,'Consegna in corso','shipped'),(5,1,'Delivered',''),(5,2,'Livré',''),(5,3,'Entregado',''),(5,4,'Erfolgreich abgeschlossen',''),(5,5,'Consegnato',''),(6,1,'Canceled','order_canceled'),(6,2,'Annulé','order_canceled'),(6,3,'Cancelada','order_canceled'),(6,4,'Storniert','order_canceled'),(6,5,'Annullato','order_canceled'),(7,1,'Refund','refund'),(7,2,'Remboursé','refund'),(7,3,'Reembolsado','refund'),(7,4,'Erstattet','refund'),(7,5,'Rimborsato','refund'),(8,1,'Payment error','payment_error'),(8,2,'Erreur de paiement','payment_error'),(8,3,'Error de pago','payment_error'),(8,4,'Fehler bei der Bezahlung','payment_error'),(8,5,'Errore di pagamento','payment_error'),(9,1,'On backorder','outofstock'),(9,2,'En attente de réapprovisionnement','outofstock'),(9,3,'Productos fuera de línea','outofstock'),(9,4,'Artikel erwartet','outofstock'),(9,5,'In attesa di rifornimento','outofstock'),(10,1,'Awaiting bank wire payment','bankwire'),(10,2,'En attente du paiement par virement bancaire','bankwire'),(10,3,'En espera de pago por transferencia bancaria','bankwire'),(10,4,'Warten auf Zahlungseingang','bankwire'),(10,5,'In attesa di pagamento con bonifico bancario','bankwire'),(11,1,'Awaiting PayPal payment',''),(11,2,'En attente du paiement par PayPal',''),(11,3,'En espera de pago por PayPal',''),(11,4,'Warten auf Zahlungseingang von PayPal',''),(11,5,'In attesa di pagamento con PayPal',''),(12,1,'Payment remotely accepted','payment'),(12,2,'Paiement à distance accepté','payment'),(12,3,'Payment remotely accepted','payment'),(12,4,'Payment Anmeldung erfolgreich','payment'),(12,5,'Payment remotely accepted','payment'),(13,1,'Authorization accepted from PayPal',''),(13,2,'Autorisation acceptée par PayPal',''),(13,3,'Autorisation acceptée par PayPal',''),(13,4,'Autorisation acceptée par PayPal',''),(13,5,'Autorisation acceptée par PayPal','');

--
-- Table structure for table `ps_order_tax`
--

CREATE TABLE `ps_order_tax` (
  `id_order_tax` int(10) unsigned NOT NULL AUTO_INCREMENT,
  `id_order` int(11) NOT NULL,
  `tax_name` varchar(40) NOT NULL,
  `tax_rate` decimal(6,3) NOT NULL,
  `amount` decimal(20,6) NOT NULL,
  PRIMARY KEY (`id_order_tax`)
) ENGINE=InnoDB AUTO_INCREMENT=89 DEFAULT CHARSET=utf8;

--
-- Dumping data for table `ps_order_tax`
--

INSERT INTO `ps_order_tax` VALUES (1,8,'TVA',19.600,147.000000),(2,9,'TVA',19.600,137.200000),(3,10,'TVA',19.600,235.200000),(4,11,'TVA',19.600,823.200000),(5,12,'TVA',19.600,44.100000),(6,13,'TVA',19.600,392.000000),(7,14,'TVA',19.600,109.760000),(8,15,'TVA',19.600,313.600000),(9,16,'TVA',19.600,44.100000),(10,17,'TVA',19.600,19.600000),(11,18,'TVA',19.600,572.320000),(12,19,'TVA',19.600,503.720000),(13,20,'TVA',19.600,70.952000),(14,21,'',0.000,0.000000),(15,21,'TVA',19.600,13.720000),(16,22,'TVA',19.600,19.992000),(17,23,'TVA',19.600,109.172000),(18,24,'TVA',19.600,41.944000),(19,25,'TVA',19.600,1372.000000),(20,26,'TVA',19.600,725.200000),(21,27,'TVA',19.600,776.160000),(22,28,'TVA',19.600,311.444000),(23,29,'TVA',19.600,137.200000),(24,30,'TVA',19.600,715.204000),(25,31,'TVA',19.600,203.644000),(26,32,'TVA',19.600,646.800000),(27,33,'TVA',20.000,124.000000),(28,34,'TVA',20.000,50.000000),(29,35,'TVA',20.000,11.200000),(30,36,'TVA',20.000,68.000000),(31,37,'TVA',20.000,47.000000),(32,38,'TVA',20.000,130.000000),(33,39,'TVA',20.000,181.600000),(34,40,'TVA',20.000,54.000000),(35,41,'TVA',20.000,740.000000),(36,42,'TVA',20.000,804.000000),(37,43,'TVA',20.000,140.000000),(38,44,'TVA',20.000,417.800000),(39,45,'TVA',20.000,417.800000),(40,46,'TVA',20.000,5.000000),(41,47,'TVA',20.000,250.000000),(42,48,'TVA',20.000,10.000000),(43,49,'TVA',20.000,102.400000),(44,50,'TVA',20.000,110.000000),(45,51,'TVA',20.000,43.800000),(46,52,'TVA',20.000,36.000000),(47,53,'TVA',20.000,96.200000),(48,54,'TVA',20.000,318.000000),(49,55,'TVA',20.000,804.000000),(50,56,'TVA',20.000,2893.000000),(51,57,'TVA',20.000,113.800000),(52,58,'TVA',20.000,250.000000),(53,59,'TVA',20.000,207.800000),(54,60,'TVA',20.000,822.000000),(55,61,'TVA',20.000,335.800000),(56,62,'TVA',20.000,88.000000),(57,63,'TVA',20.000,295.800000),(58,64,'TVA',20.000,52.000000),(59,65,'TVA',20.000,26.400000),(60,66,'TVA',20.000,56.000000),(61,67,'TVA',20.000,1311.400000),(62,68,'TVA',20.000,81.800000),(63,69,'TVA',20.000,58.400000),(64,70,'TVA',20.000,60.000000),(65,71,'TVA',20.000,117.800000),(66,72,'TVA',20.000,660.000000),(67,73,'TVA',20.000,11.000000),(68,74,'TVA',20.000,76.000000),(69,75,'TVA',20.000,180.000000),(70,76,'TVA',20.000,200.000000),(71,77,'TVA',20.000,100.000000),(72,78,'TVA',20.000,76.400000),(73,79,'TVA',20.000,169.000000),(74,80,'TVA',20.000,166.000000),(75,81,'TVA',20.000,90.000000),(76,82,'TVA',20.000,82.000000),(77,83,'TVA',20.000,60.000000),(78,84,'TVA',20.000,70.000000),(79,85,'TVA',20.000,11.400000),(80,86,'TVA',20.000,126.000000),(81,87,'TVA',20.000,200.000000),(82,88,'TVA',20.000,77.400000),(83,89,'TVA',20.000,17.600000),(84,90,'TVA',20.000,24.000000),(85,91,'TVA',20.000,160.000000),(86,92,'TVA',20.000,46.000000),(87,93,'TVA',20.000,326.000000),(88,94,'TVA',20.000,690.000000);

--
-- Table structure for table `ps_orders`
--

CREATE TABLE `ps_orders` (
  `id_order` int(10) unsigned NOT NULL AUTO_INCREMENT,
  `id_group_shop` int(11) unsigned NOT NULL DEFAULT '1',
  `id_shop` int(11) unsigned NOT NULL DEFAULT '1',
  `id_carrier` int(10) unsigned NOT NULL,
  `id_lang` int(10) unsigned NOT NULL,
  `id_customer` int(10) unsigned NOT NULL,
  `id_cart` int(10) unsigned NOT NULL,
  `id_currency` int(10) unsigned NOT NULL,
  `id_address_delivery` int(10) unsigned NOT NULL,
  `id_address_invoice` int(10) unsigned NOT NULL,
  `secure_key` varchar(32) NOT NULL DEFAULT '-1',
  `payment` varchar(255) NOT NULL,
  `conversion_rate` decimal(13,6) NOT NULL DEFAULT '1.000000',
  `module` varchar(255) DEFAULT NULL,
  `recyclable` tinyint(1) unsigned NOT NULL DEFAULT '0',
  `gift` tinyint(1) unsigned NOT NULL DEFAULT '0',
  `gift_message` text,
  `shipping_number` varchar(32) DEFAULT NULL,
  `total_discounts` decimal(17,2) NOT NULL DEFAULT '0.00',
  `total_paid` decimal(17,2) NOT NULL DEFAULT '0.00',
  `total_paid_real` decimal(17,2) NOT NULL DEFAULT '0.00',
  `total_products` decimal(17,2) NOT NULL DEFAULT '0.00',
  `total_products_wt` decimal(17,2) NOT NULL DEFAULT '0.00',
  `total_shipping` decimal(17,2) NOT NULL DEFAULT '0.00',
  `carrier_tax_rate` decimal(10,3) NOT NULL DEFAULT '0.000',
  `total_wrapping` decimal(17,2) NOT NULL DEFAULT '0.00',
  `invoice_number` int(10) unsigned NOT NULL DEFAULT '0',
  `delivery_number` int(10) unsigned NOT NULL DEFAULT '0',
  `invoice_date` datetime NOT NULL,
  `delivery_date` datetime NOT NULL,
  `valid` int(1) unsigned NOT NULL DEFAULT '0',
  `date_add` datetime NOT NULL,
  `date_upd` datetime NOT NULL,
  PRIMARY KEY (`id_order`),
  KEY `id_customer` (`id_customer`),
  KEY `id_cart` (`id_cart`),
  KEY `invoice_number` (`invoice_number`),
  KEY `id_carrier` (`id_carrier`),
  KEY `id_lang` (`id_lang`),
  KEY `id_currency` (`id_currency`),
  KEY `id_address_delivery` (`id_address_delivery`),
  KEY `id_address_invoice` (`id_address_invoice`),
  KEY `date_add` (`date_add`),
  KEY `id_group_shop` (`id_group_shop`),
  KEY `id_shop` (`id_shop`)
) ENGINE=InnoDB AUTO_INCREMENT=95 DEFAULT CHARSET=utf8;

--
-- Dumping data for table `ps_orders`
--

INSERT INTO `ps_orders` VALUES (4,1,1,11,2,4,33,1,6,6,'f5218117c25234db7503759f199e760f','Virement Bancaire',1.000000,'bankwire',0,0,'','',0.00,1199.99,1199.99,1003.34,1199.99,0.00,19.600,0.00,1,1,'2012-07-05 12:04:45','2012-07-15 22:57:25',1,'2012-07-04 09:33:21','2012-07-15 22:57:25'),(7,1,1,17,2,6,49,1,10,10,'0e43f3282b41c90f4f2cf389be09a0ac','Virement Bancaire',1.000000,'bankwire',0,0,'','',0.00,2392.00,2392.00,1900.00,2272.40,119.60,19.600,0.00,2,2,'2012-07-20 10:49:35','2012-07-30 08:17:37',1,'2012-07-19 09:08:23','2012-07-30 08:17:37'),(8,1,1,2,2,10,4,1,15,15,'391dc8f17da894a2d3445d2312380963','Virement Bancaire',1.000000,'bankwire',0,0,'','',0.00,897.00,897.00,750.00,897.00,0.00,0.000,0.00,3,1,'2012-09-27 09:53:02','2012-09-29 09:29:43',1,'2012-09-26 15:02:30','2012-09-29 09:29:43'),(9,1,1,12,2,14,11,1,17,17,'b6c8e55c3e1c2f8820bd11a624e2a124','Virement Bancaire',1.000000,'bankwire',0,0,'','',0.00,837.20,837.20,700.00,837.20,0.00,0.000,0.00,0,0,'0000-00-00 00:00:00','0000-00-00 00:00:00',0,'2012-10-04 14:43:20','2012-10-14 19:57:22'),(10,1,1,16,2,15,12,1,19,18,'6495938c6f14fe565e5c9de6415df939','Virement Bancaire',1.000000,'bankwire',0,0,'','',0.00,1585.20,1585.20,1200.00,1435.20,150.00,0.000,0.00,4,2,'2012-10-08 09:14:32','2012-10-14 19:56:10',1,'2012-10-04 20:49:17','2012-10-14 19:56:10'),(11,1,1,22,2,17,43,1,30,30,'4534e23dc8831b2c173be7dc9074e248','Virement Bancaire',1.000000,'bankwire',0,0,'','',0.00,5023.20,5023.20,4200.00,5023.20,0.00,0.000,0.00,6,4,'2012-11-09 08:42:44','2012-11-09 08:43:07',1,'2012-10-23 17:58:52','2012-11-09 08:43:07'),(12,1,1,21,2,20,57,1,33,33,'f194bd175558d5b3edfd64adfb2c8627','Virement Bancaire',1.000000,'bankwire',0,0,'','',0.00,269.10,269.10,209.00,249.96,19.14,19.600,0.00,5,3,'2012-11-07 18:54:49','2012-11-19 00:02:21',1,'2012-11-05 15:52:33','2012-11-19 00:02:21'),(13,1,1,24,2,22,69,1,35,35,'2727a1e1e5cd3f22010aac24d70c2793','Virement Bancaire',1.000000,'bankwire',0,0,'','',0.00,2392.00,2392.00,2000.00,2392.00,0.00,19.600,0.00,0,0,'0000-00-00 00:00:00','0000-00-00 00:00:00',0,'2012-11-17 17:01:27','2012-12-11 16:54:49'),(14,1,1,22,2,23,73,1,36,36,'56f173f152ef5dcbcd593d1b41a63646','Virement Bancaire',1.000000,'bankwire',0,0,'','',0.00,669.76,669.76,560.00,669.76,0.00,0.000,0.00,7,5,'2012-12-03 16:10:17','2012-12-11 16:54:24',1,'2012-11-27 08:01:59','2012-12-11 16:54:24'),(15,1,1,24,2,25,79,1,38,38,'85f3e0074438f28dea416270e87aff7b','Virement Bancaire',1.000000,'bankwire',0,0,'','',0.00,1913.60,1913.60,1450.00,1734.20,179.40,19.600,0.00,8,6,'2012-12-03 16:10:54','2012-12-11 16:54:35',1,'2012-12-03 16:08:21','2012-12-11 16:54:35'),(16,1,1,21,2,26,154,1,39,39,'3b6fbbe83a00658bf0a4ae968e5c505c','Virement Bancaire',1.000000,'bankwire',0,0,'','',0.00,269.10,269.10,209.00,249.96,19.14,19.600,0.00,9,7,'2012-12-14 11:18:13','2012-12-20 19:47:36',1,'2012-12-13 08:57:06','2012-12-20 19:47:36'),(17,1,1,21,2,9,168,1,13,13,'fd8aa80460a75e0e926bd5412f1ffa8e','Credit card',1.000000,'arte_cmcic30',0,0,'','',0.00,119.60,119.60,89.00,106.44,13.16,19.600,0.00,10,0,'2012-12-21 15:01:50','0000-00-00 00:00:00',0,'2012-12-21 15:01:49','2012-12-21 15:07:39'),(18,1,1,21,2,9,169,1,13,13,'fd8aa80460a75e0e926bd5412f1ffa8e','Credit card',1.000000,'arte_cmcic30',0,0,'','',0.00,3492.32,3492.32,2800.00,3348.80,143.52,19.600,0.00,11,0,'2012-12-21 15:04:06','0000-00-00 00:00:00',0,'2012-12-21 15:04:05','2012-12-21 15:07:30'),(19,1,1,21,2,9,170,1,13,13,'fd8aa80460a75e0e926bd5412f1ffa8e','Credit card',1.000000,'arte_cmcic30',0,0,'','',0.00,3073.72,3073.72,2500.00,2990.00,83.72,19.600,0.00,12,0,'2012-12-21 15:05:26','0000-00-00 00:00:00',0,'2012-12-21 15:05:24','2012-12-21 15:07:21'),(20,1,1,21,2,29,193,1,42,42,'05b40c6cc176b8a7ed6e51c301294ddf','Credit card',1.000000,'arte_cmcic30',0,0,'','',0.00,432.95,432.95,340.00,406.64,26.31,19.600,0.00,13,8,'2013-01-10 17:35:03','2013-01-18 10:58:48',1,'2013-01-10 17:34:57','2013-01-18 10:58:48'),(21,1,1,21,2,30,199,1,43,43,'1b28c6624ce05e8cad8472161d134be4','Credit card',1.000000,'arte_cmcic30',0,0,'','',0.00,1483.72,1483.72,1400.00,1400.00,83.72,19.600,0.00,14,9,'2013-01-17 13:45:24','2013-02-25 13:18:06',1,'2013-01-17 13:45:23','2013-02-25 13:18:06'),(22,1,1,21,2,33,242,1,46,46,'7fa91e6179a5b2291a9bfd7c5f4cbe9c','Credit card',1.000000,'arte_cmcic30',0,0,'','',0.00,121.99,121.99,88.00,105.25,16.74,19.600,0.00,15,10,'2013-02-24 19:18:37','2013-03-21 00:02:48',1,'2013-02-24 19:18:36','2013-03-21 00:02:48'),(23,1,1,21,2,35,243,1,48,48,'b6d28d28a6a52563b1d23037be318b10','Credit card',1.000000,'arte_cmcic30',0,0,'','',0.00,666.16,666.16,528.00,631.48,34.68,19.600,0.00,16,11,'2013-02-27 11:44:04','2013-03-21 00:02:27',1,'2013-02-27 11:43:59','2013-03-21 00:02:27'),(24,1,1,21,2,37,273,1,50,50,'9798bcbd0ddd1fc4af0849cf9841c647','Credit card',1.000000,'arte_cmcic30',0,0,'','',0.00,255.94,255.94,195.00,233.22,22.72,19.600,0.00,17,12,'2013-04-03 00:21:53','2013-10-07 14:00:08',1,'2013-04-03 00:21:42','2013-10-07 14:00:08'),(25,1,1,22,2,38,293,1,51,51,'cc3581a363be69c3068d850a48edd8a5','Virement Bancaire',1.000000,'bankwire',0,0,'','',0.00,8372.00,8372.00,7000.00,8372.00,0.00,0.000,0.00,18,15,'2013-04-24 11:08:12','2013-10-07 13:59:40',1,'2013-04-20 17:10:38','2013-10-07 13:59:40'),(26,1,1,22,2,42,334,1,55,55,'538b8fe9bd227c9fff6d9ae8a17060a3','Credit card',1.000000,'arte_cmcic30',0,0,'','',0.00,4425.20,4425.20,3700.00,4425.20,0.00,0.000,0.00,19,14,'2013-05-22 15:11:52','2013-10-07 13:59:02',1,'2013-05-22 15:11:48','2013-10-07 13:59:02'),(27,1,1,21,2,48,442,1,61,61,'8cbccfeaa9ae487c0f669fd3a8f41ea4','Virement Bancaire',1.000000,'bankwire',0,0,'','',0.00,4736.16,4736.16,3800.00,4544.80,191.36,19.600,0.00,20,13,'2013-09-24 14:23:10','2013-10-07 13:58:49',1,'2013-09-18 19:47:18','2013-10-07 13:58:49'),(28,1,1,21,2,50,466,1,63,63,'1ea5514f4884692f3d59e54786a72c3c','Virement Bancaire',1.000000,'bankwire',0,0,'','',0.00,1900.44,1900.44,1500.00,1794.00,106.44,19.600,0.00,21,16,'2013-10-07 14:01:00','2013-11-12 08:38:02',1,'2013-10-04 15:26:33','2013-11-12 08:38:02'),(29,1,1,24,2,52,498,1,65,65,'eb1c846a502cd10c09513cf30bd2fca8','Credit card',1.000000,'arte_cmcic30',0,0,'','',0.00,837.20,837.20,700.00,837.20,0.00,19.600,0.00,22,17,'2013-11-09 09:27:46','2013-11-21 13:38:42',1,'2013-11-09 09:27:44','2013-11-21 13:38:42'),(30,1,1,21,2,49,496,1,62,62,'fbbc2f756c99acd23fc39ac3640c0ced','Virement Bancaire',1.000000,'bankwire',0,0,'','',0.00,4364.20,4364.20,3560.00,4257.76,106.44,19.600,0.00,24,18,'2013-11-21 13:31:11','2013-11-29 11:51:52',1,'2013-11-12 15:59:17','2013-11-29 11:51:52'),(31,1,1,21,2,49,512,1,62,62,'fbbc2f756c99acd23fc39ac3640c0ced','Credit card',1.000000,'arte_cmcic30',0,0,'','',0.00,1242.64,1242.64,950.00,1136.20,106.44,19.600,0.00,23,19,'2013-11-21 13:28:28','2013-11-29 11:51:59',1,'2013-11-21 13:28:15','2013-11-29 11:51:59'),(32,1,1,21,2,54,522,1,67,67,'31c10a54594456a3ee30fd9845ab4082','Credit card',1.000000,'arte_cmcic30',0,0,'','',0.00,3946.80,3946.80,2800.00,3348.80,598.00,19.600,0.00,25,20,'2013-11-26 16:39:38','2014-05-23 13:32:23',1,'2013-11-26 16:39:31','2014-05-23 13:32:23'),(33,1,1,22,2,42,204,1,55,55,'538b8fe9bd227c9fff6d9ae8a17060a3','Credit card',1.000000,'arte_cmcic30',0,0,'','',0.00,744.00,744.00,620.00,744.00,0.00,0.000,0.00,26,0,'2014-01-22 12:18:58','0000-00-00 00:00:00',1,'2014-01-22 12:18:46','2014-01-22 12:18:58'),(34,1,1,22,2,42,581,1,55,55,'538b8fe9bd227c9fff6d9ae8a17060a3','Credit card',1.000000,'arte_cmcic30',0,0,'','',0.00,300.00,300.00,250.00,300.00,0.00,0.000,0.00,27,0,'2014-01-27 17:01:16','0000-00-00 00:00:00',1,'2014-01-27 17:00:40','2014-01-27 17:01:14'),(35,1,1,21,2,57,620,1,71,71,'eb7d50e580fcf113fa6debd048c0d86c','Credit card',1.000000,'arte_cmcic30',0,0,'','',0.00,67.20,67.20,44.00,52.80,14.40,20.000,0.00,28,21,'2014-02-19 12:13:12','2014-02-28 16:57:56',1,'2014-02-19 12:13:01','2014-02-28 16:57:56'),(36,1,1,22,2,42,641,1,55,55,'538b8fe9bd227c9fff6d9ae8a17060a3','Credit card',1.000000,'arte_cmcic30',0,0,'','',0.00,408.00,408.00,340.00,408.00,0.00,0.000,0.00,29,0,'2014-03-12 09:30:22','0000-00-00 00:00:00',1,'2014-03-12 09:30:20','2014-03-12 09:30:21'),(37,1,1,21,2,59,664,1,73,73,'0adc37c60ab89990322835661215a4c4','Credit card',1.000000,'arte_cmcic30',0,0,'','',0.00,282.00,282.00,219.00,262.80,19.20,20.000,0.00,30,22,'2014-03-31 20:39:35','2014-04-22 10:41:27',1,'2014-03-31 20:39:33','2014-04-22 10:41:27'),(38,1,1,22,2,42,714,1,55,55,'538b8fe9bd227c9fff6d9ae8a17060a3','Credit card',1.000000,'arte_cmcic30',0,0,'','',0.00,780.00,780.00,650.00,780.00,0.00,0.000,0.00,31,0,'2014-05-12 16:05:42','0000-00-00 00:00:00',1,'2014-05-12 16:05:41','2014-05-12 16:05:42'),(39,1,1,22,2,64,733,1,78,78,'9b095abc537aa393b79a2320bc55a31d','Credit card',1.000000,'arte_cmcic30',0,0,'','',0.00,1089.60,1089.60,908.00,1089.60,0.00,0.000,0.00,32,0,'2014-06-05 08:56:08','0000-00-00 00:00:00',1,'2014-06-05 08:56:07','2014-06-05 08:56:08'),(40,1,1,22,2,42,737,1,55,55,'538b8fe9bd227c9fff6d9ae8a17060a3','Credit card',1.000000,'arte_cmcic30',0,0,'','',0.00,324.00,324.00,270.00,324.00,0.00,0.000,0.00,33,0,'2014-06-10 10:15:45','0000-00-00 00:00:00',1,'2014-06-10 10:15:44','2014-06-10 10:15:45'),(41,1,1,22,2,42,739,1,55,55,'538b8fe9bd227c9fff6d9ae8a17060a3','Credit card',1.000000,'arte_cmcic30',0,0,'','',0.00,4440.00,4440.00,3700.00,4440.00,0.00,0.000,0.00,34,0,'2014-06-10 10:30:16','0000-00-00 00:00:00',1,'2014-06-10 10:30:15','2014-06-10 10:30:16'),(42,1,1,21,2,69,758,1,83,83,'5236af23385bc0603242e1f54310cccf','Virement Bancaire',1.000000,'bankwire',0,0,'','',0.00,4824.00,4824.00,3900.00,4680.00,144.00,20.000,0.00,35,23,'2014-07-17 10:58:57','2014-07-17 10:58:57',1,'2014-06-30 16:15:25','2014-07-17 10:58:57'),(43,1,1,22,2,70,768,1,84,84,'71dac1233bd7f85a8940b8f8c6643f1a','Virement Bancaire',1.000000,'bankwire',0,0,'','',0.00,840.00,840.00,700.00,840.00,0.00,0.000,0.00,0,0,'0000-00-00 00:00:00','0000-00-00 00:00:00',0,'2014-07-16 22:13:24','2014-07-16 22:13:25'),(44,1,1,21,2,75,785,1,89,89,'73a975a7a286db9f6dbff598370dc21f','Credit card',1.000000,'arte_cmcic30',0,0,'','',0.00,2506.80,2506.80,2000.00,2400.00,106.80,20.000,0.00,36,0,'2014-08-14 14:12:42','0000-00-00 00:00:00',0,'2014-08-14 14:12:39','2014-12-08 12:59:13'),(45,1,1,21,2,78,795,1,92,92,'ac0a05256935ce02cf66059ba483b15a','Credit card',1.000000,'arte_cmcic30',0,0,'','',0.00,2506.80,2506.80,2000.00,2400.00,106.80,20.000,0.00,37,0,'2014-08-20 13:22:29','0000-00-00 00:00:00',0,'2014-08-20 13:22:25','2014-12-08 12:59:30'),(46,1,1,21,2,90,899,1,104,104,'f80b0ebbd1b5eb00bacb68951be889f6','Credit card',1.000000,'arte_cmcic30',0,0,'','',0.00,30.00,30.00,15.00,18.00,12.00,20.000,0.00,38,0,'2014-12-06 11:13:11','0000-00-00 00:00:00',1,'2014-12-06 11:13:08','2014-12-06 11:13:10'),(47,1,1,22,2,42,1050,1,55,55,'538b8fe9bd227c9fff6d9ae8a17060a3','Credit card',1.000000,'arte_cmcic30',0,0,'','',0.00,1500.00,1500.00,1250.00,1500.00,0.00,0.000,0.00,39,0,'2015-04-28 16:30:24','0000-00-00 00:00:00',1,'2015-04-28 16:30:21','2015-04-28 16:30:23'),(48,1,1,21,2,107,1059,1,121,121,'8a0a716104fb8f5a9808afe2660163e3','Credit card',1.000000,'arte_cmcic30',0,0,'','',0.00,60.00,60.00,40.00,48.00,12.00,20.000,0.00,40,0,'2015-05-11 15:27:06','0000-00-00 00:00:00',1,'2015-05-11 15:26:56','2015-05-11 15:27:06'),(49,1,1,21,2,112,1119,1,127,127,'0e2c455a4d0858c0207572824c820f74','Credit card',1.000000,'arte_cmcic30',0,0,'','',0.00,614.40,614.40,490.00,588.00,26.40,20.000,0.00,41,0,'2015-07-13 12:36:45','0000-00-00 00:00:00',1,'2015-07-13 12:36:45','2015-07-13 12:36:45'),(50,1,1,22,2,42,1124,1,55,55,'538b8fe9bd227c9fff6d9ae8a17060a3','Credit card',1.000000,'arte_cmcic30',0,0,'','',0.00,660.00,660.00,550.00,660.00,0.00,0.000,0.00,42,0,'2015-07-21 13:59:44','0000-00-00 00:00:00',1,'2015-07-21 13:59:43','2015-07-21 13:59:44'),(51,1,1,21,2,114,1132,1,129,129,'95e90e2157adf6636667d04213442ee7','Credit card',1.000000,'arte_cmcic30',0,0,'','',0.00,262.80,262.80,200.00,240.00,22.80,20.000,0.00,43,0,'2015-08-07 10:47:07','0000-00-00 00:00:00',1,'2015-08-07 10:47:07','2015-08-07 10:47:07'),(52,1,1,22,2,42,1135,1,55,55,'538b8fe9bd227c9fff6d9ae8a17060a3','Credit card',1.000000,'arte_cmcic30',0,0,'','',0.00,216.00,216.00,180.00,216.00,0.00,0.000,0.00,44,0,'2015-08-12 12:53:46','0000-00-00 00:00:00',1,'2015-08-12 12:53:46','2015-08-12 12:53:46'),(53,1,1,21,2,116,1153,1,131,131,'77daa5c9de2d639bf7b9efa9786171bd','Credit card',1.000000,'arte_cmcic30',0,0,'','',0.00,577.20,577.20,459.00,550.80,26.40,20.000,0.00,45,0,'2015-09-08 09:09:57','0000-00-00 00:00:00',1,'2015-09-08 09:09:56','2015-09-08 09:09:57'),(54,1,1,22,2,42,1155,1,55,55,'538b8fe9bd227c9fff6d9ae8a17060a3','Credit card',1.000000,'arte_cmcic30',0,0,'','',0.00,1908.00,1908.00,1590.00,1908.00,0.00,0.000,0.00,46,0,'2015-09-09 14:46:07','0000-00-00 00:00:00',1,'2015-09-09 14:46:06','2015-09-09 14:46:07'),(55,1,1,21,2,120,1204,1,135,135,'93254f5f9d988ec5e7174dacabc2ebb5','Virement Bancaire',1.000000,'bankwire',0,0,'','',0.00,4824.00,4824.00,3900.00,4680.00,144.00,20.000,0.00,0,0,'0000-00-00 00:00:00','0000-00-00 00:00:00',0,'2015-11-23 21:06:05','2015-11-23 21:06:05'),(56,1,1,22,2,123,1219,1,139,139,'9582ee1619f3ee92c2742dc02f330c48','Virement Bancaire',1.000000,'bankwire',0,0,'','',0.00,17358.00,17358.00,14465.00,17358.00,0.00,0.000,0.00,0,0,'0000-00-00 00:00:00','0000-00-00 00:00:00',0,'2015-12-15 00:07:19','2015-12-15 00:07:19'),(57,1,1,21,2,124,1220,1,140,140,'86b6cbba4facdd8391cae0bc41464417','Credit card',1.000000,'arte_cmcic30',0,0,'','',0.00,682.80,682.80,480.00,576.00,106.80,20.000,0.00,47,0,'2015-12-17 11:03:26','0000-00-00 00:00:00',1,'2015-12-17 11:03:22','2015-12-17 11:03:26'),(58,1,1,22,2,42,1231,1,55,55,'538b8fe9bd227c9fff6d9ae8a17060a3','Credit card',1.000000,'arte_cmcic30',0,0,'','',0.00,1500.00,1500.00,1250.00,1500.00,0.00,0.000,0.00,48,0,'2016-01-11 15:21:58','0000-00-00 00:00:00',1,'2016-01-11 15:21:58','2016-01-11 15:21:58'),(59,1,1,21,2,126,1259,1,142,142,'6b5d8185ac019661c801d5696b04cef3','Credit card',1.000000,'arte_cmcic30',0,0,'','',0.00,1246.80,1246.80,950.00,1140.00,106.80,20.000,0.00,49,0,'2016-02-11 15:51:31','0000-00-00 00:00:00',1,'2016-02-11 15:51:30','2016-02-11 15:51:31'),(60,1,1,24,2,121,1270,1,137,136,'132e7a0b4a2199e5ca8775f121d0e488','Virement Bancaire',1.000000,'bankwire',0,0,'','',0.00,4932.00,4932.00,4110.00,4932.00,0.00,20.000,0.00,0,0,'0000-00-00 00:00:00','0000-00-00 00:00:00',0,'2016-02-19 14:16:44','2016-02-19 14:16:44'),(61,1,1,21,2,127,1285,1,144,144,'cfe18cfb903cc25126a14a9805d21928','Virement Bancaire',1.000000,'bankwire',0,0,'','',0.00,2014.80,2014.80,1590.00,1908.00,106.80,20.000,0.00,0,0,'0000-00-00 00:00:00','0000-00-00 00:00:00',0,'2016-02-29 19:23:24','2016-02-29 19:23:24'),(62,1,1,21,2,128,1296,1,145,145,'a467c1872df2197275e5b09874c0c3ae','Credit card',1.000000,'arte_cmcic30',0,0,'','',0.00,528.00,528.00,418.00,501.60,26.40,20.000,0.00,50,0,'2016-03-15 15:33:39','0000-00-00 00:00:00',1,'2016-03-15 15:33:39','2016-03-15 15:33:39'),(63,1,1,21,2,30,1321,1,43,43,'1b28c6624ce05e8cad8472161d134be4','Credit card',1.000000,'arte_cmcic30',0,0,'','',0.00,1774.80,1774.80,1390.00,1668.00,106.80,20.000,0.00,51,0,'2016-03-31 16:33:05','0000-00-00 00:00:00',1,'2016-03-31 16:33:05','2016-03-31 16:33:05'),(64,1,1,22,2,42,1340,1,55,55,'538b8fe9bd227c9fff6d9ae8a17060a3','Credit card',1.000000,'arte_cmcic30',0,0,'','',0.00,312.00,312.00,260.00,312.00,0.00,0.000,0.00,52,0,'2016-04-19 10:58:04','0000-00-00 00:00:00',1,'2016-04-19 10:58:03','2016-04-19 10:58:04'),(65,1,1,21,2,130,1341,1,147,147,'3032edb4c57062362cbb12ac38c73449','Credit card',1.000000,'arte_cmcic30',0,0,'','',0.00,158.40,158.40,120.00,144.00,14.40,20.000,0.00,53,0,'2016-04-19 12:46:53','0000-00-00 00:00:00',1,'2016-04-19 12:46:53','2016-04-19 12:46:53'),(66,1,1,22,2,131,1352,1,149,149,'6a98ec2694b0b940f260b173244a6fae','Virement Bancaire',1.000000,'bankwire',0,0,'','',0.00,336.00,0.00,0.00,0.00,0.00,0.000,0.00,0,0,'0000-00-00 00:00:00','0000-00-00 00:00:00',0,'2016-05-01 11:22:49','2016-05-06 09:17:10'),(67,1,1,21,2,134,1375,1,152,152,'7925a9c7724a9c8e47f1afe95abf3300','Virement Bancaire',1.000000,'bankwire',0,0,'','',0.00,7868.40,7868.40,6468.00,7761.60,106.80,20.000,0.00,0,0,'0000-00-00 00:00:00','0000-00-00 00:00:00',0,'2016-05-21 14:27:44','2016-05-21 14:27:44'),(68,1,1,21,2,135,1380,1,153,153,'db367f07310061437c2897a26d0818f8','Credit card',1.000000,'arte_cmcic30',0,0,'','',0.00,490.80,490.80,320.00,384.00,106.80,20.000,0.00,54,0,'2016-05-25 17:57:07','0000-00-00 00:00:00',1,'2016-05-25 17:57:07','2016-05-25 17:57:07'),(69,1,1,21,2,108,1398,1,155,122,'e7ad4b7027df84e7d3024748292e521a','Credit card',1.000000,'arte_cmcic30',0,0,'','',0.00,350.40,350.40,270.00,324.00,26.40,20.000,0.00,55,0,'2016-06-13 09:07:15','0000-00-00 00:00:00',1,'2016-06-13 09:07:14','2016-06-13 09:07:15'),(70,1,1,22,2,42,1393,1,55,55,'538b8fe9bd227c9fff6d9ae8a17060a3','Credit card',1.000000,'arte_cmcic30',0,0,'','',0.00,360.00,360.00,300.00,360.00,0.00,0.000,0.00,56,0,'2016-06-16 17:02:17','0000-00-00 00:00:00',1,'2016-06-16 17:02:17','2016-06-16 17:02:17'),(71,1,1,21,2,137,1409,1,156,156,'3ad59cedc6e14303614b72bb61725f5d','Virement Bancaire',1.000000,'bankwire',0,0,'','',0.00,706.80,706.80,500.00,600.00,106.80,20.000,0.00,0,0,'0000-00-00 00:00:00','0000-00-00 00:00:00',0,'2016-06-23 14:01:18','2016-06-23 14:01:18'),(72,1,1,21,2,138,1406,1,157,157,'0b0f1e331a515a564d1cf99821e6129c','Virement Bancaire',1.000000,'bankwire',0,0,'','',0.00,3960.00,3960.00,3180.00,3816.00,144.00,20.000,0.00,0,0,'0000-00-00 00:00:00','0000-00-00 00:00:00',0,'2016-06-23 21:19:39','2016-06-23 21:19:39'),(73,1,1,21,2,136,1399,1,154,154,'f9b5ddf2069055e18e02ff9c412e6d79','Credit card',1.000000,'arte_cmcic30',0,0,'','',0.00,66.00,66.00,45.00,54.00,12.00,20.000,0.00,57,0,'2016-06-26 10:00:07','0000-00-00 00:00:00',1,'2016-06-26 10:00:07','2016-06-26 10:00:07'),(74,1,1,24,2,139,1412,1,158,158,'4f8ac24da6ba43c8fc3fba1e72d3fb19','Credit card',1.000000,'arte_cmcic30',0,0,'','',0.00,456.00,456.00,380.00,456.00,0.00,20.000,0.00,58,0,'2016-06-26 16:00:59','0000-00-00 00:00:00',1,'2016-06-26 16:00:59','2016-06-26 16:00:59'),(75,1,1,24,2,140,1421,1,159,159,'bf3b5e28e6dbcd0daf1781c90aa2d5b4','Credit card',1.000000,'arte_cmcic30',0,0,'','',0.00,1080.00,1080.00,900.00,1080.00,0.00,20.000,0.00,59,0,'2016-06-30 22:21:43','0000-00-00 00:00:00',1,'2016-06-30 22:21:43','2016-06-30 22:21:43'),(76,1,1,22,2,42,1435,1,55,55,'538b8fe9bd227c9fff6d9ae8a17060a3','Credit card',1.000000,'arte_cmcic30',0,0,'','',0.00,1200.00,1200.00,1000.00,1200.00,0.00,0.000,0.00,60,0,'2016-07-06 12:47:15','0000-00-00 00:00:00',1,'2016-07-06 12:47:15','2016-07-06 12:47:15'),(77,1,1,22,2,42,1462,1,55,55,'538b8fe9bd227c9fff6d9ae8a17060a3','Credit card',1.000000,'arte_cmcic30',0,0,'','',0.00,600.00,600.00,500.00,600.00,0.00,0.000,0.00,61,0,'2016-07-25 14:37:50','0000-00-00 00:00:00',1,'2016-07-25 14:37:50','2016-07-25 14:37:50'),(78,1,1,21,2,142,1484,1,161,161,'6777452187b33ad6d81351e21350fbef','Credit card',1.000000,'arte_cmcic30',0,0,'','',0.00,458.40,458.40,360.00,432.00,26.40,20.000,0.00,62,0,'2016-08-22 05:34:07','0000-00-00 00:00:00',1,'2016-08-22 05:34:07','2016-08-22 05:34:07'),(79,1,1,21,2,145,1529,1,164,164,'8b0c201dd7e24774c880b93ada2ae1a6','Virement Bancaire',1.000000,'bankwire',0,0,'','',0.00,1014.00,1014.00,750.00,900.00,114.00,20.000,0.00,0,0,'0000-00-00 00:00:00','0000-00-00 00:00:00',0,'2016-10-01 18:29:20','2016-10-01 18:29:20'),(80,1,1,22,2,42,1554,1,55,55,'538b8fe9bd227c9fff6d9ae8a17060a3','Credit card',1.000000,'arte_cmcic30',0,0,'','',0.00,996.00,996.00,830.00,996.00,0.00,0.000,0.00,63,0,'2016-10-20 17:42:04','0000-00-00 00:00:00',1,'2016-10-20 17:42:04','2016-10-20 17:42:04'),(81,1,1,22,2,149,1587,1,169,169,'37efe1d0d6d8aee4785fe9caf0edfb74','Credit card',1.000000,'arte_cmcic30',0,0,'','',0.00,540.00,540.00,450.00,540.00,0.00,0.000,0.00,64,0,'2016-11-19 18:28:36','0000-00-00 00:00:00',1,'2016-11-19 18:28:36','2016-11-19 18:28:36'),(82,1,1,22,2,42,1619,1,55,55,'538b8fe9bd227c9fff6d9ae8a17060a3','Credit card',1.000000,'arte_cmcic30',0,0,'','',0.00,492.00,492.00,410.00,492.00,0.00,0.000,0.00,65,0,'2016-12-15 13:45:15','0000-00-00 00:00:00',1,'2016-12-15 13:45:14','2016-12-15 13:45:15'),(83,1,1,22,2,42,1689,1,55,55,'538b8fe9bd227c9fff6d9ae8a17060a3','Credit card',1.000000,'arte_cmcic30',0,0,'','',0.00,360.00,360.00,300.00,360.00,0.00,0.000,0.00,66,0,'2017-02-20 15:29:00','0000-00-00 00:00:00',1,'2017-02-20 15:29:00','2017-02-20 15:29:00'),(84,1,1,22,2,42,1702,1,55,55,'538b8fe9bd227c9fff6d9ae8a17060a3','Credit card',1.000000,'arte_cmcic30',0,0,'','',0.00,420.00,420.00,350.00,420.00,0.00,0.000,0.00,67,0,'2017-03-17 14:43:04','0000-00-00 00:00:00',1,'2017-03-17 14:43:03','2017-03-17 14:43:04'),(85,1,1,21,2,158,1732,1,178,178,'f6a8c1450d99179e34ae5b4b87f8abf0','Credit card',1.000000,'arte_cmcic30',0,0,'','',0.00,68.40,68.40,45.00,54.00,14.40,20.000,0.00,68,0,'2017-04-26 22:19:16','0000-00-00 00:00:00',1,'2017-04-26 22:19:16','2017-04-26 22:19:16'),(86,1,1,22,2,42,1757,1,55,55,'538b8fe9bd227c9fff6d9ae8a17060a3','Credit card',1.000000,'arte_cmcic30',0,0,'','',0.00,756.00,756.00,630.00,756.00,0.00,0.000,0.00,69,0,'2017-05-24 10:37:59','0000-00-00 00:00:00',1,'2017-05-24 10:37:58','2017-05-24 10:37:59'),(87,1,1,22,2,42,1765,1,55,55,'538b8fe9bd227c9fff6d9ae8a17060a3','Credit card',1.000000,'arte_cmcic30',0,0,'','',0.00,1200.00,1200.00,1000.00,1200.00,0.00,0.000,0.00,70,0,'2017-06-01 16:02:30','0000-00-00 00:00:00',1,'2017-06-01 16:02:30','2017-06-01 16:02:30'),(88,1,1,21,2,161,1776,1,181,181,'1eb7600d0089ee5db9086c180c2ba853','Credit card',1.000000,'arte_cmcic30',0,0,'','',0.00,464.40,464.40,352.00,422.40,42.00,20.000,0.00,71,0,'2017-06-13 22:58:50','0000-00-00 00:00:00',1,'2017-06-13 22:58:50','2017-06-13 22:58:50'),(89,1,1,21,2,168,1815,1,188,188,'515100fee73dcb96ca0cbed9e4711808','Credit card',1.000000,'arte_cmcic30',0,0,'','',0.00,105.60,105.60,72.00,86.40,19.20,20.000,0.00,72,0,'2017-07-28 19:59:51','0000-00-00 00:00:00',1,'2017-07-28 19:59:51','2017-07-28 19:59:51'),(90,1,1,22,2,42,1828,1,55,55,'538b8fe9bd227c9fff6d9ae8a17060a3','Credit card',1.000000,'arte_cmcic30',0,0,'','',0.00,144.00,144.00,120.00,144.00,0.00,0.000,0.00,73,0,'2017-08-16 15:43:31','0000-00-00 00:00:00',1,'2017-08-16 15:43:29','2017-08-16 15:43:31'),(91,1,1,22,2,170,1840,1,190,190,'51b92636156423271f07ae3c632ed8f8','Credit card',1.000000,'arte_cmcic30',0,0,'','',0.00,960.00,960.00,800.00,960.00,0.00,0.000,0.00,74,0,'2017-08-30 16:26:59','0000-00-00 00:00:00',1,'2017-08-30 16:26:59','2017-08-30 16:26:59'),(92,1,1,22,2,42,1873,1,55,55,'538b8fe9bd227c9fff6d9ae8a17060a3','Credit card',1.000000,'arte_cmcic30',0,0,'','',0.00,276.00,276.00,230.00,276.00,0.00,0.000,0.00,75,0,'2017-10-04 16:09:34','0000-00-00 00:00:00',1,'2017-10-04 16:09:33','2017-10-04 16:09:34'),(93,1,1,21,2,178,1884,1,198,198,'67539660dc549262c2b481064187615d','Credit card',1.000000,'arte_cmcic30',0,0,'','',0.00,1956.00,1956.00,1400.00,1680.00,276.00,20.000,0.00,76,0,'2017-10-14 12:23:15','0000-00-00 00:00:00',1,'2017-10-14 12:23:15','2017-10-14 12:23:15'),(94,1,1,21,2,181,1913,1,201,201,'8804705339b204661370e6961bb4d4ba','Virement Bancaire',1.000000,'bankwire',0,0,'','',0.00,4140.00,4140.00,3100.00,3720.00,420.00,20.000,0.00,0,0,'0000-00-00 00:00:00','0000-00-00 00:00:00',0,'2017-11-14 10:08:23','2017-11-14 10:08:23');

--
-- Table structure for table `ps_pack`
--

CREATE TABLE `ps_pack` (
  `id_product_pack` int(10) unsigned NOT NULL,
  `id_product_item` int(10) unsigned NOT NULL,
  `quantity` int(10) unsigned NOT NULL DEFAULT '1',
  PRIMARY KEY (`id_product_pack`,`id_product_item`)
) ENGINE=InnoDB DEFAULT CHARSET=utf8;

--
-- Dumping data for table `ps_pack`
--


--
-- Table structure for table `ps_page`
--

CREATE TABLE `ps_page` (
  `id_page` int(10) unsigned NOT NULL AUTO_INCREMENT,
  `id_page_type` int(10) unsigned NOT NULL,
  `id_object` int(10) unsigned DEFAULT NULL,
  PRIMARY KEY (`id_page`),
  KEY `id_page_type` (`id_page_type`),
  KEY `id_object` (`id_object`)
) ENGINE=InnoDB AUTO_INCREMENT=2761 DEFAULT CHARSET=utf8;

--
-- Dumping data for table `ps_page`
--

INSERT INTO `ps_page` VALUES (1,2,2),(2,2,2),(3,15,NULL),(4,1,65),(5,16,NULL),(6,17,NULL),(7,18,NULL),(8,3,0),(9,1,289),(10,1,367),(11,1,30),(12,2,37),(13,1,99),(14,19,NULL),(15,3,1),(16,3,2),(17,2,4),(18,2,15),(19,1,244),(20,2,14),(21,2,18),(22,1,39),(23,2,40),(24,1,222),(25,1,195),(26,1,197),(27,1,193),(28,1,193),(29,20,NULL),(30,4,4),(31,1,81),(32,1,220),(33,1,400),(34,1,18),(35,1,100),(36,1,162),(37,21,NULL),(38,1,45),(39,1,208),(40,22,NULL),(41,1,46),(42,2,9),(43,1,143),(44,2,34),(45,1,34),(46,1,157),(47,1,138),(48,1,182),(49,1,15),(50,1,121),(51,1,52),(52,1,393),(53,1,184),(54,1,200),(55,1,149),(56,2,12),(57,1,93),(58,1,123),(59,1,267),(60,1,369),(61,1,132),(62,1,293),(63,1,221),(64,2,22),(65,1,187),(66,1,282),(67,1,133),(68,1,318),(69,1,295),(70,1,320),(71,1,313),(72,1,314),(73,1,311),(74,2,32),(75,1,234),(76,4,0),(77,1,229),(78,1,89),(79,1,163),(80,2,16),(81,2,5),(82,1,305),(83,23,NULL),(84,1,55),(85,1,77),(86,1,167),(87,1,179),(88,1,144),(89,24,NULL),(90,1,131),(91,1,142),(92,1,127),(93,1,10),(94,1,280),(95,1,98),(96,1,210),(97,1,27),(98,2,6),(99,2,13),(100,4,3),(101,1,85),(102,1,60),(103,1,9),(104,1,386),(105,1,7),(106,1,88),(107,1,303),(108,1,11),(109,1,225),(110,2,47),(111,1,287),(112,1,260),(113,2,11),(114,1,36),(115,1,194),(116,1,114),(117,1,256),(118,1,252),(119,1,64),(120,1,14),(121,1,146),(122,1,185),(123,1,227),(124,1,319),(125,1,63),(126,1,134),(127,1,86),(128,1,71),(129,1,250),(130,1,309),(131,1,68),(132,1,145),(133,1,111),(134,1,246),(135,1,73),(136,1,170),(137,1,66),(138,1,19),(139,1,232),(140,1,290),(141,1,292),(142,1,95),(143,1,209),(144,25,NULL),(145,1,80),(146,1,291),(147,1,48),(148,1,178),(149,1,103),(150,26,NULL),(151,1,212),(152,1,119),(153,1,23),(154,27,NULL),(155,1,160),(156,1,217),(157,1,189),(158,1,228),(159,1,388),(160,1,40),(161,1,342),(162,1,273),(163,1,171),(164,1,32),(165,1,67),(166,2,3),(167,1,286),(168,1,87),(169,1,101),(170,2,39),(171,1,102),(172,1,116),(173,1,151),(174,1,104),(175,1,154),(176,1,94),(177,1,168),(178,1,214),(179,1,216),(180,1,218),(181,1,110),(182,4,60),(183,1,75),(184,1,136),(185,1,78),(186,1,51),(187,1,130),(188,1,199),(189,1,37),(190,1,201),(191,4,42),(192,1,190),(193,1,21),(194,1,207),(195,1,35),(196,1,174),(197,1,166),(198,1,264),(199,1,83),(200,1,84),(201,1,47),(202,2,25),(203,2,21),(204,2,27),(205,2,23),(206,2,26),(207,1,356),(208,1,347),(209,2,42),(210,2,29),(211,2,33),(212,1,344),(213,1,370),(214,4,5),(215,1,1),(216,4,43),(217,4,23),(218,4,54),(219,4,33),(220,1,8),(221,1,3),(222,1,2),(223,1,97),(224,1,241),(225,4,7),(226,4,56),(227,1,58),(228,1,322),(229,1,92),(230,2,43),(231,1,169),(232,4,21),(233,4,44),(234,28,NULL),(235,4,28),(236,4,47),(237,1,186),(238,1,118),(239,1,272),(240,2,17),(241,4,53),(242,4,29),(243,1,261),(244,4,24),(245,2,28),(246,4,32),(247,4,36),(248,29,NULL),(249,1,263),(250,1,153),(251,2,20),(252,2,8),(253,1,141),(254,4,20),(255,4,34),(256,1,242),(257,4,49),(258,1,278),(259,1,296),(260,2,10),(261,1,49),(262,2,36),(263,1,129),(264,4,39),(265,1,159),(266,1,399),(267,1,180),(268,1,385),(269,1,158),(270,1,327),(271,1,298),(272,1,12),(273,2,30),(274,4,22),(275,1,211),(276,1,257),(277,3,3),(278,1,288),(279,1,300),(280,1,243),(281,2,41),(282,1,275),(283,1,226),(284,4,18),(285,1,139),(286,1,294),(287,1,335),(288,2,0),(289,4,12),(290,1,233),(291,1,248),(292,1,213),(293,1,140),(294,1,391),(295,1,188),(296,1,268),(297,4,30),(298,1,126),(299,1,16),(300,1,176),(301,1,124),(302,4,67),(303,1,254),(304,1,181),(305,1,113),(306,4,14),(307,4,41),(308,1,270),(309,1,245),(310,1,196),(311,1,198),(312,4,15),(313,1,312),(314,4,71),(315,1,247),(316,1,236),(317,2,35),(318,1,219),(319,1,206),(320,4,50),(321,4,6),(322,1,115),(323,1,223),(324,1,235),(325,1,249),(326,1,17),(327,1,43),(328,2,46),(329,2,31),(330,1,62),(331,1,96),(332,1,20),(333,1,82),(334,1,61),(335,1,53),(336,1,117),(337,1,204),(338,4,17),(339,4,45),(340,1,202),(341,1,269),(342,1,363),(343,1,125),(344,1,274),(345,1,183),(346,1,13),(347,1,205),(348,1,271),(349,1,175),(350,1,109),(351,1,371),(352,1,368),(353,1,359),(354,1,191),(355,1,317),(356,1,25),(357,4,27),(358,1,239),(359,1,258),(360,1,323),(361,4,11),(362,1,177),(363,1,147),(364,1,90),(365,1,302),(366,1,299),(367,1,351),(368,1,253),(369,1,6),(370,4,57),(371,1,105),(372,1,331),(373,1,41),(374,1,332),(375,1,137),(376,1,329),(377,1,330),(378,30,NULL),(379,1,156),(380,1,5),(381,1,4),(382,4,16),(383,1,279),(384,1,383),(385,1,277),(386,4,38),(387,1,108),(388,1,315),(389,1,152),(390,1,203),(391,1,328),(392,1,343),(393,1,297),(394,1,70),(395,2,38),(396,2,24),(397,4,48),(398,4,40),(399,1,155),(400,1,148),(401,1,128),(402,4,52),(403,1,192),(404,2,7),(405,1,321),(406,1,106),(407,1,26),(408,1,215),(409,2,19),(410,4,31),(411,1,42),(412,1,224),(413,1,112),(414,4,55),(415,1,310),(416,1,308),(417,1,33),(418,1,307),(419,1,306),(420,1,255),(421,1,251),(422,4,13),(423,1,24),(424,1,237),(425,1,230),(426,4,61),(427,1,74),(428,1,57),(429,4,51),(430,1,316),(431,1,50),(432,1,72),(433,1,79),(434,1,76),(435,1,69),(436,1,165),(437,1,54),(438,1,135),(439,1,29),(440,1,172),(441,1,161),(442,1,164),(443,1,374),(444,1,107),(445,1,38),(446,4,9),(447,4,10),(448,1,122),(449,1,120),(450,4,26),(451,4,25),(452,1,325),(453,1,396),(454,1,397),(455,1,240),(456,1,173),(457,1,340),(458,1,341),(459,1,339),(460,1,333),(461,1,44),(462,1,31),(463,1,285),(464,1,326),(465,1,353),(466,1,22),(467,1,266),(468,1,365),(469,1,28),(470,2,45),(471,1,345),(472,1,361),(473,1,281),(474,1,324),(475,1,372),(476,1,283),(477,1,398),(478,2,44),(479,1,387),(480,1,150),(481,1,380),(482,1,301),(483,1,373),(484,4,75),(485,1,358),(486,1,337),(487,1,357),(488,1,59),(489,1,265),(490,1,276),(491,4,63),(492,1,284),(493,4,64),(494,1,56),(495,1,238),(496,1,259),(497,1,377),(498,1,382),(499,1,384),(500,1,378),(501,1,376),(502,1,389),(503,1,375),(504,1,91),(505,1,394),(506,1,379),(507,4,35),(508,1,231),(509,1,381),(510,4,58),(511,4,19),(512,1,350),(513,4,76),(514,1,366),(515,4,68),(516,1,349),(517,1,338),(518,1,364),(519,1,362),(520,1,360),(521,1,304),(522,1,262),(523,1,355),(524,1,348),(525,1,354),(526,4,65),(527,4,66),(528,1,346),(529,31,NULL),(530,32,NULL),(531,33,NULL),(532,1,336),(533,4,59),(534,4,74),(535,1,334),(536,1,352),(537,4,69),(538,4,62),(539,1,390),(540,34,NULL),(541,1,392),(542,1,395),(543,4,37),(544,4,77),(545,2,1),(546,35,NULL),(547,36,NULL),(548,1,0),(549,4,73),(550,4,72),(551,4,70),(552,1,401),(553,4,78),(554,1,402),(555,1,403),(556,1,404),(557,1,405),(558,4,79),(559,1,406),(560,1,407),(561,1,408),(562,1,409),(563,1,411),(564,37,NULL),(565,1,410),(566,38,NULL),(567,1,413),(568,1,412),(569,1,415),(570,1,414),(571,1,418),(572,1,420),(573,39,NULL),(574,1,419),(575,40,NULL),(576,1,422),(577,1,423),(578,1,416),(579,1,421),(580,1,417),(581,1,425),(582,41,NULL),(583,4,80),(584,1,427),(585,1,428),(586,1,426),(587,1,424),(588,1,429),(589,1,431),(590,1,432),(591,1,430),(592,1,433),(593,4,81),(594,1,434),(595,1,436),(596,1,437),(597,1,438),(598,1,439),(599,1,440),(600,1,441),(601,1,435),(602,1,442),(603,1,443),(604,1,444),(605,1,445),(606,1,447),(607,1,446),(608,1,448),(609,1,451),(610,1,450),(611,1,449),(612,1,452),(613,1,453),(614,1,454),(615,1,457),(616,1,456),(617,1,461),(618,1,462),(619,1,459),(620,1,455),(621,1,460),(622,1,458),(623,1,463),(624,1,464),(625,1,465),(626,1,466),(627,4,83),(628,1,467),(629,1,468),(630,1,469),(631,4,82),(632,4,84),(633,4,85),(634,1,470),(635,1,471),(636,1,472),(637,1,473),(638,1,474),(639,1,475),(640,4,86),(641,1,476),(642,1,477),(643,1,478),(644,1,479),(645,1,480),(646,1,482),(647,1,481),(648,1,483),(649,1,484),(650,1,485),(651,1,486),(652,4,88),(653,4,87),(654,1,487),(655,1,489),(656,1,490),(657,1,492),(658,1,488),(659,1,491),(660,1,493),(661,1,494),(662,1,495),(663,1,496),(664,1,497),(665,4,89),(666,1,498),(667,1,502),(668,1,500),(669,1,501),(670,1,499),(671,1,503),(672,1,505),(673,1,504),(674,1,506),(675,1,507),(676,1,508),(677,1,509),(678,1,510),(679,1,511),(680,1,512),(681,1,515),(682,1,513),(683,1,514),(684,1,516),(685,1,517),(686,1,518),(687,1,520),(688,1,519),(689,1,521),(690,1,522),(691,1,524),(692,1,523),(693,1,525),(694,1,527),(695,1,526),(696,1,530),(697,1,532),(698,1,531),(699,1,533),(700,1,529),(701,1,528),(702,1,534),(703,1,535),(704,1,536),(705,1,538),(706,1,537),(707,42,NULL),(708,1,539),(709,1,540),(710,1,541),(711,1,542),(712,1,543),(713,1,544),(714,1,545),(715,1,547),(716,1,546),(717,1,548),(718,1,551),(719,1,550),(720,1,549),(721,1,552),(722,1,554),(723,1,555),(724,1,556),(725,1,553),(726,1,557),(727,1,558),(728,1,559),(729,1,560),(730,1,561),(731,1,563),(732,1,562),(733,1,564),(734,1,565),(735,1,566),(736,1,567),(737,1,570),(738,1,569),(739,1,572),(740,1,568),(741,1,571),(742,1,573),(743,1,574),(744,1,575),(745,1,576),(746,1,578),(747,1,580),(748,1,579),(749,1,577),(750,1,581),(751,1,582),(752,1,584),(753,1,583),(754,1,585),(755,1,588),(756,1,587),(757,1,586),(758,4,90),(759,1,589),(760,1,590),(761,1,592),(762,1,591),(763,1,593),(764,1,594),(765,1,595),(766,1,596),(767,1,597),(768,1,598),(769,1,599),(770,1,600),(771,1,601),(772,1,602),(773,1,603),(774,1,604),(775,1,605),(776,1,606),(777,1,607),(778,1,608),(779,1,609),(780,1,610),(781,1,611),(782,1,612),(783,1,613),(784,1,614),(785,1,615),(786,1,616),(787,1,617),(788,1,618),(789,1,619),(790,1,620),(791,1,621),(792,1,622),(793,1,623),(794,1,624),(795,1,625),(796,1,626),(797,1,627),(798,1,628),(799,1,629),(800,1,630),(801,1,631),(802,1,632),(803,1,633),(804,1,634),(805,1,635),(806,1,636),(807,1,637),(808,1,638),(809,1,639),(810,1,640),(811,1,641),(812,1,642),(813,1,643),(814,1,644),(815,1,645),(816,1,646),(817,1,647),(818,1,648),(819,1,649),(820,1,650),(821,1,651),(822,1,652),(823,1,653),(824,1,654),(825,1,655),(826,1,656),(827,1,657),(828,1,658),(829,1,659),(830,1,660),(831,1,661),(832,1,662),(833,1,663),(834,1,664),(835,1,665),(836,1,666),(837,1,667),(838,1,668),(839,1,669),(840,1,670),(841,1,671),(842,1,672),(843,1,673),(844,1,674),(845,1,675),(846,1,676),(847,1,677),(848,1,678),(849,1,679),(850,1,680),(851,1,681),(852,1,682),(853,1,683),(854,1,684),(855,1,685),(856,1,686),(857,1,687),(858,1,688),(859,1,689),(860,1,690),(861,1,691),(862,1,692),(863,1,693),(864,1,694),(865,1,695),(866,1,696),(867,1,697),(868,1,698),(869,1,699),(870,1,700),(871,1,701),(872,1,702),(873,1,703),(874,1,704),(875,1,705),(876,1,706),(877,1,707),(878,1,708),(879,1,709),(880,1,710),(881,1,711),(882,1,712),(883,1,713),(884,1,714),(885,1,715),(886,1,716),(887,1,717),(888,1,718),(889,1,719),(890,1,720),(891,1,721),(892,1,722),(893,1,723),(894,1,724),(895,1,725),(896,1,726),(897,1,727),(898,1,728),(899,1,729),(900,1,730),(901,1,731),(902,1,732),(903,1,733),(904,1,734),(905,1,735),(906,1,736),(907,1,737),(908,1,738),(909,1,739),(910,1,740),(911,1,741),(912,1,742),(913,1,743),(914,1,744),(915,1,745),(916,1,746),(917,1,747),(918,1,748),(919,1,749),(920,1,750),(921,1,751),(922,1,752),(923,1,753),(924,1,754),(925,1,755),(926,1,756),(927,1,757),(928,1,758),(929,1,759),(930,1,760),(931,1,761),(932,1,762),(933,1,763),(934,1,764),(935,1,765),(936,1,766),(937,1,767),(938,1,768),(939,1,769),(940,1,770),(941,1,771),(942,1,772),(943,1,773),(944,1,774),(945,1,775),(946,1,776),(947,1,777),(948,1,778),(949,1,779),(950,1,780),(951,1,781),(952,1,782),(953,1,783),(954,1,784),(955,1,785),(956,1,786),(957,1,787),(958,1,788),(959,1,789),(960,1,790),(961,1,791),(962,1,792),(963,1,793),(964,1,794),(965,1,795),(966,1,796),(967,1,797),(968,1,798),(969,1,799),(970,1,800),(971,1,801),(972,1,802),(973,1,803),(974,1,804),(975,1,805),(976,1,806),(977,1,807),(978,1,808),(979,1,809),(980,1,810),(981,1,811),(982,1,812),(983,1,813),(984,1,814),(985,1,815),(986,1,816),(987,1,817),(988,1,818),(989,1,819),(990,1,820),(991,1,821),(992,1,822),(993,1,823),(994,1,824),(995,1,825),(996,1,826),(997,1,827),(998,1,828),(999,1,829),(1000,1,830),(1001,1,831),(1002,1,832),(1003,1,833),(1004,1,834),(1005,1,835),(1006,1,836),(1007,1,837),(1008,1,838),(1009,1,839),(1010,1,840),(1011,1,841),(1012,1,842),(1013,1,843),(1014,1,844),(1015,1,845),(1016,1,846),(1017,1,847),(1018,1,848),(1019,1,849),(1020,1,850),(1021,1,851),(1022,1,852),(1023,1,853),(1024,1,854),(1025,1,855),(1026,1,856),(1027,1,857),(1028,1,858),(1029,1,859),(1030,1,860),(1031,1,861),(1032,1,862),(1033,1,863),(1034,1,864),(1035,1,865),(1036,1,866),(1037,1,867),(1038,1,868),(1039,1,869),(1040,1,870),(1041,1,871),(1042,1,872),(1043,1,873),(1044,1,874),(1045,1,875),(1046,1,876),(1047,1,877),(1048,1,878),(1049,1,879),(1050,1,880),(1051,1,881),(1052,1,882),(1053,1,883),(1054,1,884),(1055,1,885),(1056,1,886),(1057,1,887),(1058,1,888),(1059,1,889),(1060,1,890),(1061,1,891),(1062,1,892),(1063,1,893),(1064,1,894),(1065,1,895),(1066,1,896),(1067,1,897),(1068,1,898),(1069,1,899),(1070,1,900),(1071,1,901),(1072,1,902),(1073,1,903),(1074,1,904),(1075,1,905),(1076,1,906),(1077,1,907),(1078,1,908),(1079,1,909),(1080,1,910),(1081,1,911),(1082,1,912),(1083,1,913),(1084,1,914),(1085,1,915),(1086,1,916),(1087,1,917),(1088,1,918),(1089,1,919),(1090,1,920),(1091,1,921),(1092,1,922),(1093,1,923),(1094,1,924),(1095,1,925),(1096,1,926),(1097,1,927),(1098,1,928),(1099,1,929),(1100,1,930),(1101,1,931),(1102,1,932),(1103,1,933),(1104,1,934),(1105,1,935),(1106,1,936),(1107,1,937),(1108,1,938),(1109,1,939),(1110,1,940),(1111,1,941),(1112,1,942),(1113,1,943),(1114,1,944),(1115,1,945),(1116,1,946),(1117,1,947),(1118,1,948),(1119,1,949),(1120,1,950),(1121,1,951),(1122,1,952),(1123,1,953),(1124,1,954),(1125,1,955),(1126,1,956),(1127,1,957),(1128,1,958),(1129,1,959),(1130,1,960),(1131,1,961),(1132,1,962),(1133,1,963),(1134,1,964),(1135,1,965),(1136,1,966),(1137,1,967),(1138,1,968),(1139,1,969),(1140,1,970),(1141,1,971),(1142,1,972),(1143,1,973),(1144,1,974),(1145,1,975),(1146,1,976),(1147,1,977),(1148,1,978),(1149,1,979),(1150,1,980),(1151,1,981),(1152,1,982),(1153,1,983),(1154,1,984),(1155,1,985),(1156,1,986),(1157,1,987),(1158,1,988),(1159,1,989),(1160,1,990),(1161,1,991),(1162,1,992),(1163,1,993),(1164,1,994),(1165,1,995),(1166,1,996),(1167,1,997),(1168,1,998),(1169,1,999),(1170,1,1000),(1171,1,1001),(1172,1,1002),(1173,1,1003),(1174,1,1004),(1175,1,1005),(1176,1,1006),(1177,1,1007),(1178,1,1008),(1179,1,1009),(1180,1,1010),(1181,1,1011),(1182,1,1012),(1183,1,1013),(1184,1,1014),(1185,1,1015),(1186,1,1016),(1187,1,1017),(1188,1,1018),(1189,1,1019),(1190,1,1020),(1191,1,1021),(1192,1,1022),(1193,1,1023),(1194,1,1024),(1195,1,1025),(1196,1,1026),(1197,1,1027),(1198,1,1028),(1199,1,1029),(1200,1,1030),(1201,1,1031),(1202,1,1032),(1203,1,1033),(1204,1,1034),(1205,1,1035),(1206,1,1036),(1207,1,1037),(1208,1,1038),(1209,1,1039),(1210,1,1040),(1211,1,1041),(1212,1,1042),(1213,1,1043),(1214,1,1044),(1215,1,1045),(1216,1,1046),(1217,1,1047),(1218,1,1048),(1219,1,1049),(1220,1,1050),(1221,1,1051),(1222,1,1052),(1223,1,1053),(1224,1,1054),(1225,1,1055),(1226,1,1056),(1227,1,1057),(1228,1,1058),(1229,1,1059),(1230,1,1060),(1231,1,1061),(1232,1,1062),(1233,1,1063),(1234,1,1064),(1235,1,1065),(1236,1,1066),(1237,1,1067),(1238,1,1068),(1239,1,1069),(1240,1,1070),(1241,1,1071),(1242,1,1072),(1243,1,1073),(1244,1,1074),(1245,1,1075),(1246,1,1076),(1247,1,1077),(1248,1,1078),(1249,1,1079),(1250,1,1080),(1251,1,1081),(1252,1,1082),(1253,1,1083),(1254,1,1084),(1255,1,1085),(1256,1,1086),(1257,1,1087),(1258,1,1088),(1259,1,1089),(1260,1,1090),(1261,1,1091),(1262,1,1092),(1263,1,1093),(1264,1,1094),(1265,1,1095),(1266,1,1096),(1267,1,1097),(1268,1,1098),(1269,1,1099),(1270,1,1100),(1271,1,1101),(1272,1,1102),(1273,1,1103),(1274,1,1104),(1275,1,1105),(1276,1,1106),(1277,1,1107),(1278,1,1108),(1279,1,1109),(1280,1,1110),(1281,1,1111),(1282,1,1112),(1283,1,1113),(1284,1,1114),(1285,1,1115),(1286,1,1116),(1287,1,1117),(1288,1,1118),(1289,1,1119),(1290,1,1120),(1291,1,1121),(1292,1,1122),(1293,1,1123),(1294,1,1124),(1295,1,1125),(1296,1,1126),(1297,1,1127),(1298,1,1128),(1299,1,1129),(1300,1,1130),(1301,1,1131),(1302,1,1132),(1303,1,1133),(1304,1,1134),(1305,1,1135),(1306,1,1136),(1307,1,1137),(1308,1,1138),(1309,1,1139),(1310,1,1140),(1311,1,1141),(1312,1,1142),(1313,1,1143),(1314,1,1144),(1315,1,1145),(1316,1,1146),(1317,1,1147),(1318,1,1148),(1319,1,1149),(1320,1,1150),(1321,1,1151),(1322,1,1152),(1323,1,1153),(1324,1,1154),(1325,1,1155),(1326,1,1156),(1327,1,1157),(1328,1,1158),(1329,1,1159),(1330,1,1160),(1331,1,1161),(1332,1,1162),(1333,1,1163),(1334,1,1164),(1335,1,1165),(1336,1,1166),(1337,1,1167),(1338,1,1168),(1339,1,1169),(1340,1,1170),(1341,1,1171),(1342,1,1172),(1343,1,1173),(1344,1,1174),(1345,1,1175),(1346,1,1176),(1347,1,1177),(1348,1,1178),(1349,1,1179),(1350,1,1180),(1351,1,1181),(1352,1,1182),(1353,1,1183),(1354,1,1184),(1355,1,1185),(1356,1,1186),(1357,1,1187),(1358,1,1188),(1359,1,1189),(1360,1,1190),(1361,1,1191),(1362,1,1192),(1363,1,1193),(1364,1,1194),(1365,1,1195),(1366,1,1196),(1367,1,1197),(1368,1,1198),(1369,1,1199),(1370,1,1200),(1371,1,1201),(1372,1,1202),(1373,1,1203),(1374,1,1204),(1375,1,1205),(1376,1,1206),(1377,1,1207),(1378,1,1208),(1379,1,1209),(1380,1,1210),(1381,1,1211),(1382,1,1212),(1383,1,1213),(1384,1,1214),(1385,1,1215),(1386,1,1216),(1387,1,1217),(1388,1,1218),(1389,1,1219),(1390,1,1220),(1391,1,1221),(1392,1,1222),(1393,1,1223),(1394,1,1224),(1395,1,1225),(1396,1,1226),(1397,1,1227),(1398,1,1228),(1399,1,1229),(1400,1,1230),(1401,1,1231),(1402,1,1232),(1403,1,1233),(1404,1,1234),(1405,1,1235),(1406,1,1236),(1407,1,1237),(1408,1,1238),(1409,1,1239),(1410,1,1240),(1411,1,1241),(1412,1,1242),(1413,1,1243),(1414,1,1244),(1415,1,1245),(1416,1,1246),(1417,1,1247),(1418,1,1248),(1419,1,1249),(1420,1,1250),(1421,1,1251),(1422,1,1252),(1423,1,1253),(1424,1,1254),(1425,1,1255),(1426,1,1256),(1427,1,1257),(1428,1,1258),(1429,1,1259),(1430,1,1260),(1431,1,1261),(1432,1,1262),(1433,1,1263),(1434,1,1264),(1435,1,1265),(1436,1,1266),(1437,1,1267),(1438,1,1268),(1439,1,1269),(1440,1,1270),(1441,1,1271),(1442,1,1272),(1443,1,1273),(1444,1,1274),(1445,1,1275),(1446,1,1276),(1447,1,1277),(1448,1,1278),(1449,1,1279),(1450,1,1280),(1451,1,1281),(1452,1,1282),(1453,1,1283),(1454,1,1284),(1455,1,1285),(1456,1,1286),(1457,1,1287),(1458,1,1288),(1459,1,1289),(1460,1,1290),(1461,1,1291),(1462,1,1292),(1463,1,1293),(1464,1,1294),(1465,1,1295),(1466,1,1296),(1467,1,1297),(1468,1,1298),(1469,1,1299),(1470,1,1300),(1471,1,1301),(1472,1,1302),(1473,1,1303),(1474,1,1304),(1475,1,1305),(1476,1,1306),(1477,1,1307),(1478,1,1308),(1479,1,1309),(1480,1,1310),(1481,1,1311),(1482,1,1312),(1483,1,1313),(1484,1,1314),(1485,1,1315),(1486,1,1316),(1487,1,1317),(1488,1,1318),(1489,1,1319),(1490,1,1320),(1491,1,1321),(1492,1,1322),(1493,1,1323),(1494,1,1324),(1495,1,1325),(1496,1,1326),(1497,1,1327),(1498,1,1328),(1499,1,1329),(1500,1,1330),(1501,1,1331),(1502,1,1332),(1503,1,1333),(1504,1,1334),(1505,1,1335),(1506,1,1336),(1507,1,1337),(1508,1,1338),(1509,1,1339),(1510,1,1340),(1511,1,1341),(1512,1,1342),(1513,1,1343),(1514,1,1344),(1515,1,1345),(1516,1,1346),(1517,1,1347),(1518,1,1348),(1519,1,1349),(1520,1,1350),(1521,1,1351),(1522,1,1352),(1523,1,1353),(1524,1,1354),(1525,1,1355),(1526,1,1356),(1527,1,1357),(1528,1,1358),(1529,1,1359),(1530,1,1360),(1531,1,1361),(1532,1,1362),(1533,1,1363),(1534,1,1364),(1535,1,1365),(1536,1,1366),(1537,1,1367),(1538,1,1368),(1539,1,1369),(1540,1,1370),(1541,1,1371),(1542,1,1372),(1543,1,1373),(1544,1,1374),(1545,1,1375),(1546,1,1376),(1547,1,1377),(1548,1,1378),(1549,1,1379),(1550,1,1380),(1551,1,1381),(1552,1,1382),(1553,1,1383),(1554,1,1384),(1555,1,1385),(1556,1,1386),(1557,1,1387),(1558,1,1388),(1559,1,1389),(1560,1,1390),(1561,1,1391),(1562,1,1392),(1563,1,1393),(1564,1,1394),(1565,1,1395),(1566,1,1396),(1567,1,1397),(1568,1,1398),(1569,1,1399),(1570,1,1400),(1571,1,1401),(1572,1,1402),(1573,1,1403),(1574,1,1404),(1575,1,1405),(1576,1,1406),(1577,1,1407),(1578,1,1408),(1579,1,1409),(1580,1,1410),(1581,1,1411),(1582,1,1412),(1583,1,1413),(1584,1,1414),(1585,1,1415),(1586,1,1416),(1587,1,1417),(1588,1,1418),(1589,1,1419),(1590,1,1420),(1591,1,1421),(1592,1,1422),(1593,1,1423),(1594,1,1424),(1595,1,1425),(1596,1,1426),(1597,4,91),(1598,43,NULL),(1599,4,92),(1600,4,93),(1601,2,48),(1602,44,NULL),(1603,45,NULL),(1604,2,49),(1605,46,NULL),(1606,4,94),(1607,4,95),(1608,1,0),(1609,1,0),(1610,1,0),(1611,1,0),(1612,3,999999),(1613,2,999999),(1614,1,999999),(1615,4,999999),(1616,1,0),(1617,1,0),(1618,1,0),(1619,47,NULL),(1620,1,0),(1621,1,0),(1622,1,0),(1623,1,0),(1624,1,0),(1625,2,0),(1626,2,0),(1627,2,0),(1628,2,0),(1629,2,0),(1630,1,0),(1631,2,0),(1632,2,0),(1633,2,0),(1634,2,0),(1635,2,0),(1636,2,0),(1637,2,0),(1638,2,0),(1639,1,0),(1640,2,0),(1641,2,0),(1642,1,0),(1643,48,NULL),(1644,1,0),(1645,1,0),(1646,1,0),(1647,2,0),(1648,2,0),(1649,2,0),(1650,2,0),(1651,2,0),(1652,2,0),(1653,2,0),(1654,2,0),(1655,1,0),(1656,1,0),(1657,1,0),(1658,1,0),(1659,4,0),(1660,4,0),(1661,2,0),(1662,2,50),(1663,2,0),(1664,2,0),(1665,2,0),(1666,2,0),(1667,1,0),(1668,49,NULL),(1669,1,0),(1670,2,0),(1671,2,0),(1672,2,0),(1673,2,0),(1674,2,0),(1675,2,0),(1676,2,0),(1677,1,0),(1678,1,0),(1679,1,1428),(1680,1,1429),(1681,1,1430),(1682,1,1427),(1683,1,1431),(1684,1,1433),(1685,1,1432),(1686,1,1434),(1687,1,0),(1688,1,1436),(1689,1,1435),(1690,1,1437),(1691,1,1438),(1692,1,1440),(1693,1,1439),(1694,1,1442),(1695,1,1441),(1696,1,1443),(1697,1,1444),(1698,2,0),(1699,1,1445),(1700,1,1446),(1701,1,1447),(1702,1,1448),(1703,1,1449),(1704,1,1450),(1705,1,1451),(1706,1,1452),(1707,1,1453),(1708,1,1454),(1709,1,1455),(1710,1,1456),(1711,1,1457),(1712,1,1459),(1713,1,1458),(1714,1,1460),(1715,1,1466),(1716,1,1463),(1717,1,1468),(1718,1,1465),(1719,1,1464),(1720,1,1467),(1721,1,1462),(1722,1,1461),(1723,1,1471),(1724,1,1475),(1725,1,1473),(1726,1,1474),(1727,1,1469),(1728,1,1472),(1729,1,1470),(1730,1,1476),(1731,1,1477),(1732,1,1481),(1733,1,1480),(1734,1,1478),(1735,1,1479),(1736,1,1482),(1737,1,1483),(1738,1,1484),(1739,1,1485),(1740,1,1487),(1741,1,1486),(1742,1,1488),(1743,1,0),(1744,1,1489),(1745,1,1490),(1746,1,1492),(1747,1,1491),(1748,1,1493),(1749,1,1496),(1750,1,1497),(1751,1,1500),(1752,1,1498),(1753,1,1494),(1754,1,1495),(1755,1,1501),(1756,1,1499),(1757,1,1503),(1758,1,1502),(1759,1,1508),(1760,1,1507),(1761,1,1506),(1762,1,1504),(1763,1,1505),(1764,1,0),(1765,1,1509),(1766,1,1511),(1767,1,1521),(1768,1,1517),(1769,1,1512),(1770,1,1519),(1771,1,1516),(1772,1,1520),(1773,1,1518),(1774,1,1515),(1775,1,1522),(1776,1,1510),(1777,1,1514),(1778,1,1513),(1779,1,1527),(1780,1,1523),(1781,1,1528),(1782,1,1529),(1783,1,1526),(1784,1,1530),(1785,1,0),(1786,1,1525),(1787,1,1524),(1788,1,1531),(1789,1,1532),(1790,4,4294967295),(1791,4,9999999),(1792,1,1533),(1793,1,1534),(1794,1,1535),(1795,2,0),(1796,2,0),(1797,1,1536),(1798,1,1537),(1799,1,1539),(1800,1,1538),(1801,1,1540),(1802,1,1543),(1803,1,1545),(1804,1,1544),(1805,1,1546),(1806,1,1548),(1807,1,1547),(1808,1,1542),(1809,1,1541),(1810,1,1549),(1811,1,1550),(1812,1,1551),(1813,1,1552),(1814,1,4294967295),(1815,1,1484999999),(1816,1,148499999),(1817,1,1553),(1818,1,4294967295),(1819,1,1196999999),(1820,1,119699999),(1821,1,1556),(1822,1,1555),(1823,1,1554),(1824,1,1557),(1825,1,1559),(1826,1,1560),(1827,1,1558),(1828,1,4294967295),(1829,1,1149999999),(1830,1,114999999),(1831,1,1561),(1832,1,1563),(1833,1,1562),(1834,1,1566),(1835,1,1565),(1836,1,1564),(1837,1,1567),(1838,1,1569),(1839,1,1571),(1840,1,1572),(1841,1,1568),(1842,1,1570),(1843,1,1574),(1844,1,1573),(1845,1,1575),(1846,1,1576),(1847,1,1577),(1848,1,1579),(1849,1,1578),(1850,1,1581),(1851,2,4294967295),(1852,2,6999999),(1853,2,699999),(1854,1,1580),(1855,1,1582),(1856,2,4294967295),(1857,1,1583),(1858,1,1584),(1859,1,1585),(1860,1,4294967295),(1861,1,846999999),(1862,1,84699999),(1863,1,1588),(1864,1,1587),(1865,1,1586),(1866,1,1591),(1867,1,1592),(1868,1,1593),(1869,1,1589),(1870,1,1590),(1871,1,1594),(1872,1,1597),(1873,1,1595),(1874,1,1596),(1875,1,1598),(1876,1,1599),(1877,1,1602),(1878,1,1601),(1879,1,1604),(1880,1,1600),(1881,1,1606),(1882,1,1609),(1883,1,1610),(1884,1,1611),(1885,1,1608),(1886,1,1603),(1887,1,1605),(1888,1,1614),(1889,1,1617),(1890,1,1613),(1891,1,1616),(1892,1,1618),(1893,1,1619),(1894,1,1612),(1895,1,1620),(1896,1,1615),(1897,1,1621),(1898,1,1622),(1899,1,1628),(1900,1,1627),(1901,1,1626),(1902,1,1625),(1903,1,1624),(1904,1,1631),(1905,1,1632),(1906,1,1623),(1907,1,1633),(1908,1,1635),(1909,1,1629),(1910,1,1634),(1911,1,1630),(1912,1,1641),(1913,1,1640),(1914,1,1639),(1915,1,1638),(1916,1,1637),(1917,1,1636),(1918,1,1644),(1919,1,1643),(1920,1,1645),(1921,1,1652),(1922,1,1647),(1923,1,1649),(1924,1,1648),(1925,1,1650),(1926,1,1651),(1927,1,1646),(1928,1,1642),(1929,1,1653),(1930,1,1655),(1931,1,1656),(1932,1,1654),(1933,2,4294967295),(1934,2,48999999),(1935,2,4899999),(1936,1,1657),(1937,1,1658),(1938,1,1660),(1939,1,1661),(1940,1,1659),(1941,1,4294967295),(1942,1,1381999999),(1943,1,138199999),(1944,2,4294967295),(1945,1,1662),(1946,1,1664),(1947,1,1663),(1948,1,1666),(1949,2,4294967295),(1950,2,42999999),(1951,2,4299999),(1952,1,1665),(1953,1,1667),(1954,1,1668),(1955,1,1669),(1956,1,1672),(1957,1,1671),(1958,1,1675),(1959,1,1673),(1960,1,1674),(1961,1,1676),(1962,2,4294967295),(1963,1,1677),(1964,1,1678),(1965,1,1679),(1966,1,1680),(1967,1,1681),(1968,1,1670),(1969,1,1686),(1970,1,1682),(1971,1,1684),(1972,1,1685),(1973,1,1683),(1974,1,1687),(1975,4,4294967295),(1976,1,1688),(1977,1,1691),(1978,1,1690),(1979,1,1689),(1980,2,4294967295),(1981,1,1692),(1982,2,4294967295),(1983,1,1693),(1984,1,1694),(1985,2,4294967295),(1986,2,4294967295),(1987,2,20999999),(1988,2,2099999),(1989,2,4294967295),(1990,2,23999999),(1991,2,2399999),(1992,1,1695),(1993,1,1696),(1994,1,1697),(1995,1,1698),(1996,2,4294967295),(1997,2,4294967295),(1998,2,14999999),(1999,2,1499999),(2000,1,1699),(2001,1,1703),(2002,1,1702),(2003,1,1701),(2004,1,1700),(2005,1,1704),(2006,1,1706),(2007,1,1705),(2008,1,1707),(2009,2,4294967295),(2010,2,28999999),(2011,2,2899999),(2012,1,1708),(2013,1,1709),(2014,1,1712),(2015,1,1710),(2016,1,1714),(2017,1,1715),(2018,1,1716),(2019,1,1718),(2020,1,1719),(2021,1,1717),(2022,1,1711),(2023,1,1720),(2024,1,1721),(2025,1,1722),(2026,1,1724),(2027,1,1713),(2028,1,1725),(2029,1,1723),(2030,1,1726),(2031,1,1728),(2032,1,1727),(2033,1,1729),(2034,1,1730),(2035,1,1731),(2036,1,1734),(2037,1,1732),(2038,1,1733),(2039,1,1735),(2040,1,1736),(2041,1,1737),(2042,1,1738),(2043,1,1739),(2044,1,1740),(2045,1,1742),(2046,1,1744),(2047,1,1747),(2048,1,1748),(2049,1,1753),(2050,1,1741),(2051,1,1743),(2052,1,1745),(2053,1,1746),(2054,1,1750),(2055,1,1749),(2056,1,1751),(2057,1,1752),(2058,1,1755),(2059,2,4294967295),(2060,2,3999999),(2061,2,399999),(2062,1,1754),(2063,1,1756),(2064,1,1757),(2065,1,1759),(2066,2,4294967295),(2067,1,1758),(2068,1,1760),(2069,1,1761),(2070,2,4294967295),(2071,1,1763),(2072,1,1762),(2073,2,2548),(2074,2,6097),(2075,1,1764),(2076,1,1765),(2077,1,1766),(2078,1,1767),(2079,1,4294967295),(2080,1,1768),(2081,1,1770),(2082,1,1771),(2083,1,1769),(2084,1,1772),(2085,1,1773),(2086,1,1774),(2087,1,1775),(2088,1,1776),(2089,1,1777),(2090,1,1778),(2091,1,1779),(2092,1,1780),(2093,2,4294967295),(2094,1,1783),(2095,1,1784),(2096,1,1782),(2097,1,1781),(2098,1,1785),(2099,2,4294967295),(2100,2,4294967295),(2101,2,16999999),(2102,2,1699999),(2103,1,1787),(2104,1,1786),(2105,1,1788),(2106,1,1789),(2107,1,1790),(2108,1,1791),(2109,1,1792),(2110,1,1793),(2111,1,1794),(2112,1,1795),(2113,1,1796),(2114,1,1797),(2115,1,1798),(2116,1,1799),(2117,1,1803),(2118,1,1804),(2119,1,1800),(2120,1,1801),(2121,1,1805),(2122,1,1806),(2123,1,1807),(2124,1,1808),(2125,1,1810),(2126,1,1812),(2127,1,1811),(2128,1,1813),(2129,1,1809),(2130,1,1814),(2131,1,1815),(2132,1,1816),(2133,1,1817),(2134,1,1818),(2135,1,1819),(2136,1,1821),(2137,1,1822),(2138,1,1824),(2139,1,4294967295),(2140,1,439999999),(2141,1,43999999),(2142,1,1823),(2143,1,1826),(2144,1,1827),(2145,1,1825),(2146,1,1829),(2147,1,1820),(2148,1,1832),(2149,1,1833),(2150,1,1834),(2151,1,1836),(2152,1,1835),(2153,1,1828),(2154,1,1830),(2155,1,1831),(2156,1,1838),(2157,1,1845),(2158,1,1842),(2159,1,1847),(2160,1,1848),(2161,2,4294967295),(2162,1,1849),(2163,1,1841),(2164,1,1839),(2165,1,1837),(2166,1,1844),(2167,1,1840),(2168,1,1846),(2169,1,1843),(2170,1,1850),(2171,1,1852),(2172,1,1853),(2173,1,1851),(2174,1,1854),(2175,1,1855),(2176,1,1856),(2177,1,1857),(2178,1,1858),(2179,1,1859),(2180,1,1860),(2181,1,1864),(2182,1,1873),(2183,1,1861),(2184,1,1862),(2185,1,1867),(2186,1,1868),(2187,1,1869),(2188,1,1870),(2189,1,1871),(2190,1,1872),(2191,1,1865),(2192,1,1875),(2193,1,1863),(2194,1,1876),(2195,1,1877),(2196,1,1878),(2197,1,1874),(2198,1,1866),(2199,1,1879),(2200,1,1880),(2201,1,1882),(2202,1,1881),(2203,1,1883),(2204,1,1884),(2205,1,1886),(2206,1,1885),(2207,1,1888),(2208,1,1894),(2209,1,1893),(2210,1,1892),(2211,1,1891),(2212,1,1896),(2213,1,1887),(2214,1,1899),(2215,1,1897),(2216,1,1895),(2217,1,1898),(2218,2,51),(2219,1,1902),(2220,1,1901),(2221,1,1900),(2222,1,1904),(2223,1,1903),(2224,1,1889),(2225,1,1890),(2226,1,1905),(2227,2,4294967295),(2228,1,1906),(2229,1,1909),(2230,1,1910),(2231,1,1907),(2232,1,1911),(2233,2,463),(2234,1,1914),(2235,1,1915),(2236,1,1919),(2237,1,1920),(2238,1,1918),(2239,1,1917),(2240,1,1921),(2241,1,1916),(2242,1,1922),(2243,1,1923),(2244,1,1925),(2245,1,1927),(2246,1,1926),(2247,2,4294967295),(2248,1,1924),(2249,1,1913),(2250,1,1930),(2251,1,1931),(2252,2,4294967295),(2253,1,1934),(2254,1,1932),(2255,1,1933),(2256,1,1935),(2257,1,1937),(2258,1,1936),(2259,1,1940),(2260,1,1939),(2261,1,1938),(2262,1,1941),(2263,1,4294967295),(2264,1,1717999999),(2265,1,171799999),(2266,1,1942),(2267,1,1943),(2268,1,1945),(2269,1,1944),(2270,1,1946),(2271,1,1947),(2272,1,1948),(2273,1,1949),(2274,1,1929),(2275,1,1950),(2276,1,1951),(2277,1,1952),(2278,1,1953),(2279,1,1954),(2280,2,4294967295),(2281,1,1957),(2282,1,1955),(2283,2,4294967295),(2284,2,4294967295),(2285,2,4294967295),(2286,2,4294967295),(2287,2,4294967295),(2288,2,4294967295),(2289,2,4294967295),(2290,2,4294967295),(2291,2,4294967295),(2292,2,4294967295),(2293,2,4294967295),(2294,2,4294967295),(2295,2,4294967295),(2296,2,4294967295),(2297,2,4294967295),(2298,2,4294967295),(2299,2,4294967295),(2300,2,4294967295),(2301,2,4294967295),(2302,2,4294967295),(2303,2,4294967295),(2304,2,4294967295),(2305,2,4294967295),(2306,2,4294967295),(2307,2,4294967295),(2308,2,4294967295),(2309,2,4294967295),(2310,2,4294967295),(2311,2,4294967295),(2312,2,4294967295),(2313,2,4294967295),(2314,2,4294967295),(2315,2,4294967295),(2316,2,4294967295),(2317,2,4294967295),(2318,2,4294967295),(2319,2,4294967295),(2320,2,4294967295),(2321,2,4294967295),(2322,2,4294967295),(2323,2,4294967295),(2324,2,4294967295),(2325,2,4294967295),(2326,2,4294967295),(2327,2,4294967295),(2328,2,4294967295),(2329,2,4294967295),(2330,2,4294967295),(2331,2,4294967295),(2332,2,4294967295),(2333,2,4294967295),(2334,2,4294967295),(2335,2,4294967295),(2336,2,4294967295),(2337,2,4294967295),(2338,2,4294967295),(2339,2,4294967295),(2340,2,4294967295),(2341,2,4294967295),(2342,2,4294967295),(2343,2,4294967295),(2344,2,4294967295),(2345,2,4294967295),(2346,2,4294967295),(2347,2,4294967295),(2348,2,4294967295),(2349,2,4294967295),(2350,2,4294967295),(2351,2,4294967295),(2352,2,4294967295),(2353,2,4294967295),(2354,2,4294967295),(2355,2,4294967295),(2356,2,4294967295),(2357,2,4294967295),(2358,2,4294967295),(2359,2,4294967295),(2360,2,4294967295),(2361,2,4294967295),(2362,2,4294967295),(2363,2,4294967295),(2364,2,4294967295),(2365,2,4294967295),(2366,2,4294967295),(2367,2,4294967295),(2368,2,4294967295),(2369,2,4294967295),(2370,2,4294967295),(2371,2,4294967295),(2372,2,4294967295),(2373,2,4294967295),(2374,2,4294967295),(2375,2,4294967295),(2376,2,4294967295),(2377,2,4294967295),(2378,2,4294967295),(2379,2,4294967295),(2380,2,4294967295),(2381,2,4294967295),(2382,2,4294967295),(2383,2,4294967295),(2384,2,4294967295),(2385,2,4294967295),(2386,2,4294967295),(2387,2,4294967295),(2388,2,4294967295),(2389,2,4294967295),(2390,2,4294967295),(2391,2,4294967295),(2392,2,4294967295),(2393,2,4294967295),(2394,2,4294967295),(2395,2,4294967295),(2396,2,4294967295),(2397,2,4294967295),(2398,2,4294967295),(2399,2,4294967295),(2400,2,4294967295),(2401,2,4294967295),(2402,2,4294967295),(2403,2,12999999),(2404,2,1299999),(2405,1,1956),(2406,1,1963),(2407,1,1964),(2408,1,1968),(2409,1,1966),(2410,1,1971),(2411,1,1969),(2412,1,1972),(2413,1,1962),(2414,1,1961),(2415,1,1959),(2416,1,1973),(2417,1,1974),(2418,1,1976),(2419,1,1975),(2420,1,1967),(2421,1,1960),(2422,1,1958),(2423,1,1977),(2424,1,1965),(2425,1,1978),(2426,1,1981),(2427,1,1982),(2428,1,1980),(2429,1,1979),(2430,1,1983),(2431,1,1989),(2432,1,1985),(2433,1,1986),(2434,1,1987),(2435,1,1990),(2436,1,1991),(2437,1,1993),(2438,1,1994),(2439,1,1995),(2440,1,1984),(2441,1,1999),(2442,1,1998),(2443,1,1997),(2444,1,1996),(2445,1,2000),(2446,1,2001),(2447,1,2003),(2448,1,2002),(2449,4,4294967295),(2450,4,4294967295),(2451,4,76999999),(2452,4,7699999),(2453,1,1988),(2454,2,4294967295),(2455,2,33999999),(2456,2,3399999),(2457,1,2004),(2458,1,2005),(2459,1,2006),(2460,1,2007),(2461,1,2008),(2462,1,2009),(2463,1,4294967295),(2464,1,258999999),(2465,1,25899999),(2466,4,4294967295),(2467,4,48999999),(2468,4,4899999),(2469,4,4294967295),(2470,2,4294967295),(2471,1,2011),(2472,1,2013),(2473,1,2015),(2474,1,2016),(2475,1,2017),(2476,1,2010),(2477,1,2021),(2478,1,2018),(2479,1,2020),(2480,1,2019),(2481,1,2022),(2482,1,2024),(2483,1,2025),(2484,1,2023),(2485,1,2027),(2486,1,2028),(2487,1,2029),(2488,1,2030),(2489,1,2033),(2490,1,2034),(2491,1,2035),(2492,1,2036),(2493,1,2037),(2494,1,2039),(2495,1,2038),(2496,1,2040),(2497,1,2041),(2498,1,2043),(2499,1,2044),(2500,1,2045),(2501,1,2042),(2502,1,2026),(2503,1,2012),(2504,1,4294967295),(2505,1,2046),(2506,1,2047),(2507,1,2048),(2508,1,2050),(2509,1,2051),(2510,1,2052),(2511,4,4294967295),(2512,1,2053),(2513,1,2054),(2514,2,5497),(2515,2,8051),(2516,1,2056),(2517,1,2057),(2518,1,2055),(2519,3,99999999),(2520,2,99999999),(2521,1,99999999),(2522,1,2058),(2523,1,2059),(2524,1,2060),(2525,2,4294967295),(2526,1,2061),(2527,1,2062),(2528,1,4294967295),(2529,1,2063),(2530,1,2064),(2531,1,2065),(2532,1,2066),(2533,1,2067),(2534,1,2069),(2535,2,4294967295),(2536,2,4294967295),(2537,2,4294967295),(2538,1,2070),(2539,1,2071),(2540,1,2073),(2541,1,2072),(2542,1,2074),(2543,1,2075),(2544,1,2076),(2545,1,2077),(2546,1,2078),(2547,1,2079),(2548,1,2080),(2549,1,2081),(2550,1,2082),(2551,1,2083),(2552,1,2084),(2553,1,2088),(2554,1,2087),(2555,1,2085),(2556,1,2086),(2557,1,2089),(2558,1,2090),(2559,1,2091),(2560,1,2092),(2561,1,2093),(2562,1,2094),(2563,1,2096),(2564,1,2095),(2565,1,2097),(2566,1,2098),(2567,1,2099),(2568,1,2100),(2569,1,2102),(2570,1,2101),(2571,1,2103),(2572,1,2104),(2573,1,2105),(2574,1,2106),(2575,1,2107),(2576,1,2109),(2577,1,2110),(2578,1,2111),(2579,1,2112),(2580,1,2114),(2581,1,2113),(2582,1,2115),(2583,1,2116),(2584,1,2119),(2585,1,2117),(2586,1,2121),(2587,1,2120),(2588,1,2122),(2589,1,2123),(2590,1,2118),(2591,4,4294967295),(2592,2,53),(2593,1,2125),(2594,1,2124),(2595,1,2126),(2596,1,2127),(2597,2,4294967295),(2598,2,4294967295),(2599,2,4294967295),(2600,2,4294967295),(2601,2,4294967295),(2602,2,4294967295),(2603,2,4294967295),(2604,2,4294967295),(2605,2,4294967295),(2606,2,4294967295),(2607,2,4294967295),(2608,2,4294967295),(2609,2,4294967295),(2610,2,4294967295),(2611,2,4294967295),(2612,2,4294967295),(2613,2,4294967295),(2614,2,4294967295),(2615,2,4294967295),(2616,2,4294967295),(2617,2,4294967295),(2618,2,4294967295),(2619,2,4294967295),(2620,2,4294967295),(2621,2,4294967295),(2622,2,4294967295),(2623,2,4294967295),(2624,2,4294967295),(2625,2,4294967295),(2626,2,4294967295),(2627,2,4294967295),(2628,2,4294967295),(2629,2,4294967295),(2630,2,4294967295),(2631,2,4294967295),(2632,2,4294967295),(2633,2,4294967295),(2634,2,4294967295),(2635,2,4294967295),(2636,2,4294967295),(2637,2,4294967295),(2638,2,4294967295),(2639,2,4294967295),(2640,2,4294967295),(2641,2,4294967295),(2642,2,4294967295),(2643,2,4294967295),(2644,2,4294967295),(2645,2,4294967295),(2646,2,4294967295),(2647,2,4294967295),(2648,2,4294967295),(2649,2,4294967295),(2650,2,4294967295),(2651,2,4294967295),(2652,2,4294967295),(2653,2,4294967295),(2654,2,4294967295),(2655,2,4294967295),(2656,2,4294967295),(2657,2,4294967295),(2658,2,4294967295),(2659,2,4294967295),(2660,2,4294967295),(2661,2,4294967295),(2662,2,4294967295),(2663,2,4294967295),(2664,2,4294967295),(2665,2,4294967295),(2666,2,4294967295),(2667,2,4294967295),(2668,2,4294967295),(2669,2,4294967295),(2670,2,4294967295),(2671,2,4294967295),(2672,2,4294967295),(2673,2,4294967295),(2674,2,4294967295),(2675,2,4294967295),(2676,2,4294967295),(2677,2,4294967295),(2678,2,4294967295),(2679,2,4294967295),(2680,2,4294967295),(2681,2,4294967295),(2682,2,4294967295),(2683,2,4294967295),(2684,2,4294967295),(2685,2,4294967295),(2686,2,4294967295),(2687,2,4294967295),(2688,2,4294967295),(2689,2,4294967295),(2690,2,4294967295),(2691,2,4294967295),(2692,2,4294967295),(2693,2,4294967295),(2694,2,4294967295),(2695,2,4294967295),(2696,2,4294967295),(2697,2,4294967295),(2698,2,4294967295),(2699,2,4294967295),(2700,2,4294967295),(2701,2,4294967295),(2702,2,4294967295),(2703,2,4294967295),(2704,2,4294967295),(2705,2,4294967295),(2706,2,4294967295),(2707,2,4294967295),(2708,2,4294967295),(2709,2,4294967295),(2710,2,4294967295),(2711,2,4294967295),(2712,2,4294967295),(2713,2,4294967295),(2714,2,4294967295),(2715,2,4294967295),(2716,2,4294967295),(2717,2,4294967295),(2718,2,4294967295),(2719,2,4294967295),(2720,2,4294967295),(2721,2,4294967295),(2722,1,1908),(2723,1,2129),(2724,1,2128),(2725,1,2130),(2726,1,2131),(2727,1,2132),(2728,1,2134),(2729,1,2133),(2730,1,2135),(2731,1,2136),(2732,2,4294967295),(2733,2,4294967295),(2734,2,4294967295),(2735,1,2138),(2736,2,54),(2737,1,2139),(2738,2,4294967295),(2739,2,4294967295),(2740,1,2140),(2741,1,2141),(2742,1,2142),(2743,1,2143),(2744,1,2144),(2745,1,2145),(2746,1,2146),(2747,2,4294967295),(2748,2,4294967295),(2749,2,4294967295),(2750,1,2149),(2751,1,2150),(2752,1,2151),(2753,1,2147),(2754,1,2148),(2755,1,2153),(2756,1,2152),(2757,1,2154),(2758,1,2157),(2759,1,2156),(2760,1,4294967295);

--
-- Table structure for table `ps_page_type`
--

CREATE TABLE `ps_page_type` (
  `id_page_type` int(10) unsigned NOT NULL AUTO_INCREMENT,
  `name` varchar(255) NOT NULL,
  PRIMARY KEY (`id_page_type`),
  KEY `name` (`name`)
) ENGINE=InnoDB AUTO_INCREMENT=50 DEFAULT CHARSET=utf8;

--
-- Dumping data for table `ps_page_type`
--

INSERT INTO `ps_page_type` VALUES (24,'404.php'),(35,'address.php'),(36,'addresses.php'),(13,'authentication.php'),(19,'authentication.php'),(11,'best-sales.php'),(26,'best-sales.php'),(25,'cart.php'),(2,'category.php'),(45,'category.php/trackback/'),(7,'cms.php'),(21,'cms.php'),(47,'cms.php/trackback/'),(12,'contact-form.php'),(20,'contact-form.php'),(39,'discount.php'),(46,'guest-tracking.php'),(33,'history.php'),(42,'identity.php'),(5,'index.php'),(15,'index.php'),(4,'manufacturer.php'),(48,'manufacturer.php/trackback/'),(41,'modules//sendtoafriend/sendtoafriend-form.php'),(31,'modules/bankwire/payment.php'),(37,'modules/blocktestimonial/addtestimonial.php'),(43,'modules/paypal/about.php'),(38,'modules/sendtoafriend/sendtoafriend-form.php'),(29,'modules/sendtoafriend2/sendtoafriend-form.php'),(30,'my-account.php'),(17,'new-products.php'),(32,'order-confirmation.php'),(49,'order-slip.php'),(3,'order.php'),(28,'password.php'),(10,'prices-drop.php'),(16,'prices-drop.php'),(1,'product.php'),(44,'product.php/trackback/'),(34,'products-comparison.php'),(8,'search.php'),(18,'search.php'),(14,'sitemap.php'),(23,'sitemap.php'),(9,'stores.php'),(22,'stores.php'),(6,'supplier.php'),(27,'supplier.php'),(40,'unsubscribe.php');

--
-- Table structure for table `ps_page_viewed`
--

CREATE TABLE `ps_page_viewed` (
  `id_page` int(10) unsigned NOT NULL,
  `id_date_range` int(10) unsigned NOT NULL,
  `counter` int(10) unsigned NOT NULL,
  PRIMARY KEY (`id_page`,`id_date_range`)
) ENGINE=InnoDB DEFAULT CHARSET=utf8;

--
-- Dumping data for table `ps_page_viewed`
--


--
-- Table structure for table `ps_pagenotfound`
--

CREATE TABLE `ps_pagenotfound` (
  `id_pagenotfound` int(10) unsigned NOT NULL AUTO_INCREMENT,
  `request_uri` varchar(256) NOT NULL,
  `http_referer` varchar(256) NOT NULL,
  `date_add` datetime NOT NULL,
  PRIMARY KEY (`id_pagenotfound`),
  KEY `date_add` (`date_add`)
) ENGINE=InnoDB AUTO_INCREMENT=590 DEFAULT CHARSET=utf8;

--
-- Dumping data for table `ps_pagenotfound`
--

INSERT INTO `ps_pagenotfound` VALUES (1,'/robots.txt','','2012-10-20 16:46:14'),(2,'/%22/modules/ddlx_creator/css/overmenu.png%22','http://www.saintclairmat.fr/product.php?id_product=863','2017-11-17 14:55:14'),(3,'/robots.txt','','2017-11-17 15:01:01'),(4,'/favicon.ico','https://www.qwant.com/','2017-11-17 15:33:58'),(5,'/robots.txt','','2017-11-17 15:55:38'),(6,'/robots.txt','','2017-11-17 16:02:06'),(7,'/robots.txt','','2017-11-17 16:02:08'),(8,'/robots.txt','','2017-11-17 16:23:19'),(9,'/%22/modules/ddlx_creator/css/overmenu.png%22','http://www.saintclairmat.fr/','2017-11-17 17:33:44'),(10,'/%22/modules/ddlx_creator/css/overmenu.png%22','http://www.saintclairmat.fr/category.php?id_category=16','2017-11-17 17:34:06'),(11,'/%22/modules/ddlx_creator/css/overmenu.png%22','http://www.saintclairmat.fr/product.php?id_product=1925','2017-11-17 17:34:38'),(12,'/%22/modules/ddlx_creator/css/overmenu.png%22','http://www.saintclairmat.fr/category.php?id_category=16','2017-11-17 17:34:49'),(13,'/%22/modules/ddlx_creator/css/overmenu.png%22','http://www.saintclairmat.fr/','2017-11-17 17:34:57'),(14,'/favicon.ico','https://www.qwant.com/','2017-11-17 18:35:33'),(15,'/wp-content/plugins/wp-mailinglist/vendors/uploadify/upload.php','http://www.saintclairmat.fr/wp-content/plugins/wp-mailinglist/vendors/uploadify/upload.php','2017-11-17 18:53:17'),(16,'/wp-login.php?cprotect=1','','2017-11-17 19:13:10'),(17,'/favicon.ico','','2017-11-17 20:30:45'),(18,'/favicon.ico','https://translate.google.com/','2017-11-17 20:30:45'),(19,'/robots.txt','','2017-11-17 21:08:16'),(20,'/robots.txt','','2017-11-17 21:45:20'),(21,'/robots.txt','','2017-11-18 00:29:02'),(22,'/robots.txt','','2017-11-18 02:28:41'),(23,'/robots.txt','','2017-11-18 02:35:18'),(24,'/robots.txt','','2017-11-18 03:09:24'),(25,'/robots.txt','','2017-11-18 04:01:05'),(26,'/robots.txt','','2017-11-18 07:03:33'),(27,'/robots.txt','','2017-11-18 07:32:11'),(28,'/robots.txt','','2017-11-18 09:09:27'),(29,'/robots.txt','','2017-11-18 09:20:16'),(30,'/robots.txt','','2017-11-18 09:20:16'),(31,'/robots.txt','','2017-11-18 09:20:17'),(32,'/robots.txt','','2017-11-18 09:20:18'),(33,'/robots.txt','','2017-11-18 09:38:47'),(34,'/favicon.ico','','2017-11-18 10:04:22'),(35,'/favicon.ico','','2017-11-18 10:04:22'),(36,'/%22/modules/ddlx_creator/css/overmenu.png%22','http://www.saintclairmat.fr/category.php?id_category=20','2017-11-18 10:13:20'),(37,'/%22/modules/ddlx_creator/css/overmenu.png%22','http://www.saintclairmat.fr/category.php?id_category=20','2017-11-18 10:13:27'),(38,'/%22/modules/ddlx_creator/css/overmenu.png%22','http://www.saintclairmat.fr/category.php?id_category=20','2017-11-18 10:14:08'),(39,'/robots.txt','','2017-11-18 10:50:56'),(40,'/wp-admin/','','2017-11-18 10:58:03'),(41,'/test/wp-admin/','','2017-11-18 11:07:38'),(42,'/wordpress/wp-admin/','','2017-11-18 11:17:10'),(43,'/robots.txt','','2017-11-18 11:18:25'),(44,'/blog/wp-admin/','','2017-11-18 11:26:45'),(45,'/favicon.ico','','2017-11-18 11:30:31'),(46,'/old/wp-admin/','','2017-11-18 11:45:57'),(47,'/%22/modules/ddlx_creator/css/overmenu.png%22','http://www.saintclairmat.fr/','2017-11-18 11:52:03'),(48,'/%22/modules/ddlx_creator/css/overmenu.png%22','http://www.saintclairmat.fr/category.php?id_category=5','2017-11-18 11:52:41'),(49,'/%22/modules/ddlx_creator/css/overmenu.png%22','http://www.saintclairmat.fr/category.php?id_category=34','2017-11-18 11:52:59'),(50,'/%22/modules/ddlx_creator/css/overmenu.png%22','http://www.saintclairmat.fr/category.php?id_category=5','2017-11-18 11:53:59'),(51,'/%22/modules/ddlx_creator/css/overmenu.png%22','http://www.saintclairmat.fr/','2017-11-18 11:54:05'),(52,'/favicon.ico','','2017-11-18 13:55:17'),(53,'/favicon.ico','','2017-11-18 14:28:51'),(54,'/wp-login.php?cprotect=1','','2017-11-18 14:54:17'),(55,'/favicon.ico','https://www.qwant.com/','2017-11-18 15:10:06'),(56,'/favicon.ico','','2017-11-18 15:17:29'),(57,'/%22/modules/ddlx_creator/css/overmenu.png%22','http://www.saintclairmat.fr/product.php?id_product=783','2017-11-18 15:18:07'),(58,'/robots.txt','','2017-11-18 15:49:44'),(59,'/favicon.ico','','2017-11-18 16:22:19'),(60,'/robots.txt','','2017-11-18 16:31:52'),(61,'/favicon.ico','','2017-11-18 16:32:20'),(62,'/robots.txt','','2017-11-18 17:02:29'),(63,'/favicon.ico','','2017-11-18 17:04:03'),(64,'/wp-login.php?cprotect=1','','2017-11-18 17:49:25'),(65,'/robots.txt','http://www.saintclairmat.fr/robots.txt','2017-11-18 17:49:56'),(66,'/robots.txt','http://www.saintclairmat.fr/robots.txt','2017-11-18 17:49:57'),(67,'/robots.txt','','2017-11-18 17:59:09'),(68,'/wp-login.php?cprotect=1','','2017-11-18 18:18:13'),(69,'/wp-login.php?cprotect=1','','2017-11-18 18:22:53'),(70,'/wp-login.php?cprotect=1','','2017-11-18 18:38:17'),(71,'/wp-login.php?cprotect=1','','2017-11-18 19:12:30'),(72,'/wp-login.php?cprotect=1','','2017-11-18 19:24:15'),(73,'/favicon.ico','','2017-11-18 19:47:34'),(74,'/favicon.ico','','2017-11-18 20:39:26'),(75,'/favicon.ico','','2017-11-18 20:43:26'),(76,'/favicon.ico','','2017-11-18 20:46:42'),(77,'/favicon.ico','','2017-11-18 20:49:26'),(78,'/favicon.ico','','2017-11-18 20:53:26'),(79,'/favicon.ico','','2017-11-18 20:56:44'),(80,'/favicon.ico','','2017-11-18 20:59:47'),(81,'/favicon.ico','','2017-11-18 21:03:51'),(82,'/robots.txt','','2017-11-18 21:11:36'),(83,'/favicon.ico','','2017-11-18 21:18:50'),(84,'/wp-login.php?cprotect=1','','2017-11-18 21:19:29'),(85,'/favicon.ico','','2017-11-18 21:21:31'),(86,'/favicon.ico','','2017-11-18 21:34:37'),(87,'/favicon.ico','','2017-11-18 21:37:55'),(88,'/favicon.ico','','2017-11-18 21:40:38'),(89,'/favicon.ico','','2017-11-18 21:44:37'),(90,'/favicon.ico','','2017-11-18 21:47:55'),(91,'/favicon.ico','','2017-11-18 21:50:37'),(92,'/favicon.ico','','2017-11-18 21:54:48'),(93,'/favicon.ico','','2017-11-18 21:58:39'),(94,'/favicon.ico','','2017-11-18 22:00:38'),(95,'/favicon.ico','','2017-11-18 22:04:38'),(96,'/favicon.ico','','2017-11-18 22:07:55'),(97,'/favicon.ico','','2017-11-18 22:10:38'),(98,'/favicon.ico','','2017-11-18 22:14:38'),(99,'/favicon.ico','','2017-11-18 22:17:56'),(100,'/favicon.ico','','2017-11-18 22:20:38'),(101,'/favicon.ico','','2017-11-18 22:24:37'),(102,'/wp-login.php?cprotect=1','','2017-11-18 22:25:53'),(103,'/favicon.ico','','2017-11-18 22:27:57'),(104,'/favicon.ico','','2017-11-18 22:30:50'),(105,'/favicon.ico','','2017-11-18 22:34:38'),(106,'/robots.txt','','2017-11-18 22:35:48'),(107,'/favicon.ico','','2017-11-18 22:37:55'),(108,'/favicon.ico','','2017-11-18 22:40:41'),(109,'/favicon.ico','','2017-11-18 22:44:49'),(110,'/favicon.ico','','2017-11-18 22:47:56'),(111,'/favicon.ico','','2017-11-18 22:50:38'),(112,'/favicon.ico','','2017-11-18 22:54:38'),(113,'/favicon.ico','','2017-11-18 22:57:54'),(114,'/favicon.ico','','2017-11-18 23:00:39'),(115,'/favicon.ico','','2017-11-18 23:04:40'),(116,'/favicon.ico','','2017-11-18 23:07:55'),(117,'/favicon.ico','','2017-11-18 23:10:38'),(118,'/favicon.ico','','2017-11-18 23:14:37'),(119,'/favicon.ico','','2017-11-18 23:17:55'),(120,'/favicon.ico','','2017-11-18 23:20:39'),(121,'/favicon.ico','','2017-11-18 23:24:38'),(122,'/favicon.ico','','2017-11-18 23:27:58'),(123,'/favicon.ico','','2017-11-18 23:30:44'),(124,'/favicon.ico','','2017-11-18 23:34:37'),(125,'/favicon.ico','','2017-11-18 23:37:54'),(126,'/favicon.ico','','2017-11-18 23:40:39'),(127,'/favicon.ico','','2017-11-18 23:44:39'),(128,'/robots.txt','','2017-11-18 23:46:05'),(129,'/favicon.ico','','2017-11-18 23:47:55'),(130,'/favicon.ico','','2017-11-18 23:50:38'),(131,'/favicon.ico','','2017-11-18 23:54:38'),(132,'/favicon.ico','','2017-11-18 23:57:56'),(133,'/favicon.ico','','2017-11-19 00:00:39'),(134,'/favicon.ico','','2017-11-19 00:04:40'),(135,'/favicon.ico','','2017-11-19 00:07:55'),(136,'/favicon.ico','','2017-11-19 00:10:41'),(137,'/favicon.ico','','2017-11-19 00:14:39'),(138,'/favicon.ico','','2017-11-19 00:17:55'),(139,'/favicon.ico','','2017-11-19 00:20:40'),(140,'/favicon.ico','','2017-11-19 00:24:38'),(141,'/favicon.ico','','2017-11-19 00:27:55'),(142,'/favicon.ico','','2017-11-19 00:30:39'),(143,'/favicon.ico','','2017-11-19 00:34:38'),(144,'/favicon.ico','','2017-11-19 00:37:55'),(145,'/favicon.ico','','2017-11-19 00:40:40'),(146,'/favicon.ico','','2017-11-19 00:44:39'),(147,'/favicon.ico','','2017-11-19 00:47:55'),(148,'/favicon.ico','','2017-11-19 00:50:39'),(149,'/favicon.ico','','2017-11-19 00:54:38'),(150,'/favicon.ico','','2017-11-19 00:57:55'),(151,'/favicon.ico','','2017-11-19 01:00:54'),(152,'/favicon.ico','','2017-11-19 01:04:38'),(153,'/favicon.ico','','2017-11-19 01:07:56'),(154,'/favicon.ico','','2017-11-19 01:10:39'),(155,'/robots.txt','','2017-11-19 01:13:38'),(156,'/favicon.ico','','2017-11-19 01:14:39'),(157,'/favicon.ico','','2017-11-19 01:17:56'),(158,'/favicon.ico','','2017-11-19 01:20:39'),(159,'/favicon.ico','','2017-11-19 01:24:39'),(160,'/favicon.ico','','2017-11-19 01:27:55'),(161,'/favicon.ico','','2017-11-19 01:30:39'),(162,'/favicon.ico','','2017-11-19 01:34:38'),(163,'/favicon.ico','','2017-11-19 01:37:55'),(164,'/favicon.ico','','2017-11-19 01:40:39'),(165,'/favicon.ico','','2017-11-19 01:44:39'),(166,'/favicon.ico','','2017-11-19 01:47:54'),(167,'/favicon.ico','','2017-11-19 01:50:40'),(168,'/favicon.ico','','2017-11-19 01:54:39'),(169,'/favicon.ico','','2017-11-19 01:57:55'),(170,'/favicon.ico','','2017-11-19 02:00:39'),(171,'/favicon.ico','','2017-11-19 02:04:38'),(172,'/favicon.ico','','2017-11-19 02:07:55'),(173,'/favicon.ico','','2017-11-19 02:10:38'),(174,'/favicon.ico','','2017-11-19 02:14:39'),(175,'/favicon.ico','','2017-11-19 02:17:55'),(176,'/favicon.ico','','2017-11-19 02:20:40'),(177,'/favicon.ico','','2017-11-19 02:24:38'),(178,'/favicon.ico','','2017-11-19 02:27:56'),(179,'/wp-login.php','','2017-11-19 02:45:40'),(180,'/robots.txt','','2017-11-19 02:58:26'),(181,'/robots.txt','','2017-11-19 02:59:10'),(182,'/modules/simpleslideshow/slides/test.php','','2017-11-19 03:41:57'),(183,'/modules/columnadverts/slides/test.php','','2017-11-19 03:41:58'),(184,'/modules/homepageadvertise2/slides/test.php','','2017-11-19 03:42:00'),(185,'/modules/vtemslideshow/slides/test.php','','2017-11-19 03:42:01'),(186,'/modules/soopabanners/slides/test.php','','2017-11-19 03:42:02'),(187,'/modules/soopamobile/slides/test.php','','2017-11-19 03:42:03'),(188,'/modules/homepageadvertise/slides/test.php','','2017-11-19 03:42:05'),(189,'/modules/simpleslideshow/slides/test.php','','2017-11-19 03:43:32'),(190,'/modules/columnadverts/slides/test.php','','2017-11-19 03:43:43'),(191,'/modules/homepageadvertise2/slides/test.php','','2017-11-19 03:43:44'),(192,'/modules/vtemslideshow/slides/test.php','','2017-11-19 03:43:45'),(193,'/modules/soopabanners/slides/test.php','','2017-11-19 03:43:46'),(194,'/modules/soopamobile/slides/test.php','','2017-11-19 03:43:49'),(195,'/modules/homepageadvertise/slides/test.php','','2017-11-19 03:43:50'),(196,'/wp-includes/wlwmanifest.xml','','2017-11-19 03:53:57'),(197,'/blog/wp-includes/wlwmanifest.xml','','2017-11-19 03:53:59'),(198,'/wordpress/wp-includes/wlwmanifest.xml','','2017-11-19 03:53:59'),(199,'/wp/wp-includes/wlwmanifest.xml','','2017-11-19 03:53:59'),(200,'/site/wp-includes/wlwmanifest.xml','','2017-11-19 03:53:59'),(201,'/cms/wp-includes/wlwmanifest.xml','','2017-11-19 03:54:00'),(202,'/robots.txt','','2017-11-19 04:48:02'),(203,'/wp-login.php?cprotect=1','','2017-11-19 04:49:40'),(204,'/wp-login.php?cprotect=1','','2017-11-19 05:16:18'),(205,'/robots.txt','','2017-11-19 05:29:05'),(206,'/robots.txt','','2017-11-19 05:46:43'),(207,'/wp-login.php?cprotect=1','','2017-11-19 06:31:35'),(208,'/modules/simpleslideshow/slides/test.php','','2017-11-19 07:23:38'),(209,'/modules/columnadverts/slides/test.php','','2017-11-19 07:23:43'),(210,'/modules/homepageadvertise2/slides/test.php','','2017-11-19 07:24:21'),(211,'/modules/vtemslideshow/slides/test.php','','2017-11-19 07:24:22'),(212,'/modules/soopabanners/slides/test.php','','2017-11-19 07:24:29'),(213,'/modules/soopamobile/slides/test.php','','2017-11-19 07:24:30'),(214,'/modules/homepageadvertise/slides/test.php','','2017-11-19 07:24:31'),(215,'/robots.txt','','2017-11-19 07:28:08'),(216,'/modules/simpleslideshow/slides/test.php','','2017-11-19 07:28:40'),(217,'/modules/columnadverts/slides/test.php','','2017-11-19 07:28:41'),(218,'/modules/homepageadvertise2/slides/test.php','','2017-11-19 07:28:44'),(219,'/modules/vtemslideshow/slides/test.php','','2017-11-19 07:28:47'),(220,'/modules/soopabanners/slides/test.php','','2017-11-19 07:31:07'),(221,'/modules/soopamobile/slides/test.php','','2017-11-19 07:31:10'),(222,'/modules/homepageadvertise/slides/test.php','','2017-11-19 07:31:10'),(223,'/favicon.ico','','2017-11-19 08:56:20'),(224,'/favicon.ico','','2017-11-19 08:56:20'),(225,'/wp-login.php?cprotect=1','','2017-11-19 09:03:20'),(226,'/robots.txt','','2017-11-19 09:12:21'),(227,'/phpmyadmin/','','2017-11-19 10:00:32'),(228,'/robots.txt','','2017-11-19 10:19:44'),(229,'/%22/modules/ddlx_creator/css/overmenu.png%22','http://www.saintclairmat.fr/','2017-11-19 10:19:58'),(230,'/wp-login.php','','2017-11-19 10:51:53'),(231,'/wp-login.php?cprotect=1','','2017-11-19 11:07:56'),(232,'/robots.txt','','2017-11-19 11:56:13'),(233,'/robots.txt','','2017-11-19 13:57:26'),(234,'/robots.txt','','2017-11-19 14:56:10'),(235,'/favicon.ico','https://www.qwant.com/','2017-11-19 15:11:18'),(236,'/wp-login.php?cprotect=1','','2017-11-19 15:28:10'),(237,'/wp-login.php','','2017-11-19 16:20:21'),(238,'/robots.txt','','2017-11-19 16:35:30'),(239,'/favicon.ico','','2017-11-19 17:26:53'),(240,'/favicon.ico','','2017-11-19 17:26:53'),(241,'/robots.txt','','2017-11-19 17:35:14'),(242,'/wp-login.php','','2017-11-19 17:42:20'),(243,'/modules/simpleslideshow/slides/test.php','','2017-11-19 17:46:56'),(244,'/modules/columnadverts/slides/test.php','','2017-11-19 17:46:58'),(245,'/modules/homepageadvertise2/slides/test.php','','2017-11-19 17:47:00'),(246,'/modules/vtemslideshow/slides/test.php','','2017-11-19 17:47:01'),(247,'/modules/soopabanners/slides/test.php','','2017-11-19 17:47:03'),(248,'/modules/soopamobile/slides/test.php','','2017-11-19 17:47:04'),(249,'/modules/homepageadvertise/slides/test.php','','2017-11-19 17:47:05'),(250,'/modules/simpleslideshow/slides/test.php','','2017-11-19 17:47:26'),(251,'/modules/columnadverts/slides/test.php','','2017-11-19 17:47:30'),(252,'/modules/homepageadvertise2/slides/test.php','','2017-11-19 17:47:32'),(253,'/modules/vtemslideshow/slides/test.php','','2017-11-19 17:47:33'),(254,'/modules/soopabanners/slides/test.php','','2017-11-19 17:47:34'),(255,'/modules/soopamobile/slides/test.php','','2017-11-19 17:47:36'),(256,'/modules/homepageadvertise/slides/test.php','','2017-11-19 17:47:37'),(257,'/robots.txt','','2017-11-19 17:50:12'),(258,'/wp-login.php','','2017-11-19 18:11:12'),(259,'/robots.txt','','2017-11-19 18:18:22'),(260,'/favicon.ico','','2017-11-19 18:25:36'),(261,'/wp-login.php','','2017-11-19 18:26:04'),(262,'/robots.txt','','2017-11-19 18:33:23'),(263,'/favicon.ico','','2017-11-19 18:37:05'),(264,'/favicon.ico','','2017-11-19 18:37:16'),(265,'/%22/modules/ddlx_creator/css/overmenu.png%22','http://www.saintclairmat.fr/','2017-11-19 18:38:37'),(266,'/%22/modules/ddlx_creator/css/overmenu.png%22','http://www.saintclairmat.fr/category.php?id_category=2','2017-11-19 18:39:23'),(267,'/%22/modules/ddlx_creator/css/overmenu.png%22','http://www.saintclairmat.fr/','2017-11-19 18:39:35'),(268,'/wp-login.php?cprotect=1','','2017-11-19 18:54:34'),(269,'/wp-login.php?cprotect=1','','2017-11-19 19:20:13'),(270,'/favicon.ico','https://www.qwant.com/','2017-11-19 19:33:04'),(271,'/robots.txt','','2017-11-19 19:45:42'),(272,'/wp-includes/wlwmanifest.xml','','2017-11-19 20:20:03'),(273,'/blog/wp-includes/wlwmanifest.xml','','2017-11-19 20:20:04'),(274,'/wordpress/wp-includes/wlwmanifest.xml','','2017-11-19 20:20:04'),(275,'/wp/wp-includes/wlwmanifest.xml','','2017-11-19 20:20:04'),(276,'/site/wp-includes/wlwmanifest.xml','','2017-11-19 20:20:05'),(277,'/cms/wp-includes/wlwmanifest.xml','','2017-11-19 20:20:05'),(278,'/robots.txt','','2017-11-19 21:14:57'),(279,'/robots.txt','','2017-11-19 22:15:27'),(280,'/wp-login.php?cprotect=1','','2017-11-19 22:35:46'),(281,'/favicon.ico','','2017-11-19 22:42:03'),(282,'/favicon.ico','','2017-11-19 22:42:39'),(283,'/wp-login.php?cprotect=1','','2017-11-19 23:58:43'),(284,'/robots.txt','','2017-11-20 01:13:04'),(285,'/wp-login.php?cprotect=1','','2017-11-20 01:24:57'),(286,'/robots.txt','','2017-11-20 01:38:19'),(287,'/wp-login.php?cprotect=1','','2017-11-20 01:46:36'),(288,'/wp-login.php?cprotect=1','','2017-11-20 03:10:38'),(289,'/robots.txt','','2017-11-20 03:46:13'),(290,'/robots.txt','','2017-11-20 04:51:43'),(291,'/phpmyadmin/','','2017-11-20 05:01:44'),(292,'/wp-login.php?cprotect=1','','2017-11-20 05:30:49'),(293,'/robots.txt','','2017-11-20 05:34:56'),(294,'/robots.txt','','2017-11-20 05:52:06'),(295,'/%22/modules/ddlx_creator/css/overmenu.png%22','http://www.saintclairmat.fr/','2017-11-20 06:14:10'),(296,'/favicon.ico','https://www.qwant.com/','2017-11-20 06:19:27'),(297,'/wp-login.php?cprotect=1','','2017-11-20 06:31:22'),(298,'/robots.txt','','2017-11-20 06:38:47'),(299,'/robots.txt','','2017-11-20 07:43:42'),(300,'/favicon.ico','','2017-11-20 08:53:42'),(301,'/favicon.ico','','2017-11-20 08:53:42'),(302,'/favicon.ico','http://www.saintclairmat.fr/admin123/login.php?redirect=index.php?tab=AdminCatalog&token=674f989fc9658e5c0da61ba7c3e54871','2017-11-20 09:09:58'),(303,'/robots.txt','','2017-11-20 09:15:35'),(304,'/robots.txt','','2017-11-20 09:45:33'),(305,'/robots.txt','','2017-11-20 09:49:49'),(306,'/favicon.ico','https://www.qwant.com/','2017-11-20 09:55:13'),(307,'/wp-admin/setup-config.php?step=1','','2017-11-20 10:29:21'),(308,'/wp-login.php?cprotect=1','','2017-11-20 10:51:58'),(309,'/wp-login.php?cprotect=1','','2017-11-20 11:13:07'),(310,'/robots.txt','','2017-11-20 12:10:34'),(311,'/robots.txt','','2017-11-20 12:12:28'),(312,'/favicon.ico','https://www.qwant.com/','2017-11-20 12:23:44'),(313,'/robots.txt','','2017-11-20 12:24:46'),(314,'/robots.txt','','2017-11-20 13:09:02'),(315,'/%22/modules/ddlx_creator/css/overmenu.png%22','http://www.saintclairmat.fr/','2017-11-20 14:09:07'),(316,'/robots.txt','','2017-11-20 14:23:30'),(317,'/google6fe78cc5ada5dd4f.html','','2017-11-20 15:06:35'),(318,'/google89ce4d876f9ff3e0.html','','2017-11-20 15:06:35'),(319,'/robots.txt','','2017-11-20 16:11:48'),(320,'/wp-login.php?cprotect=1','','2017-11-20 16:18:48'),(321,'/favicon.ico','','2017-11-20 16:26:45'),(322,'/favicon.ico','','2017-11-20 16:30:33'),(323,'/favicon.ico','','2017-11-20 16:30:33'),(324,'/%22/modules/ddlx_creator/css/overmenu.png%22','http://www.saintclairmat.fr/','2017-11-20 16:36:36'),(325,'/%22/modules/ddlx_creator/css/overmenu.png%22','http://www.saintclairmat.fr/cms.php?id_cms=2','2017-11-20 16:36:47'),(326,'/%22/modules/ddlx_creator/css/overmenu.png%22','http://www.saintclairmat.fr/','2017-11-20 16:37:07'),(327,'/%22/modules/ddlx_creator/css/overmenu.png%22','http://www.saintclairmat.fr/cms.php?id_cms=12','2017-11-20 16:37:14'),(328,'/favicon.ico','','2017-11-20 16:45:52'),(329,'/favicon.ico','https://www.qwant.com/','2017-11-20 16:59:23'),(330,'/favicon.ico','','2017-11-20 17:13:59'),(331,'/wp-login.php?cprotect=1','','2017-11-20 17:14:23'),(332,'/%22/modules/ddlx_creator/css/overmenu.png%22','http://www.saintclairmat.fr/product.php?id_product=489','2017-11-20 17:17:26'),(333,'/robots.txt','','2017-11-20 17:28:28'),(334,'/favicon.ico','','2017-11-20 17:57:10'),(335,'/robots.txt','','2017-11-20 18:14:46'),(336,'/wp-login.php?cprotect=1','','2017-11-20 18:18:10'),(337,'/wp-login.php?cprotect=1','','2017-11-20 18:53:48'),(338,'/favicon.ico','','2017-11-20 19:34:11'),(339,'/favicon.ico','http://www.saintclairmat.fr/','2017-11-20 19:34:39'),(340,'/favicon.ico','http://www.saintclairmat.fr/category.php?id_category=34&p=2','2017-11-20 19:37:01'),(341,'/favicon.ico','http://www.saintclairmat.fr/product.php?id_product=1614','2017-11-20 19:37:35'),(342,'/favicon.ico','','2017-11-20 19:38:04'),(343,'/favicon.ico','','2017-11-20 19:38:05'),(344,'/favicon.ico','http://www.saintclairmat.fr/cms.php?id_cms=1','2017-11-20 19:38:45'),(345,'/favicon.ico','http://www.saintclairmat.fr/product.php?id_product=1997','2017-11-20 19:39:50'),(346,'/favicon.ico','http://www.saintclairmat.fr/product.php?id_product=1494','2017-11-20 19:40:54'),(347,'/favicon.ico','http://www.saintclairmat.fr/category.php?id_category=34&p=3','2017-11-20 19:41:09'),(348,'/favicon.ico','http://www.saintclairmat.fr/category.php?id_category=9','2017-11-20 19:53:49'),(349,'/favicon.ico','http://www.saintclairmat.fr/category.php?id_category=9&p=2','2017-11-20 19:54:17'),(350,'/favicon.ico','http://www.saintclairmat.fr/category.php?id_category=9&p=3','2017-11-20 19:54:46'),(351,'/favicon.ico','','2017-11-20 20:07:21'),(352,'/favicon.ico','','2017-11-20 20:28:10'),(353,'/robots.txt','','2017-11-20 21:18:32'),(354,'/wp-login.php?cprotect=1','','2017-11-20 21:50:04'),(355,'/favicon.ico','','2017-11-20 21:57:30'),(356,'/favicon.ico','https://www.qwant.com/','2017-11-20 21:59:50'),(357,'/wp-login.php?cprotect=1','','2017-11-21 00:33:07'),(358,'/wp-includes/wlwmanifest.xml','','2017-11-21 00:39:09'),(359,'/blog/wp-includes/wlwmanifest.xml','','2017-11-21 00:39:10'),(360,'/wordpress/wp-includes/wlwmanifest.xml','','2017-11-21 00:39:10'),(361,'/wp/wp-includes/wlwmanifest.xml','','2017-11-21 00:39:10'),(362,'/site/wp-includes/wlwmanifest.xml','','2017-11-21 00:39:10'),(363,'/cms/wp-includes/wlwmanifest.xml','','2017-11-21 00:39:11'),(364,'/wp-login.php?cprotect=1','','2017-11-21 00:47:26'),(365,'/robots.txt','http://www.saintclairmat.fr/robots.txt','2017-11-21 01:02:24'),(366,'/robots.txt','http://www.saintclairmat.fr/robots.txt','2017-11-21 01:02:26'),(367,'/robots.txt','http://www.saintclairmat.fr/robots.txt','2017-11-21 01:02:27'),(368,'/robots.txt','','2017-11-21 01:04:32'),(369,'/wp-login.php?cprotect=1','','2017-11-21 01:16:07'),(370,'/robots.txt','','2017-11-21 02:41:35'),(371,'/wp-login.php?cprotect=1','','2017-11-21 03:20:37'),(372,'/wp-login.php?cprotect=1','','2017-11-21 04:03:29'),(373,'/wp-includes/wlwmanifest.xml','','2017-11-21 04:53:28'),(374,'/blog/wp-includes/wlwmanifest.xml','','2017-11-21 04:53:28'),(375,'/wordpress/wp-includes/wlwmanifest.xml','','2017-11-21 04:53:29'),(376,'/wp/wp-includes/wlwmanifest.xml','','2017-11-21 04:53:29'),(377,'/site/wp-includes/wlwmanifest.xml','','2017-11-21 04:53:29'),(378,'/cms/wp-includes/wlwmanifest.xml','','2017-11-21 04:53:29'),(379,'/wp-login.php?cprotect=1','','2017-11-21 05:40:18'),(380,'/robots.txt','','2017-11-21 06:09:34'),(381,'/robots.txt','','2017-11-21 06:57:07'),(382,'/wp-login.php?cprotect=1','','2017-11-21 07:50:26'),(383,'/favicon.ico','','2017-11-21 08:00:38'),(384,'/favicon.ico','','2017-11-21 08:00:38'),(385,'/favicon.ico','','2017-11-21 08:00:39'),(386,'/%22/modules/ddlx_creator/css/overmenu.png%22','http://www.saintclairmat.fr/','2017-11-21 08:22:06'),(387,'/%22/modules/ddlx_creator/css/overmenu.png%22','http://www.saintclairmat.fr/category.php?id_category=4','2017-11-21 08:22:31'),(388,'/%22/modules/ddlx_creator/css/overmenu.png%22','http://www.saintclairmat.fr/category.php?id_category=28','2017-11-21 08:22:52'),(389,'/%22/modules/ddlx_creator/css/overmenu.png%22','http://www.saintclairmat.fr/product.php?id_product=1921','2017-11-21 08:23:49'),(390,'/wp-login.php?cprotect=1','','2017-11-21 08:23:50'),(391,'/%22/modules/ddlx_creator/css/overmenu.png%22','http://www.saintclairmat.fr/category.php?id_category=28','2017-11-21 08:25:17'),(392,'/%22/modules/ddlx_creator/css/overmenu.png%22','http://www.saintclairmat.fr/category.php?id_category=9','2017-11-21 08:26:48'),(393,'/%22/modules/ddlx_creator/css/overmenu.png%22','http://www.saintclairmat.fr/category.php?id_category=9&p=2','2017-11-21 08:27:31'),(394,'/%22/modules/ddlx_creator/css/overmenu.png%22','http://www.saintclairmat.fr/category.php?id_category=9&p=3','2017-11-21 08:28:21'),(395,'/administrator/index.php','','2017-11-21 08:28:25'),(396,'/user/','','2017-11-21 08:28:25'),(397,'/%22/modules/ddlx_creator/css/overmenu.png%22','http://www.saintclairmat.fr/category.php?id_category=9&p=4','2017-11-21 08:28:56'),(398,'/%22/modules/ddlx_creator/css/overmenu.png%22','http://www.saintclairmat.fr/category.php?id_category=9&p=5','2017-11-21 08:29:17'),(399,'/%22/modules/ddlx_creator/css/overmenu.png%22','http://www.saintclairmat.fr/category.php?id_category=46','2017-11-21 08:29:36'),(400,'/%22/modules/ddlx_creator/css/overmenu.png%22','http://www.saintclairmat.fr/category.php?id_category=29','2017-11-21 08:29:54'),(401,'/robots.txt','','2017-11-21 08:30:40'),(402,'/%22/modules/ddlx_creator/css/overmenu.png%22','http://www.saintclairmat.fr/product.php?id_product=2092','2017-11-21 08:31:03'),(403,'/%22/modules/ddlx_creator/css/overmenu.png%22','http://www.saintclairmat.fr/category.php?id_category=29','2017-11-21 08:31:36'),(404,'/%22/modules/ddlx_creator/css/overmenu.png%22','http://www.saintclairmat.fr/category.php?id_category=4','2017-11-21 08:32:25'),(405,'/%22/modules/ddlx_creator/css/overmenu.png%22','http://www.saintclairmat.fr/category.php?id_category=4','2017-11-21 08:32:27'),(406,'/%22/modules/ddlx_creator/css/overmenu.png%22','http://www.saintclairmat.fr/category.php?id_category=28','2017-11-21 08:32:36'),(407,'/%22/modules/ddlx_creator/css/overmenu.png%22','http://www.saintclairmat.fr/product.php?id_product=1921','2017-11-21 08:33:33'),(408,'/%22/modules/ddlx_creator/css/overmenu.png%22','http://www.saintclairmat.fr/category.php?id_category=28','2017-11-21 08:34:48'),(409,'/%22/modules/ddlx_creator/css/overmenu.png%22','http://www.saintclairmat.fr/category.php?id_category=4','2017-11-21 08:34:49'),(410,'/browserconfig.xml','','2017-11-21 08:34:49'),(411,'/%22/modules/ddlx_creator/css/overmenu.png%22','http://www.saintclairmat.fr/category.php?id_category=29','2017-11-21 08:34:51'),(412,'/%22/modules/ddlx_creator/css/overmenu.png%22','http://www.saintclairmat.fr/product.php?id_product=2092','2017-11-21 08:34:52'),(413,'/%22/modules/ddlx_creator/css/overmenu.png%22','http://www.saintclairmat.fr/category.php?id_category=29','2017-11-21 08:34:53'),(414,'/browserconfig.xml','','2017-11-21 08:34:54'),(415,'/%22/modules/ddlx_creator/css/overmenu.png%22','http://www.saintclairmat.fr/category.php?id_category=46','2017-11-21 08:34:55'),(416,'/%22/modules/ddlx_creator/css/overmenu.png%22','http://www.saintclairmat.fr/category.php?id_category=9&p=5','2017-11-21 08:34:56'),(417,'/%22/modules/ddlx_creator/css/overmenu.png%22','http://www.saintclairmat.fr/category.php?id_category=9&p=4','2017-11-21 08:34:57'),(418,'/%22/modules/ddlx_creator/css/overmenu.png%22','http://www.saintclairmat.fr/category.php?id_category=9&p=3','2017-11-21 08:34:58'),(419,'/%22/modules/ddlx_creator/css/overmenu.png%22','http://www.saintclairmat.fr/category.php?id_category=9&p=2','2017-11-21 08:35:00'),(420,'/%22/modules/ddlx_creator/css/overmenu.png%22','http://www.saintclairmat.fr/category.php?id_category=9','2017-11-21 08:35:01'),(421,'/%22/modules/ddlx_creator/css/overmenu.png%22','http://www.saintclairmat.fr/category.php?id_category=28','2017-11-21 08:35:03'),(422,'/%22/modules/ddlx_creator/css/overmenu.png%22','http://www.saintclairmat.fr/','2017-11-21 08:56:40'),(423,'/%22/modules/ddlx_creator/css/overmenu.png%22','http://www.saintclairmat.fr/category.php?id_category=29','2017-11-21 08:56:47'),(424,'/%22/modules/ddlx_creator/css/overmenu.png%22','http://www.saintclairmat.fr/','2017-11-21 08:57:11'),(425,'/%22/modules/ddlx_creator/css/overmenu.png%22','http://www.saintclairmat.fr/category.php?id_category=28','2017-11-21 08:57:14'),(426,'/%22/modules/ddlx_creator/css/overmenu.png%22','http://www.saintclairmat.fr/product.php?id_product=1906','2017-11-21 08:57:48'),(427,'/%22/modules/ddlx_creator/css/overmenu.png%22','http://www.saintclairmat.fr/category.php?id_category=28','2017-11-21 08:59:06'),(428,'/%22/modules/ddlx_creator/css/overmenu.png%22','http://www.saintclairmat.fr/','2017-11-21 08:59:22'),(429,'/favicon.ico','','2017-11-21 09:08:43'),(430,'/favicon.ico','','2017-11-21 09:08:43'),(431,'/robots.txt','','2017-11-21 09:19:40'),(432,'/robots.txt','','2017-11-21 09:32:38'),(433,'/robots.txt','','2017-11-21 09:33:54'),(434,'/wp-login.php','','2017-11-21 10:17:13'),(435,'/wp-login.php?cprotect=1','','2017-11-21 11:09:41'),(436,'/robots.txt','','2017-11-21 11:21:03'),(437,'/robots.txt','','2017-11-21 12:03:45'),(438,'/wp-login.php?cprotect=1','','2017-11-21 12:06:11'),(439,'/wp-login.php?cprotect=1','','2017-11-21 12:07:19'),(440,'/robots.txt','','2017-11-21 13:29:40'),(441,'/robots.txt','','2017-11-21 13:29:52'),(442,'/robots.txt','','2017-11-21 13:42:18'),(443,'/wp-login.php','','2017-11-21 14:11:30'),(444,'/wp-login.php?cprotect=1','','2017-11-21 14:35:34'),(445,'/favicon.ico','http://www.saintclairmat.fr/category.php?id_category=3','2017-11-21 14:42:05'),(446,'/robots.txt','','2017-11-21 15:16:00'),(447,'/admin/ftb.imagegallery.aspx','','2017-11-21 16:41:57'),(448,'/admin/ftb.imagegallery.aspx','','2017-11-21 16:42:00'),(449,'/robots.txt','','2017-11-21 16:57:38'),(450,'/favicon.ico','https://www.qwant.com/','2017-11-21 17:06:01'),(451,'/favicon.ico','','2017-11-21 17:30:25'),(452,'/favicon.ico','','2017-11-21 17:33:04'),(453,'/favicon.ico','','2017-11-21 17:33:04'),(454,'/favicon.ico','','2017-11-21 17:35:42'),(455,'/wp-login.php?cprotect=1','','2017-11-21 17:49:25'),(456,'/favicon.ico','','2017-11-21 18:13:10'),(457,'/favicon.ico','','2017-11-21 18:31:30'),(458,'/favicon.ico','','2017-11-21 19:13:40'),(459,'/wp-login.php?cprotect=1','','2017-11-21 19:25:44'),(460,'/favicon.ico','','2017-11-21 19:43:32'),(461,'/favicon.ico','','2017-11-21 20:36:45'),(462,'/favicon.ico','','2017-11-21 20:39:17'),(463,'/%22/modules/ddlx_creator/css/overmenu.png%22','http://www.saintclairmat.fr/category.php?id_category=8','2017-11-21 20:41:30'),(464,'/%22/modules/ddlx_creator/css/overmenu.png%22','http://www.saintclairmat.fr/product.php?id_product=145','2017-11-21 20:42:25'),(465,'/%22/modules/ddlx_creator/css/overmenu.png%22','http://www.saintclairmat.fr/category.php?id_category=8','2017-11-21 20:42:45'),(466,'/favicon.ico','','2017-11-21 20:47:01'),(467,'/favicon.ico','','2017-11-21 20:49:22'),(468,'/wp-login.php?cprotect=1','','2017-11-21 20:52:10'),(469,'/favicon.ico','','2017-11-21 20:56:50'),(470,'/favicon.ico','','2017-11-21 20:59:18'),(471,'/wp-login.php?cprotect=1','','2017-11-21 21:10:33'),(472,'/robots.txt','','2017-11-21 21:22:06'),(473,'/favicon.ico','','2017-11-21 21:33:29'),(474,'/favicon.ico','','2017-11-21 21:35:42'),(475,'/wp-login.php?cprotect=1','','2017-11-21 21:37:15'),(476,'/favicon.ico','','2017-11-21 21:43:10'),(477,'/favicon.ico','','2017-11-21 21:45:42'),(478,'/favicon.ico','','2017-11-21 21:53:11'),(479,'/favicon.ico','','2017-11-21 21:55:42'),(480,'/favicon.ico','','2017-11-21 22:03:11'),(481,'/wp-login.php','','2017-11-21 22:05:31'),(482,'/favicon.ico','','2017-11-21 22:05:41'),(483,'/favicon.ico','','2017-11-21 22:13:10'),(484,'/favicon.ico','','2017-11-21 22:15:42'),(485,'/favicon.ico','','2017-11-21 22:23:10'),(486,'/favicon.ico','','2017-11-21 22:25:42'),(487,'/favicon.ico','','2017-11-21 22:33:10'),(488,'/favicon.ico','','2017-11-21 22:35:42'),(489,'/favicon.ico','','2017-11-21 22:43:10'),(490,'/favicon.ico','','2017-11-21 22:45:42'),(491,'/favicon.ico','','2017-11-21 22:53:10'),(492,'/favicon.ico','','2017-11-21 22:55:42'),(493,'/robots.txt','','2017-11-21 23:01:45'),(494,'/favicon.ico','','2017-11-21 23:03:11'),(495,'/favicon.ico','','2017-11-21 23:05:42'),(496,'/favicon.ico','','2017-11-21 23:13:11'),(497,'/wp-login.php?cprotect=1','','2017-11-21 23:15:17'),(498,'/favicon.ico','','2017-11-21 23:15:42'),(499,'/favicon.ico?id_product=1243','','2017-11-21 23:41:13'),(500,'/favicon.ico','https://www.qwant.com/','2017-11-22 01:13:52'),(501,'/robots.txt','','2017-11-22 03:28:56'),(502,'/wp-login.php','','2017-11-22 03:40:23'),(503,'/robots.txt','','2017-11-22 05:21:53'),(504,'/wp-login.php?cprotect=1','','2017-11-22 05:56:21'),(505,'/favicon.ico','','2017-11-22 06:03:44'),(506,'/robots.txt','','2017-11-22 06:03:46'),(507,'/robots.txt','','2017-11-22 06:28:14'),(508,'/robots.txt','','2017-11-22 06:44:33'),(509,'/wp-login.php?cprotect=1','','2017-11-22 07:35:20'),(510,'/wp-login.php?cprotect=1','','2017-11-22 07:51:52'),(511,'/robots.txt','','2017-11-22 07:54:16'),(512,'/robots.txt','','2017-11-22 07:59:30'),(513,'/robots.txt','','2017-11-22 09:31:08'),(514,'/robots.txt','','2017-11-22 10:21:55'),(515,'/%22/modules/ddlx_creator/css/overmenu.png%22','http://www.saintclairmat.fr/','2017-11-22 11:08:06'),(516,'/%22/modules/ddlx_creator/css/overmenu.png%22','http://www.saintclairmat.fr/category.php?id_category=46','2017-11-22 11:08:46'),(517,'/favicon.ico','','2017-11-22 11:08:50'),(518,'/favicon.ico','','2017-11-22 11:08:51'),(519,'/%22/modules/ddlx_creator/css/overmenu.png%22','http://www.saintclairmat.fr/product.php?id_product=1861','2017-11-22 11:09:31'),(520,'/%22/modules/ddlx_creator/css/overmenu.png%22','http://www.saintclairmat.fr/','2017-11-22 11:35:26'),(521,'/wp-login.php','','2017-11-22 11:41:18'),(522,'/robots.txt','','2017-11-22 12:22:42'),(523,'/wp-login.php','','2017-11-22 12:54:32'),(524,'/wp-login.php','','2017-11-22 13:18:55'),(525,'/robots.txt','','2017-11-22 13:51:24'),(526,'/favicon.ico','','2017-11-22 13:56:32'),(527,'/robots.txt','','2017-11-22 14:01:30'),(528,'/wp-login.php','','2017-11-22 14:09:28'),(529,'/wp-admin/setup-config.php?step=1','','2017-11-22 14:11:53'),(530,'/%22/modules/ddlx_creator/css/overmenu.png%22','http://www.saintclairmat.fr/','2017-11-22 14:28:24'),(531,'/%22/modules/ddlx_creator/css/overmenu.png%22','http://www.saintclairmat.fr/category.php?id_category=2','2017-11-22 14:29:26'),(532,'/%22/modules/ddlx_creator/css/overmenu.png%22','http://www.saintclairmat.fr/category.php?id_category=12','2017-11-22 14:29:40'),(533,'/%22/modules/ddlx_creator/css/overmenu.png%22','http://www.saintclairmat.fr/category.php?id_category=2','2017-11-22 14:30:02'),(534,'/%22/modules/ddlx_creator/css/overmenu.png%22','http://www.saintclairmat.fr/','2017-11-22 14:30:04'),(535,'/robots.txt','','2017-11-22 14:32:10'),(536,'/favicon.ico','http://i.maxthon.com/fr-fr.htm','2017-11-22 15:22:29'),(537,'/favicon.ico','https://www.qwant.com/?q=table%20inox%20st%20clair%20mat&t=all','2017-11-22 15:50:56'),(538,'/wp-login.php','','2017-11-22 16:00:00'),(539,'/robots.txt','','2017-11-22 16:11:28'),(540,'/%5C%22/modules/ddlx_creator/css/overmenu.png%5C','http://www.saintclairmat.fr/','2017-11-22 16:17:33'),(541,'/%22/modules/ddlx_creator/css/overmenu.png%22','http://www.saintclairmat.fr/','2017-11-22 16:29:02'),(542,'/%22/modules/ddlx_creator/css/overmenu.png%22','http://www.saintclairmat.fr/category.php?id_category=19','2017-11-22 16:29:37'),(543,'/%22/modules/ddlx_creator/css/overmenu.png%22','http://www.saintclairmat.fr/cms.php?id_cms=17','2017-11-22 16:30:12'),(544,'/%22/modules/ddlx_creator/css/overmenu.png%22','http://www.saintclairmat.fr/','2017-11-22 16:30:25'),(545,'/%22/modules/ddlx_creator/css/overmenu.png%22','http://www.saintclairmat.fr/cms.php?id_cms=8','2017-11-22 16:30:36'),(546,'/%22/modules/ddlx_creator/css/overmenu.png%22','http://www.saintclairmat.fr/cms.php?id_cms=10','2017-11-22 16:30:47'),(547,'/%22/modules/ddlx_creator/css/overmenu.png%22','http://www.saintclairmat.fr/','2017-11-22 16:31:31'),(548,'/%22/modules/ddlx_creator/css/overmenu.png%22','http://www.saintclairmat.fr/cms.php?id_cms=17','2017-11-22 16:31:32'),(549,'/%22/modules/ddlx_creator/css/overmenu.png%22','http://www.saintclairmat.fr/category.php?id_category=19','2017-11-22 16:31:33'),(550,'/%22/modules/ddlx_creator/css/overmenu.png%22','http://www.saintclairmat.fr/','2017-11-22 16:31:35'),(551,'/favicon.ico','http://i.maxthon.com/fr-fr.htm','2017-11-22 18:02:06'),(552,'/libraries/sfn.php','','2017-11-22 18:10:33'),(553,'/favicon.ico','','2017-11-22 18:54:51'),(554,'/favicon.ico','','2017-11-22 19:05:23'),(555,'/favicon.ico','','2017-11-22 19:26:11'),(556,'/favicon.ico','','2017-11-22 19:26:55'),(557,'/favicon.ico','','2017-11-22 19:26:55'),(558,'/wp-login.php','','2017-11-22 19:39:09'),(559,'/favicon.ico','http://www.saintclairmat.fr/','2017-11-22 21:20:16'),(560,'/robots.txt','','2017-11-22 21:32:21'),(561,'/favicon.ico','','2017-11-22 21:36:45'),(562,'/wp-login.php','','2017-11-22 22:04:29'),(563,'/wp-login.php','','2017-11-22 22:24:01'),(564,'/wp-login.php','','2017-11-22 22:26:53'),(565,'/wp-login.php','','2017-11-22 23:01:57'),(566,'/wp-login.php','','2017-11-22 23:06:30'),(567,'/robots.txt','','2017-11-22 23:37:19'),(568,'/favicon.ico','','2017-11-22 23:41:47'),(569,'/robots.txt','','2017-11-22 23:51:34'),(570,'/xmlrpc.php?rsd','','2017-11-22 23:51:34'),(571,'/blog/robots.txt','','2017-11-22 23:51:35'),(572,'/blog/','','2017-11-22 23:51:35'),(573,'/wordpress/','','2017-11-22 23:51:35'),(574,'/wp/','','2017-11-22 23:51:36'),(575,'/robots.txt','','2017-11-23 00:22:55'),(576,'/xmlrpc.php?rsd','','2017-11-23 00:22:56'),(577,'/blog/robots.txt','','2017-11-23 00:22:57'),(578,'/blog/','','2017-11-23 00:22:57'),(579,'/wordpress/','','2017-11-23 00:22:57'),(580,'/wp/','','2017-11-23 00:22:57'),(581,'/robots.txt','','2017-11-23 00:22:57'),(582,'/administrator/index.php','','2017-11-23 00:22:57'),(583,'/blog/robots.txt','','2017-11-23 00:22:58'),(584,'/blog/administrator/index.php','','2017-11-23 00:22:58'),(585,'/joomla/robots.txt','','2017-11-23 00:22:58'),(586,'/joomla/administrator/index.php','','2017-11-23 00:22:58'),(587,'/wp-login.php','','2017-11-23 01:29:32'),(588,'/wp-login.php','','2017-11-23 01:33:26'),(589,'/wp-login.php','','2017-11-23 02:13:44');

--
