-- Table structure for table `ps_contact`
--

CREATE TABLE `ps_contact` (
  `id_contact` int(10) unsigned NOT NULL AUTO_INCREMENT,
  `email` varchar(128) NOT NULL,
  `customer_service` tinyint(1) NOT NULL DEFAULT '0',
  `position` tinyint(2) unsigned NOT NULL DEFAULT '0',
  PRIMARY KEY (`id_contact`)
) ENGINE=InnoDB AUTO_INCREMENT=6 DEFAULT CHARSET=utf8;

--
-- Dumping data for table `ps_contact`
--

INSERT INTO `ps_contact` VALUES (1,'christophe@saintclairmat.fr',1,0),(2,'christophe@saintclairmat.fr',1,0),(3,'halim@saintclairmat.fr',1,0),(4,'isabelle@saintclairmat.fr',1,0),(5,'sebastien@saintclairmat.fr',1,0);

--
-- Table structure for table `ps_contact_lang`
--

CREATE TABLE `ps_contact_lang` (
  `id_contact` int(10) unsigned NOT NULL,
  `id_lang` int(10) unsigned NOT NULL,
  `name` varchar(32) NOT NULL,
  `description` text,
  PRIMARY KEY (`id_contact`,`id_lang`)
) ENGINE=InnoDB DEFAULT CHARSET=utf8;

--
-- Dumping data for table `ps_contact_lang`
--

INSERT INTO `ps_contact_lang` VALUES (1,1,'Webmaster','If a technical problem occurs on this website'),(1,2,'Webmaster','Si un problème technique survient sur le site'),(1,3,'Webmaster','Si se produce un problema técnico en el sitio'),(1,4,'Webmaster','Falls ein technisches Problem auf der Webseite auftritt'),(1,5,'Webmaster','Se nel sito interviene un problema tecnico'),(2,1,'Customer service','For any question about a product, an order'),(2,2,'Service client','Pour toute question ou réclamation sur une commande'),(2,3,'Service client','Para cualquier pregunta o queja acerca de un pedido'),(2,4,'Kundenservice','Bei Fragen oder Reklamationen zu einer Bestellung'),(2,5,'Servizio clienti','Per qualsiasi domanda o reclamo riguardo ad un ordine'),(3,1,'Direction',''),(3,2,'Direction','Direction'),(3,3,'Direction',''),(3,4,'Direction',''),(3,5,'Direction',''),(4,1,'Service Comptabilité',''),(4,2,'Service Comptabilité','Service Comptabilité'),(4,3,'Service Comptabilité',''),(4,4,'Service Comptabilité',''),(4,5,'Service Comptabilité',''),(5,1,'Service Technique',''),(5,2,'Service Technique','Service Technique'),(5,3,'Service Technique',''),(5,4,'Service Technique',''),(5,5,'Service Technique','');

--
-- Table structure for table `ps_country`
--

CREATE TABLE `ps_country` (
  `id_country` int(10) unsigned NOT NULL AUTO_INCREMENT,
  `id_zone` int(10) unsigned NOT NULL,
  `id_currency` int(10) unsigned NOT NULL DEFAULT '0',
  `iso_code` varchar(3) NOT NULL,
  `call_prefix` int(10) NOT NULL DEFAULT '0',
  `active` tinyint(1) unsigned NOT NULL DEFAULT '0',
  `contains_states` tinyint(1) NOT NULL DEFAULT '0',
  `need_identification_number` tinyint(1) NOT NULL DEFAULT '0',
  `need_zip_code` tinyint(1) NOT NULL DEFAULT '1',
  `zip_code_format` varchar(12) NOT NULL DEFAULT '',
  `display_tax_label` tinyint(1) NOT NULL,
  PRIMARY KEY (`id_country`),
  KEY `country_iso_code` (`iso_code`),
  KEY `country_` (`id_zone`)
) ENGINE=InnoDB AUTO_INCREMENT=245 DEFAULT CHARSET=utf8;

--
-- Dumping data for table `ps_country`
--

INSERT INTO `ps_country` VALUES (1,1,0,'DE',49,0,0,0,1,'NNNNN',1),(2,1,0,'AT',43,0,0,0,1,'NNNN',1),(3,1,0,'BE',32,0,0,0,1,'NNNN',1),(4,0,0,'CA',1,0,1,0,1,'LNL NLN',0),(5,0,0,'CN',86,0,0,0,1,'NNNNNN',1),(6,1,0,'ES',34,0,0,1,1,'NNNNN',1),(7,1,0,'FI',358,0,0,0,1,'NNNNN',1),(8,1,0,'FR',33,1,1,0,1,'NNNNN',1),(9,1,0,'GR',30,0,0,0,1,'NNNNN',1),(10,1,0,'IT',39,0,1,0,1,'NNNNN',1),(11,0,0,'JP',81,0,1,0,1,'NNN-NNNN',1),(12,1,0,'LU',352,0,0,0,1,'NNNN',1),(13,1,0,'NL',31,0,0,0,1,'NNNN LL',1),(14,1,0,'PL',48,0,0,0,1,'NN-NNN',1),(15,1,0,'PT',351,0,0,0,1,'NNNN NNN',1),(16,1,0,'CZ',420,0,0,0,1,'NNN NN',1),(17,1,0,'GB',44,0,0,0,1,'',1),(18,1,0,'SE',46,0,0,0,1,'NNN NN',1),(19,0,0,'CH',41,0,0,0,1,'NNNN',1),(20,1,0,'DK',45,0,0,0,1,'NNNN',1),(21,0,0,'US',1,0,1,0,1,'NNNNN',0),(22,0,0,'HK',852,0,0,0,0,'',1),(23,0,0,'NO',47,0,0,0,1,'NNNN',1),(24,0,0,'AU',61,0,0,0,1,'NNNN',1),(25,0,0,'SG',65,0,0,0,1,'NNNNNN',1),(26,1,0,'IE',353,0,0,0,1,'',1),(27,0,0,'NZ',64,0,0,0,1,'NNNN',1),(28,0,0,'KR',82,0,0,0,1,'NNN-NNN',1),(29,0,0,'IL',972,0,0,0,1,'NNNNN',1),(30,0,0,'ZA',27,0,0,0,1,'NNNN',1),(31,0,0,'NG',234,0,0,0,1,'',1),(32,0,0,'CI',225,0,0,0,1,'',1),(33,0,0,'TG',228,0,0,0,1,'',1),(34,0,0,'BO',591,0,0,0,1,'',1),(35,0,0,'MU',230,0,0,0,1,'',1),(36,1,0,'RO',40,0,0,0,1,'NNNNNN',1),(37,1,0,'SK',421,0,0,0,1,'NNN NN',1),(38,0,0,'DZ',213,0,0,0,1,'NNNNN',1),(39,0,0,'AS',0,0,0,0,1,'',1),(40,0,0,'AD',376,0,0,0,1,'CNNN',1),(41,0,0,'AO',244,0,0,0,0,'',1),(42,0,0,'AI',0,0,0,0,1,'',1),(43,0,0,'AG',0,0,0,0,1,'',1),(44,0,0,'AR',54,0,1,0,1,'LNNNN',1),(45,0,0,'AM',374,0,0,0,1,'NNNN',1),(46,0,0,'AW',297,0,0,0,1,'',1),(47,0,0,'AZ',994,0,0,0,1,'CNNNN',1),(48,0,0,'BS',0,0,0,0,1,'',1),(49,0,0,'BH',973,0,0,0,1,'',1),(50,0,0,'BD',880,0,0,0,1,'NNNN',1),(51,0,0,'BB',0,0,0,0,1,'CNNNNN',1),(52,0,0,'BY',0,0,0,0,1,'NNNNNN',1),(53,0,0,'BZ',501,0,0,0,0,'',1),(54,0,0,'BJ',229,0,0,0,0,'',1),(55,0,0,'BM',0,0,0,0,1,'',1),(56,0,0,'BT',975,0,0,0,1,'',1),(57,0,0,'BW',267,0,0,0,1,'',1),(58,0,0,'BR',55,0,0,0,1,'NNNNN-NNN',1),(59,0,0,'BN',673,0,0,0,1,'LLNNNN',1),(60,0,0,'BF',226,0,0,0,1,'',1),(61,0,0,'MM',95,0,0,0,1,'',1),(62,0,0,'BI',257,0,0,0,1,'',1),(63,0,0,'KH',855,0,0,0,1,'NNNNN',1),(64,0,0,'CM',237,0,0,0,1,'',1),(65,0,0,'CV',238,0,0,0,1,'NNNN',1),(66,0,0,'CF',236,0,0,0,1,'',1),(67,0,0,'TD',235,0,0,0,1,'',1),(68,0,0,'CL',56,0,0,0,1,'NNN-NNNN',1),(69,0,0,'CO',57,0,0,0,1,'NNNNNN',1),(70,0,0,'KM',269,0,0,0,1,'',1),(71,0,0,'CD',242,0,0,0,1,'',1),(72,0,0,'CG',243,0,0,0,1,'',1),(73,0,0,'CR',506,0,0,0,1,'NNNNN',1),(74,0,0,'HR',385,0,0,0,1,'NNNNN',1),(75,0,0,'CU',53,0,0,0,1,'',1),(76,1,0,'CY',357,0,0,0,1,'NNNN',1),(77,0,0,'DJ',253,0,0,0,1,'',1),(78,0,0,'DM',0,0,0,0,1,'',1),(79,0,0,'DO',0,0,0,0,1,'',1),(80,0,0,'TL',670,0,0,0,1,'',1),(81,0,0,'EC',593,0,0,0,1,'CNNNNNN',1),(82,0,0,'EG',20,0,0,0,0,'',1),(83,0,0,'SV',503,0,0,0,1,'',1),(84,0,0,'GQ',240,0,0,0,1,'',1),(85,0,0,'ER',291,0,0,0,1,'',1),(86,1,0,'EE',372,0,0,0,1,'NNNNN',1),(87,0,0,'ET',251,0,0,0,1,'',1),(88,0,0,'FK',0,0,0,0,1,'LLLL NLL',1),(89,0,0,'FO',298,0,0,0,1,'',1),(90,0,0,'FJ',679,0,0,0,1,'',1),(91,0,0,'GA',241,0,0,0,1,'',1),(92,0,0,'GM',220,0,0,0,1,'',1),(93,0,0,'GE',995,0,0,0,1,'NNNN',1),(94,0,0,'GH',233,0,0,0,1,'',1),(95,0,0,'GD',0,0,0,0,1,'',1),(96,0,0,'GL',299,0,0,0,1,'',1),(97,0,0,'GI',350,0,0,0,1,'',1),(98,0,0,'GP',590,0,0,0,1,'',1),(99,0,0,'GU',0,0,0,0,1,'',1),(100,0,0,'GT',502,0,0,0,1,'',1),(101,0,0,'GG',0,0,0,0,1,'LLN NLL',1),(102,0,0,'GN',224,0,0,0,1,'',1),(103,0,0,'GW',245,0,0,0,1,'',1),(104,0,0,'GY',592,0,0,0,1,'',1),(105,0,0,'HT',509,0,0,0,1,'',1),(106,0,0,'HM',0,0,0,0,1,'',1),(107,0,0,'VA',379,0,0,0,1,'NNNNN',1),(108,0,0,'HN',504,0,0,0,1,'',1),(109,0,0,'IS',354,0,0,0,1,'NNN',1),(110,0,0,'IN',91,0,0,0,1,'NNN NNN',1),(111,0,0,'ID',62,0,1,0,1,'NNNNN',1),(112,0,0,'IR',98,0,0,0,1,'NNNNN-NNNNN',1),(113,0,0,'IQ',964,0,0,0,1,'NNNNN',1),(114,0,0,'IM',0,0,0,0,1,'CN NLL',1),(115,0,0,'JM',0,0,0,0,1,'',1),(116,0,0,'JE',0,0,0,0,1,'CN NLL',1),(117,0,0,'JO',962,0,0,0,1,'',1),(118,0,0,'KZ',7,0,0,0,1,'NNNNNN',1),(119,0,0,'KE',254,0,0,0,1,'',1),(120,0,0,'KI',686,0,0,0,1,'',1),(121,0,0,'KP',850,0,0,0,1,'',1),(122,0,0,'KW',965,0,0,0,1,'',1),(123,0,0,'KG',996,0,0,0,1,'',1),(124,0,0,'LA',856,0,0,0,1,'',1),(125,1,0,'LV',371,0,0,0,1,'C-NNNN',1),(126,0,0,'LB',961,0,0,0,1,'',1),(127,0,0,'LS',266,0,0,0,1,'',1),(128,0,0,'LR',231,0,0,0,1,'',1),(129,0,0,'LY',218,0,0,0,1,'',1),(130,1,0,'LI',423,0,0,0,1,'NNNN',1),(131,1,0,'LT',370,0,0,0,1,'NNNNN',1),(132,0,0,'MO',853,0,0,0,0,'',1),(133,0,0,'MK',389,0,0,0,1,'',1),(134,0,0,'MG',261,0,0,0,1,'',1),(135,0,0,'MW',265,0,0,0,1,'',1),(136,0,0,'MY',60,0,0,0,1,'NNNNN',1),(137,0,0,'MV',960,0,0,0,1,'',1),(138,0,0,'ML',223,0,0,0,1,'',1),(139,1,0,'MT',356,0,0,0,1,'LLL NNNN',1),(140,0,0,'MH',692,0,0,0,1,'',1),(141,0,0,'MQ',596,0,0,0,1,'',1),(142,0,0,'MR',222,0,0,0,1,'',1),(143,1,0,'HU',36,0,0,0,1,'NNNN',1),(144,0,0,'YT',262,0,0,0,1,'',1),(145,0,0,'MX',52,0,1,1,1,'NNNNN',1),(146,0,0,'FM',691,0,0,0,1,'',1),(147,0,0,'MD',373,0,0,0,1,'C-NNNN',1),(148,0,0,'MC',377,0,0,0,1,'NNNNN',1),(149,0,0,'MN',976,0,0,0,1,'',1),(150,0,0,'ME',382,0,0,0,1,'NNNNN',1),(151,0,0,'MS',0,0,0,0,1,'',1),(152,0,0,'MA',212,0,0,0,1,'NNNNN',1),(153,0,0,'MZ',258,0,0,0,1,'',1),(154,0,0,'NA',264,0,0,0,1,'',1),(155,0,0,'NR',674,0,0,0,1,'',1),(156,0,0,'NP',977,0,0,0,1,'',1),(157,0,0,'AN',599,0,0,0,1,'',1),(158,0,0,'NC',687,0,0,0,1,'',1),(159,0,0,'NI',505,0,0,0,1,'NNNNNN',1),(160,0,0,'NE',227,0,0,0,1,'',1),(161,0,0,'NU',683,0,0,0,1,'',1),(162,0,0,'NF',0,0,0,0,1,'',1),(163,0,0,'MP',0,0,0,0,1,'',1),(164,0,0,'OM',968,0,0,0,1,'',1),(165,0,0,'PK',92,0,0,0,1,'',1),(166,0,0,'PW',680,0,0,0,1,'',1),(167,0,0,'PS',0,0,0,0,1,'',1),(168,0,0,'PA',507,0,0,0,1,'NNNNNN',1),(169,0,0,'PG',675,0,0,0,1,'',1),(170,0,0,'PY',595,0,0,0,1,'',1),(171,0,0,'PE',51,0,0,0,1,'',1),(172,0,0,'PH',63,0,0,0,1,'NNNN',1),(173,0,0,'PN',0,0,0,0,1,'LLLL NLL',1),(174,0,0,'PR',0,0,0,0,1,'NNNNN',1),(175,0,0,'QA',974,0,0,0,1,'',1),(176,0,0,'RE',262,0,0,0,1,'',1),(177,0,0,'RU',7,0,0,0,1,'NNNNNN',1),(178,0,0,'RW',250,0,0,0,1,'',1),(179,0,0,'BL',0,0,0,0,1,'',1),(180,0,0,'KN',0,0,0,0,1,'',1),(181,0,0,'LC',0,0,0,0,1,'',1),(182,0,0,'MF',0,0,0,0,1,'',1),(183,0,0,'PM',508,0,0,0,1,'',1),(184,0,0,'VC',0,0,0,0,1,'',1),(185,0,0,'WS',685,0,0,0,1,'',1),(186,0,0,'SM',378,0,0,0,1,'NNNNN',1),(187,0,0,'ST',239,0,0,0,1,'',1),(188,0,0,'SA',966,0,0,0,1,'',1),(189,0,0,'SN',221,0,0,0,1,'',1),(190,0,0,'RS',381,0,0,0,1,'NNNNN',1),(191,0,0,'SC',248,0,0,0,1,'',1),(192,0,0,'SL',232,0,0,0,1,'',1),(193,1,0,'SI',386,0,0,0,1,'C-NNNN',1),(194,0,0,'SB',677,0,0,0,1,'',1),(195,0,0,'SO',252,0,0,0,1,'',1),(196,0,0,'GS',0,0,0,0,1,'LLLL NLL',1),(197,0,0,'LK',94,0,0,0,1,'NNNNN',1),(198,0,0,'SD',249,0,0,0,1,'',1),(199,0,0,'SR',597,0,0,0,1,'',1),(200,0,0,'SJ',0,0,0,0,1,'',1),(201,0,0,'SZ',268,0,0,0,1,'',1),(202,0,0,'SY',963,0,0,0,1,'',1),(203,0,0,'TW',886,0,0,0,1,'NNNNN',1),(204,0,0,'TJ',992,0,0,0,1,'',1),(205,0,0,'TZ',255,0,0,0,1,'',1),(206,0,0,'TH',66,0,0,0,1,'NNNNN',1),(207,0,0,'TK',690,0,0,0,1,'',1),(208,0,0,'TO',676,0,0,0,1,'',1),(209,0,0,'TT',0,0,0,0,1,'',1),(210,0,0,'TN',216,0,0,0,1,'',1),(211,0,0,'TR',90,0,0,0,1,'NNNNN',1),(212,0,0,'TM',993,0,0,0,1,'',1),(213,0,0,'TC',0,0,0,0,1,'LLLL NLL',1),(214,0,0,'TV',688,0,0,0,1,'',1),(215,0,0,'UG',256,0,0,0,1,'',1),(216,1,0,'UA',380,0,0,0,1,'NNNNN',1),(217,0,0,'AE',971,0,0,0,1,'',1),(218,0,0,'UY',598,0,0,0,1,'',1),(219,0,0,'UZ',998,0,0,0,1,'',1),(220,0,0,'VU',678,0,0,0,1,'',1),(221,0,0,'VE',58,0,0,0,1,'',1),(222,0,0,'VN',84,0,0,0,1,'NNNNNN',1),(223,0,0,'VG',0,0,0,0,1,'CNNNN',1),(224,0,0,'VI',0,0,0,0,1,'',1),(225,0,0,'WF',681,0,0,0,1,'',1),(226,0,0,'EH',0,0,0,0,1,'',1),(227,0,0,'YE',967,0,0,0,1,'',1),(228,0,0,'ZM',260,0,0,0,1,'',1),(229,0,0,'ZW',263,0,0,0,1,'',1),(230,0,0,'AL',355,0,0,0,1,'NNNN',1),(231,0,0,'AF',93,0,0,0,0,'',1),(232,0,0,'AQ',0,0,0,0,1,'',1),(233,1,0,'BA',387,0,0,0,1,'',1),(234,0,0,'BV',0,0,0,0,1,'',1),(235,0,0,'IO',0,0,0,0,1,'LLLL NLL',1),(236,1,0,'BG',359,0,0,0,1,'NNNN',1),(237,0,0,'KY',0,0,0,0,1,'',1),(238,0,0,'CX',0,0,0,0,1,'',1),(239,0,0,'CC',0,0,0,0,1,'',1),(240,0,0,'CK',682,0,0,0,1,'',1),(241,0,0,'GF',594,0,0,0,1,'',1),(242,0,0,'PF',689,0,0,0,1,'',1),(243,0,0,'TF',0,0,0,0,1,'',1),(244,0,0,'AX',0,0,0,0,1,'NNNNN',1);

--
-- Table structure for table `ps_country_lang`
--

CREATE TABLE `ps_country_lang` (
  `id_country` int(10) unsigned NOT NULL,
  `id_lang` int(10) unsigned NOT NULL,
  `name` varchar(64) NOT NULL,
  PRIMARY KEY (`id_country`,`id_lang`)
) ENGINE=InnoDB DEFAULT CHARSET=utf8;

--
-- Dumping data for table `ps_country_lang`
--

INSERT INTO `ps_country_lang` VALUES (1,1,'Germany'),(1,2,'Allemagne'),(1,3,'Alemania'),(1,4,'Germany'),(1,5,'Germany'),(2,1,'Austria'),(2,2,'Autriche'),(2,3,'Austria'),(2,4,'Austria'),(2,5,'Austria'),(3,1,'Belgium'),(3,2,'Belgique'),(3,3,'Bélgica'),(3,4,'Belgium'),(3,5,'Belgium'),(4,1,'Canada'),(4,2,'Canada'),(4,3,'Canadá'),(4,4,'Canada'),(4,5,'Canada'),(5,1,'China'),(5,2,'Chine'),(5,3,'Porcelana'),(5,4,'China'),(5,5,'China'),(6,1,'Spain'),(6,2,'Espagne'),(6,3,'España'),(6,4,'Spain'),(6,5,'Spain'),(7,1,'Finland'),(7,2,'Finlande'),(7,3,'Finlandia'),(7,4,'Finland'),(7,5,'Finland'),(8,1,'France'),(8,2,'France'),(8,3,'Francia'),(8,4,'France'),(8,5,'France'),(9,1,'Greece'),(9,2,'Grèce'),(9,3,'Grecia'),(9,4,'Greece'),(9,5,'Greece'),(10,1,'Italy'),(10,2,'Italie'),(10,3,'Italia'),(10,4,'Italy'),(10,5,'Italy'),(11,1,'Japan'),(11,2,'Japon'),(11,3,'Japón'),(11,4,'Japan'),(11,5,'Japan'),(12,1,'Luxemburg'),(12,2,'Luxembourg'),(12,3,'Luxemburgo'),(12,4,'Luxemburg'),(12,5,'Luxemburg'),(13,1,'Netherlands'),(13,2,'Pays-bas'),(13,3,'Países Bajos'),(13,4,'Netherlands'),(13,5,'Netherlands'),(14,1,'Poland'),(14,2,'Pologne'),(14,3,'Polonia'),(14,4,'Poland'),(14,5,'Poland'),(15,1,'Portugal'),(15,2,'Portugal'),(15,3,'Portugal'),(15,4,'Portugal'),(15,5,'Portugal'),(16,1,'Czech Republic'),(16,2,'République Tchèque'),(16,3,'República Checa'),(16,4,'Czech Republic'),(16,5,'Czech Republic'),(17,1,'United Kingdom'),(17,2,'Royaume-Uni'),(17,3,'Reino Unido'),(17,4,'United Kingdom'),(17,5,'United Kingdom'),(18,1,'Sweden'),(18,2,'Suède'),(18,3,'Suecia'),(18,4,'Sweden'),(18,5,'Sweden'),(19,1,'Switzerland'),(19,2,'Suisse'),(19,3,'Suiza'),(19,4,'Switzerland'),(19,5,'Switzerland'),(20,1,'Denmark'),(20,2,'Danemark'),(20,3,'Dinamarca'),(20,4,'Denmark'),(20,5,'Denmark'),(21,1,'United States'),(21,2,'États-Unis'),(21,3,'EE.UU.'),(21,4,'United States'),(21,5,'United States'),(22,1,'HongKong'),(22,2,'Hong-Kong'),(22,3,'Hong Kong'),(22,4,'HongKong'),(22,5,'HongKong'),(23,1,'Norway'),(23,2,'Norvège'),(23,3,'Noruega'),(23,4,'Norway'),(23,5,'Norway'),(24,1,'Australia'),(24,2,'Australie'),(24,3,'Australia'),(24,4,'Australia'),(24,5,'Australia'),(25,1,'Singapore'),(25,2,'Singapour'),(25,3,'Singapur'),(25,4,'Singapore'),(25,5,'Singapore'),(26,1,'Ireland'),(26,2,'Eire'),(26,3,'Irlanda'),(26,4,'Ireland'),(26,5,'Ireland'),(27,1,'New Zealand'),(27,2,'Nouvelle-Zélande'),(27,3,'Nueva Zelanda'),(27,4,'New Zealand'),(27,5,'New Zealand'),(28,1,'South Korea'),(28,2,'Corée du Sud'),(28,3,'Corea del Sur'),(28,4,'South Korea'),(28,5,'South Korea'),(29,1,'Israel'),(29,2,'Israël'),(29,3,'Israel'),(29,4,'Israel'),(29,5,'Israel'),(30,1,'South Africa'),(30,2,'Afrique du Sud'),(30,3,'Sudáfrica'),(30,4,'South Africa'),(30,5,'South Africa'),(31,1,'Nigeria'),(31,2,'Nigeria'),(31,3,'Nigeria'),(31,4,'Nigeria'),(31,5,'Nigeria'),(32,1,'Ivory Coast'),(32,2,'Côte d\'Ivoire'),(32,3,'Costa de Marfil'),(32,4,'Ivory Coast'),(32,5,'Ivory Coast'),(33,1,'Togo'),(33,2,'Togo'),(33,3,'Togo'),(33,4,'Togo'),(33,5,'Togo'),(34,1,'Bolivia'),(34,2,'Bolivie'),(34,3,'Bolivia'),(34,4,'Bolivia'),(34,5,'Bolivia'),(35,1,'Mauritius'),(35,2,'Ile Maurice'),(35,3,'Mauricio'),(35,4,'Mauritius'),(35,5,'Mauritius'),(36,1,'Romania'),(36,2,'Roumanie'),(36,3,'Rumania'),(36,4,'Romania'),(36,5,'Romania'),(37,1,'Slovakia'),(37,2,'Slovaquie'),(37,3,'Eslovaquia'),(37,4,'Slovakia'),(37,5,'Slovakia'),(38,1,'Algeria'),(38,2,'Algérie'),(38,3,'Argelia'),(38,4,'Algeria'),(38,5,'Algeria'),(39,1,'American Samoa'),(39,2,'Samoa Américaines'),(39,3,'Samoa Americana'),(39,4,'American Samoa'),(39,5,'American Samoa'),(40,1,'Andorra'),(40,2,'Andorre'),(40,3,'Andorra'),(40,4,'Andorra'),(40,5,'Andorra'),(41,1,'Angola'),(41,2,'Angola'),(41,3,'Angola'),(41,4,'Angola'),(41,5,'Angola'),(42,1,'Anguilla'),(42,2,'Anguilla'),(42,3,'Anguila'),(42,4,'Anguilla'),(42,5,'Anguilla'),(43,1,'Antigua and Barbuda'),(43,2,'Antigua et Barbuda'),(43,3,'Antigua y Barbuda'),(43,4,'Antigua and Barbuda'),(43,5,'Antigua and Barbuda'),(44,1,'Argentina'),(44,2,'Argentine'),(44,3,'Argentina'),(44,4,'Argentina'),(44,5,'Argentina'),(45,1,'Armenia'),(45,2,'Arménie'),(45,3,'Armenia'),(45,4,'Armenia'),(45,5,'Armenia'),(46,1,'Aruba'),(46,2,'Aruba'),(46,3,'Aruba'),(46,4,'Aruba'),(46,5,'Aruba'),(47,1,'Azerbaijan'),(47,2,'Azerbaïdjan'),(47,3,'Azerbaiyán'),(47,4,'Azerbaijan'),(47,5,'Azerbaijan'),(48,1,'Bahamas'),(48,2,'Bahamas'),(48,3,'Bahamas'),(48,4,'Bahamas'),(48,5,'Bahamas'),(49,1,'Bahrain'),(49,2,'Bahreïn'),(49,3,'Bahrein'),(49,4,'Bahrain'),(49,5,'Bahrain'),(50,1,'Bangladesh'),(50,2,'Bangladesh'),(50,3,'Bangladesh'),(50,4,'Bangladesh'),(50,5,'Bangladesh'),(51,1,'Barbados'),(51,2,'Barbade'),(51,3,'Barbados'),(51,4,'Barbados'),(51,5,'Barbados'),(52,1,'Belarus'),(52,2,'Bélarus'),(52,3,'Belarús'),(52,4,'Belarus'),(52,5,'Belarus'),(53,1,'Belize'),(53,2,'Belize'),(53,3,'Belice'),(53,4,'Belize'),(53,5,'Belize'),(54,1,'Benin'),(54,2,'Bénin'),(54,3,'Benin'),(54,4,'Benin'),(54,5,'Benin'),(55,1,'Bermuda'),(55,2,'Bermudes'),(55,3,'Bermudas'),(55,4,'Bermuda'),(55,5,'Bermuda'),(56,1,'Bhutan'),(56,2,'Bhoutan'),(56,3,'Bhután'),(56,4,'Bhutan'),(56,5,'Bhutan'),(57,1,'Botswana'),(57,2,'Botswana'),(57,3,'Botswana'),(57,4,'Botswana'),(57,5,'Botswana'),(58,1,'Brazil'),(58,2,'Brésil'),(58,3,'Brasil'),(58,4,'Brazil'),(58,5,'Brazil'),(59,1,'Brunei'),(59,2,'Brunéi Darussalam'),(59,3,'Brunei'),(59,4,'Brunei'),(59,5,'Brunei'),(60,1,'Burkina Faso'),(60,2,'Burkina Faso'),(60,3,'Burkina Faso'),(60,4,'Burkina Faso'),(60,5,'Burkina Faso'),(61,1,'Burma (Myanmar)'),(61,2,'Burma (Myanmar)'),(61,3,'Birmania (Myanmar)'),(61,4,'Burma (Myanmar)'),(61,5,'Burma (Myanmar)'),(62,1,'Burundi'),(62,2,'Burundi'),(62,3,'Burundi'),(62,4,'Burundi'),(62,5,'Burundi'),(63,1,'Cambodia'),(63,2,'Cambodge'),(63,3,'Camboya'),(63,4,'Cambodia'),(63,5,'Cambodia'),(64,1,'Cameroon'),(64,2,'Cameroun'),(64,3,'Camerún'),(64,4,'Cameroon'),(64,5,'Cameroon'),(65,1,'Cape Verde'),(65,2,'Cap-Vert'),(65,3,'Cabo Verde'),(65,4,'Cape Verde'),(65,5,'Cape Verde'),(66,1,'Central African Republic'),(66,2,'Centrafricaine, République'),(66,3,'República Centroafricana'),(66,4,'Central African Republic'),(66,5,'Central African Republic'),(67,1,'Chad'),(67,2,'Tchad'),(67,3,'Chad'),(67,4,'Chad'),(67,5,'Chad'),(68,1,'Chile'),(68,2,'Chili'),(68,3,'Chile'),(68,4,'Chile'),(68,5,'Chile'),(69,1,'Colombia'),(69,2,'Colombie'),(69,3,'Colombia'),(69,4,'Colombia'),(69,5,'Colombia'),(70,1,'Comoros'),(70,2,'Comores'),(70,3,'Comoras'),(70,4,'Comoros'),(70,5,'Comoros'),(71,1,'Congo, Dem. Republic'),(71,2,'Congo, Rép. Dém.'),(71,3,'Congo, Rep. Dem.'),(71,4,'Congo, Dem. Republic'),(71,5,'Congo, Dem. Republic'),(72,1,'Congo, Republic'),(72,2,'Congo, Rép.'),(72,3,'Congo, República'),(72,4,'Congo, Republic'),(72,5,'Congo, Republic'),(73,1,'Costa Rica'),(73,2,'Costa Rica'),(73,3,'Costa Rica'),(73,4,'Costa Rica'),(73,5,'Costa Rica'),(74,1,'Croatia'),(74,2,'Croatie'),(74,3,'Croacia'),(74,4,'Croatia'),(74,5,'Croatia'),(75,1,'Cuba'),(75,2,'Cuba'),(75,3,'Cuba'),(75,4,'Cuba'),(75,5,'Cuba'),(76,1,'Cyprus'),(76,2,'Chypre'),(76,3,'Chipre'),(76,4,'Cyprus'),(76,5,'Cyprus'),(77,1,'Djibouti'),(77,2,'Djibouti'),(77,3,'Djibouti'),(77,4,'Djibouti'),(77,5,'Djibouti'),(78,1,'Dominica'),(78,2,'Dominica'),(78,3,'Dominica'),(78,4,'Dominica'),(78,5,'Dominica'),(79,1,'Dominican Republic'),(79,2,'République Dominicaine'),(79,3,'República Dominicana'),(79,4,'Dominican Republic'),(79,5,'Dominican Republic'),(80,1,'East Timor'),(80,2,'Timor oriental'),(80,3,'Timor Oriental'),(80,4,'East Timor'),(80,5,'East Timor'),(81,1,'Ecuador'),(81,2,'Équateur'),(81,3,'Ecuador'),(81,4,'Ecuador'),(81,5,'Ecuador'),(82,1,'Egypt'),(82,2,'Égypte'),(82,3,'Egipto'),(82,4,'Egypt'),(82,5,'Egypt'),(83,1,'El Salvador'),(83,2,'El Salvador'),(83,3,'El Salvador'),(83,4,'El Salvador'),(83,5,'El Salvador'),(84,1,'Equatorial Guinea'),(84,2,'Guinée Équatoriale'),(84,3,'Guinea Ecuatorial'),(84,4,'Equatorial Guinea'),(84,5,'Equatorial Guinea'),(85,1,'Eritrea'),(85,2,'Érythrée'),(85,3,'Eritrea'),(85,4,'Eritrea'),(85,5,'Eritrea'),(86,1,'Estonia'),(86,2,'Estonie'),(86,3,'Estonia'),(86,4,'Estonia'),(86,5,'Estonia'),(87,1,'Ethiopia'),(87,2,'Éthiopie'),(87,3,'Etiopía'),(87,4,'Ethiopia'),(87,5,'Ethiopia'),(88,1,'Falkland Islands'),(88,2,'Falkland, Îles'),(88,3,'Islas Malvinas'),(88,4,'Falkland Islands'),(88,5,'Falkland Islands'),(89,1,'Faroe Islands'),(89,2,'Féroé, Îles'),(89,3,'Islas Feroe'),(89,4,'Faroe Islands'),(89,5,'Faroe Islands'),(90,1,'Fiji'),(90,2,'Fidji'),(90,3,'Fiji'),(90,4,'Fiji'),(90,5,'Fiji'),(91,1,'Gabon'),(91,2,'Gabon'),(91,3,'Gabón'),(91,4,'Gabon'),(91,5,'Gabon'),(92,1,'Gambia'),(92,2,'Gambie'),(92,3,'Gambia'),(92,4,'Gambia'),(92,5,'Gambia'),(93,1,'Georgia'),(93,2,'Géorgie'),(93,3,'Georgia'),(93,4,'Georgia'),(93,5,'Georgia'),(94,1,'Ghana'),(94,2,'Ghana'),(94,3,'Ghana'),(94,4,'Ghana'),(94,5,'Ghana'),(95,1,'Grenada'),(95,2,'Grenade'),(95,3,'Granada'),(95,4,'Grenada'),(95,5,'Grenada'),(96,1,'Greenland'),(96,2,'Groenland'),(96,3,'Groenlandia'),(96,4,'Greenland'),(96,5,'Greenland'),(97,1,'Gibraltar'),(97,2,'Gibraltar'),(97,3,'Gibraltar'),(97,4,'Gibraltar'),(97,5,'Gibraltar'),(98,1,'Guadeloupe'),(98,2,'Guadeloupe'),(98,3,'Guadalupe'),(98,4,'Guadeloupe'),(98,5,'Guadeloupe'),(99,1,'Guam'),(99,2,'Guam'),(99,3,'Guam'),(99,4,'Guam'),(99,5,'Guam'),(100,1,'Guatemala'),(100,2,'Guatemala'),(100,3,'Guatemala'),(100,4,'Guatemala'),(100,5,'Guatemala'),(101,1,'Guernsey'),(101,2,'Guernesey'),(101,3,'Guernsey'),(101,4,'Guernsey'),(101,5,'Guernsey'),(102,1,'Guinea'),(102,2,'Guinée'),(102,3,'Guinea'),(102,4,'Guinea'),(102,5,'Guinea'),(103,1,'Guinea-Bissau'),(103,2,'Guinée-Bissau'),(103,3,'Guinea-Bissau'),(103,4,'Guinea-Bissau'),(103,5,'Guinea-Bissau'),(104,1,'Guyana'),(104,2,'Guyana'),(104,3,'Guyana'),(104,4,'Guyana'),(104,5,'Guyana'),(105,1,'Haiti'),(105,2,'Haîti'),(105,3,'Haití'),(105,4,'Haiti'),(105,5,'Haiti'),(106,1,'Heard Island and McDonald Islands'),(106,2,'Heard, Île et Mcdonald, Îles'),(106,3,'Islas Heard y McDonald Islas'),(106,4,'Heard Island and McDonald Islands'),(106,5,'Heard Island and McDonald Islands'),(107,1,'Vatican City State'),(107,2,'Saint-Siege (État de la Cité du Vatican)'),(107,3,'Ciudad del Vaticano'),(107,4,'Vatican City State'),(107,5,'Vatican City State'),(108,1,'Honduras'),(108,2,'Honduras'),(108,3,'Honduras'),(108,4,'Honduras'),(108,5,'Honduras'),(109,1,'Iceland'),(109,2,'Islande'),(109,3,'Islandia'),(109,4,'Iceland'),(109,5,'Iceland'),(110,1,'India'),(110,2,'Inde'),(110,3,'India'),(110,4,'India'),(110,5,'India'),(111,1,'Indonesia'),(111,2,'Indonésie'),(111,3,'Indonesia'),(111,4,'Indonesia'),(111,5,'Indonesia'),(112,1,'Iran'),(112,2,'Iran'),(112,3,'Irán'),(112,4,'Iran'),(112,5,'Iran'),(113,1,'Iraq'),(113,2,'Iraq'),(113,3,'Iraq'),(113,4,'Iraq'),(113,5,'Iraq'),(114,1,'Man Island'),(114,2,'Man, Île de'),(114,3,'Man, Isla'),(114,4,'Man Island'),(114,5,'Man Island'),(115,1,'Jamaica'),(115,2,'Jamaique'),(115,3,'Jamaica'),(115,4,'Jamaica'),(115,5,'Jamaica'),(116,1,'Jersey'),(116,2,'Jersey'),(116,3,'Jersey'),(116,4,'Jersey'),(116,5,'Jersey'),(117,1,'Jordan'),(117,2,'Jordanie'),(117,3,'Jordania'),(117,4,'Jordan'),(117,5,'Jordan'),(118,1,'Kazakhstan'),(118,2,'Kazakhstan'),(118,3,'Kazajstán'),(118,4,'Kazakhstan'),(118,5,'Kazakhstan'),(119,1,'Kenya'),(119,2,'Kenya'),(119,3,'Kenya'),(119,4,'Kenya'),(119,5,'Kenya'),(120,1,'Kiribati'),(120,2,'Kiribati'),(120,3,'Kiribati'),(120,4,'Kiribati'),(120,5,'Kiribati'),(121,1,'Korea, Dem. Republic of'),(121,2,'Corée, Rép. Populaire Dém. de'),(121,3,'KOREA, DEM. República de'),(121,4,'Korea, Dem. Republic of'),(121,5,'Korea, Dem. Republic of'),(122,1,'Kuwait'),(122,2,'Koweït'),(122,3,'Kuwait'),(122,4,'Kuwait'),(122,5,'Kuwait'),(123,1,'Kyrgyzstan'),(123,2,'Kirghizistan'),(123,3,'Kirguistán'),(123,4,'Kyrgyzstan'),(123,5,'Kyrgyzstan'),(124,1,'Laos'),(124,2,'Laos'),(124,3,'Laos'),(124,4,'Laos'),(124,5,'Laos'),(125,1,'Latvia'),(125,2,'Lettonie'),(125,3,'Letonia'),(125,4,'Latvia'),(125,5,'Latvia'),(126,1,'Lebanon'),(126,2,'Liban'),(126,3,'Líbano'),(126,4,'Lebanon'),(126,5,'Lebanon'),(127,1,'Lesotho'),(127,2,'Lesotho'),(127,3,'Lesotho'),(127,4,'Lesotho'),(127,5,'Lesotho'),(128,1,'Liberia'),(128,2,'Libéria'),(128,3,'Liberia'),(128,4,'Liberia'),(128,5,'Liberia'),(129,1,'Libya'),(129,2,'Libyenne, Jamahiriya Arabe'),(129,3,'Libia'),(129,4,'Libya'),(129,5,'Libya'),(130,1,'Liechtenstein'),(130,2,'Liechtenstein'),(130,3,'Liechtenstein'),(130,4,'Liechtenstein'),(130,5,'Liechtenstein'),(131,1,'Lithuania'),(131,2,'Lituanie'),(131,3,'Lituania'),(131,4,'Lithuania'),(131,5,'Lithuania'),(132,1,'Macau'),(132,2,'Macao'),(132,3,'Macao'),(132,4,'Macau'),(132,5,'Macau'),(133,1,'Macedonia'),(133,2,'Macédoine'),(133,3,'Macedonia'),(133,4,'Macedonia'),(133,5,'Macedonia'),(134,1,'Madagascar'),(134,2,'Madagascar'),(134,3,'Madagascar'),(134,4,'Madagascar'),(134,5,'Madagascar'),(135,1,'Malawi'),(135,2,'Malawi'),(135,3,'Malawi'),(135,4,'Malawi'),(135,5,'Malawi'),(136,1,'Malaysia'),(136,2,'Malaisie'),(136,3,'Malasia'),(136,4,'Malaysia'),(136,5,'Malaysia'),(137,1,'Maldives'),(137,2,'Maldives'),(137,3,'Maldivas'),(137,4,'Maldives'),(137,5,'Maldives'),(138,1,'Mali'),(138,2,'Mali'),(138,3,'Malí'),(138,4,'Mali'),(138,5,'Mali'),(139,1,'Malta'),(139,2,'Malte'),(139,3,'Malta'),(139,4,'Malta'),(139,5,'Malta'),(140,1,'Marshall Islands'),(140,2,'Marshall, Îles'),(140,3,'Marshall, Islas'),(140,4,'Marshall Islands'),(140,5,'Marshall Islands'),(141,1,'Martinique'),(141,2,'Martinique'),(141,3,'Martinica'),(141,4,'Martinique'),(141,5,'Martinique'),(142,1,'Mauritania'),(142,2,'Mauritanie'),(142,3,'Mauritania'),(142,4,'Mauritania'),(142,5,'Mauritania'),(143,1,'Hungary'),(143,2,'Hongrie'),(143,3,'Hungría'),(143,4,'Hungary'),(143,5,'Hungary'),(144,1,'Mayotte'),(144,2,'Mayotte'),(144,3,'Mayotte'),(144,4,'Mayotte'),(144,5,'Mayotte'),(145,1,'Mexico'),(145,2,'Mexique'),(145,3,'México'),(145,4,'Mexico'),(145,5,'Mexico'),(146,1,'Micronesia'),(146,2,'Micronésie'),(146,3,'Micronesia'),(146,4,'Micronesia'),(146,5,'Micronesia'),(147,1,'Moldova'),(147,2,'Moldova'),(147,3,'Moldavia'),(147,4,'Moldova'),(147,5,'Moldova'),(148,1,'Monaco'),(148,2,'Monaco'),(148,3,'Mónaco'),(148,4,'Monaco'),(148,5,'Monaco'),(149,1,'Mongolia'),(149,2,'Mongolie'),(149,3,'Mongolia'),(149,4,'Mongolia'),(149,5,'Mongolia'),(150,1,'Montenegro'),(150,2,'Monténégro'),(150,3,'Montenegro'),(150,4,'Montenegro'),(150,5,'Montenegro'),(151,1,'Montserrat'),(151,2,'Montserrat'),(151,3,'Montserrat'),(151,4,'Montserrat'),(151,5,'Montserrat'),(152,1,'Morocco'),(152,2,'Maroc'),(152,3,'Marruecos'),(152,4,'Morocco'),(152,5,'Morocco'),(153,1,'Mozambique'),(153,2,'Mozambique'),(153,3,'Mozambique'),(153,4,'Mozambique'),(153,5,'Mozambique'),(154,1,'Namibia'),(154,2,'Namibie'),(154,3,'Namibia'),(154,4,'Namibia'),(154,5,'Namibia'),(155,1,'Nauru'),(155,2,'Nauru'),(155,3,'Nauru'),(155,4,'Nauru'),(155,5,'Nauru'),(156,1,'Nepal'),(156,2,'Népal'),(156,3,'Nepal'),(156,4,'Nepal'),(156,5,'Nepal'),(157,1,'Netherlands Antilles'),(157,2,'Antilles Néerlandaises'),(157,3,'Antillas Neerlandesas'),(157,4,'Netherlands Antilles'),(157,5,'Netherlands Antilles'),(158,1,'New Caledonia'),(158,2,'Nouvelle-Calédonie'),(158,3,'Nueva Caledonia'),(158,4,'New Caledonia'),(158,5,'New Caledonia'),(159,1,'Nicaragua'),(159,2,'Nicaragua'),(159,3,'Nicaragua'),(159,4,'Nicaragua'),(159,5,'Nicaragua'),(160,1,'Niger'),(160,2,'Niger'),(160,3,'Níger'),(160,4,'Niger'),(160,5,'Niger'),(161,1,'Niue'),(161,2,'Niué'),(161,3,'Niue'),(161,4,'Niue'),(161,5,'Niue'),(162,1,'Norfolk Island'),(162,2,'Norfolk, Île'),(162,3,'Norfolk Island'),(162,4,'Norfolk Island'),(162,5,'Norfolk Island'),(163,1,'Northern Mariana Islands'),(163,2,'Mariannes du Nord, Îles'),(163,3,'Islas Marianas del Norte'),(163,4,'Northern Mariana Islands'),(163,5,'Northern Mariana Islands'),(164,1,'Oman'),(164,2,'Oman'),(164,3,'Omán'),(164,4,'Oman'),(164,5,'Oman'),(165,1,'Pakistan'),(165,2,'Pakistan'),(165,3,'Pakistán'),(165,4,'Pakistan'),(165,5,'Pakistan'),(166,1,'Palau'),(166,2,'Palaos'),(166,3,'Palau'),(166,4,'Palau'),(166,5,'Palau'),(167,1,'Palestinian Territories'),(167,2,'Palestinien Occupé, Territoire'),(167,3,'Territorios Palestinos'),(167,4,'Palestinian Territories'),(167,5,'Palestinian Territories'),(168,1,'Panama'),(168,2,'Panama'),(168,3,'Panamá'),(168,4,'Panama'),(168,5,'Panama'),(169,1,'Papua New Guinea'),(169,2,'Papouasie-Nouvelle-Guinée'),(169,3,'Papua Nueva Guinea'),(169,4,'Papua New Guinea'),(169,5,'Papua New Guinea'),(170,1,'Paraguay'),(170,2,'Paraguay'),(170,3,'Paraguay'),(170,4,'Paraguay'),(170,5,'Paraguay'),(171,1,'Peru'),(171,2,'Pérou'),(171,3,'Perú'),(171,4,'Peru'),(171,5,'Peru'),(172,1,'Philippines'),(172,2,'Philippines'),(172,3,'Filipinas'),(172,4,'Philippines'),(172,5,'Philippines'),(173,1,'Pitcairn'),(173,2,'Pitcairn'),(173,3,'Pitcairn'),(173,4,'Pitcairn'),(173,5,'Pitcairn'),(174,1,'Puerto Rico'),(174,2,'Porto Rico'),(174,3,'Puerto Rico'),(174,4,'Puerto Rico'),(174,5,'Puerto Rico'),(175,1,'Qatar'),(175,2,'Qatar'),(175,3,'Qatar'),(175,4,'Qatar'),(175,5,'Qatar'),(176,1,'Reunion Island'),(176,2,'Réunion, Île de la'),(176,3,'Reunión, Isla de la'),(176,4,'Reunion Island'),(176,5,'Reunion Island'),(177,1,'Russian Federation'),(177,2,'Russie, Fédération de'),(177,3,'Rusia, Federación de'),(177,4,'Russian Federation'),(177,5,'Russian Federation'),(178,1,'Rwanda'),(178,2,'Rwanda'),(178,3,'Rwanda'),(178,4,'Rwanda'),(178,5,'Rwanda'),(179,1,'Saint Barthelemy'),(179,2,'Saint-Barthélemy'),(179,3,'San Bartolomé'),(179,4,'Saint Barthelemy'),(179,5,'Saint Barthelemy'),(180,1,'Saint Kitts and Nevis'),(180,2,'Saint-Kitts-et-Nevis'),(180,3,'Saint Kitts y Nevis'),(180,4,'Saint Kitts and Nevis'),(180,5,'Saint Kitts and Nevis'),(181,1,'Saint Lucia'),(181,2,'Sainte-Lucie'),(181,3,'Santa Lucía'),(181,4,'Saint Lucia'),(181,5,'Saint Lucia'),(182,1,'Saint Martin'),(182,2,'Saint-Martin'),(182,3,'Saint Martin'),(182,4,'Saint Martin'),(182,5,'Saint Martin'),(183,1,'Saint Pierre and Miquelon'),(183,2,'Saint-Pierre-et-Miquelon'),(183,3,'San Pedro y Miquelón'),(183,4,'Saint Pierre and Miquelon'),(183,5,'Saint Pierre and Miquelon'),(184,1,'Saint Vincent and the Grenadines'),(184,2,'Saint-Vincent-et-Les Grenadines'),(184,3,'San Vicente y las Granadinas'),(184,4,'Saint Vincent and the Grenadines'),(184,5,'Saint Vincent and the Grenadines'),(185,1,'Samoa'),(185,2,'Samoa'),(185,3,'Samoa'),(185,4,'Samoa'),(185,5,'Samoa'),(186,1,'San Marino'),(186,2,'Saint-Marin'),(186,3,'San Marino'),(186,4,'San Marino'),(186,5,'San Marino'),(187,1,'São Tomé and Príncipe'),(187,2,'Sao Tomé-et-Principe'),(187,3,'Santo Tomé y Príncipe'),(187,4,'São Tomé and Príncipe'),(187,5,'São Tomé and Príncipe'),(188,1,'Saudi Arabia'),(188,2,'Arabie Saoudite'),(188,3,'Arabia Saudita'),(188,4,'Saudi Arabia'),(188,5,'Saudi Arabia'),(189,1,'Senegal'),(189,2,'Sénégal'),(189,3,'Senegal'),(189,4,'Senegal'),(189,5,'Senegal'),(190,1,'Serbia'),(190,2,'Serbie'),(190,3,'Serbia'),(190,4,'Serbia'),(190,5,'Serbia'),(191,1,'Seychelles'),(191,2,'Seychelles'),(191,3,'Seychelles'),(191,4,'Seychelles'),(191,5,'Seychelles'),(192,1,'Sierra Leone'),(192,2,'Sierra Leone'),(192,3,'Sierra Leona'),(192,4,'Sierra Leone'),(192,5,'Sierra Leone'),(193,1,'Slovenia'),(193,2,'Slovénie'),(193,3,'Eslovenia'),(193,4,'Slovenia'),(193,5,'Slovenia'),(194,1,'Solomon Islands'),(194,2,'Salomon, Îles'),(194,3,'Salomón, Islas'),(194,4,'Solomon Islands'),(194,5,'Solomon Islands'),(195,1,'Somalia'),(195,2,'Somalie'),(195,3,'Somalia'),(195,4,'Somalia'),(195,5,'Somalia'),(196,1,'South Georgia and the South Sandwich Islands'),(196,2,'Géorgie du Sud et les Îles Sandwich du Sud'),(196,3,'Georgia del Sur e Islas Sandwich del Sur'),(196,4,'South Georgia and the South Sandwich Islands'),(196,5,'South Georgia and the South Sandwich Islands'),(197,1,'Sri Lanka'),(197,2,'Sri Lanka'),(197,3,'Sri Lanka'),(197,4,'Sri Lanka'),(197,5,'Sri Lanka'),(198,1,'Sudan'),(198,2,'Soudan'),(198,3,'Sudán'),(198,4,'Sudan'),(198,5,'Sudan'),(199,1,'Suriname'),(199,2,'Suriname'),(199,3,'Suriname'),(199,4,'Suriname'),(199,5,'Suriname'),(200,1,'Svalbard and Jan Mayen'),(200,2,'Svalbard et Île Jan Mayen'),(200,3,'Svalbard y Jan Mayen'),(200,4,'Svalbard and Jan Mayen'),(200,5,'Svalbard and Jan Mayen'),(201,1,'Swaziland'),(201,2,'Swaziland'),(201,3,'Swazilandia'),(201,4,'Swaziland'),(201,5,'Swaziland'),(202,1,'Syria'),(202,2,'Syrienne'),(202,3,'Siria'),(202,4,'Syria'),(202,5,'Syria'),(203,1,'Taiwan'),(203,2,'Taïwan'),(203,3,'Taiwán'),(203,4,'Taiwan'),(203,5,'Taiwan'),(204,1,'Tajikistan'),(204,2,'Tadjikistan'),(204,3,'Tayikistán'),(204,4,'Tajikistan'),(204,5,'Tajikistan'),(205,1,'Tanzania'),(205,2,'Tanzanie'),(205,3,'Tanzania'),(205,4,'Tanzania'),(205,5,'Tanzania'),(206,1,'Thailand'),(206,2,'Thaïlande'),(206,3,'Tailandia'),(206,4,'Thailand'),(206,5,'Thailand'),(207,1,'Tokelau'),(207,2,'Tokelau'),(207,3,'Tokelau'),(207,4,'Tokelau'),(207,5,'Tokelau'),(208,1,'Tonga'),(208,2,'Tonga'),(208,3,'Tonga'),(208,4,'Tonga'),(208,5,'Tonga'),(209,1,'Trinidad and Tobago'),(209,2,'Trinité-et-Tobago'),(209,3,'Trinidad y Tobago'),(209,4,'Trinidad and Tobago'),(209,5,'Trinidad and Tobago'),(210,1,'Tunisia'),(210,2,'Tunisie'),(210,3,'Túnez'),(210,4,'Tunisia'),(210,5,'Tunisia'),(211,1,'Turkey'),(211,2,'Turquie'),(211,3,'Turquía'),(211,4,'Turkey'),(211,5,'Turkey'),(212,1,'Turkmenistan'),(212,2,'Turkménistan'),(212,3,'Turkmenistán'),(212,4,'Turkmenistan'),(212,5,'Turkmenistan'),(213,1,'Turks and Caicos Islands'),(213,2,'Turks et Caiques, Îles'),(213,3,'Islas Turcas y Caicos'),(213,4,'Turks and Caicos Islands'),(213,5,'Turks and Caicos Islands'),(214,1,'Tuvalu'),(214,2,'Tuvalu'),(214,3,'Tuvalu'),(214,4,'Tuvalu'),(214,5,'Tuvalu'),(215,1,'Uganda'),(215,2,'Ouganda'),(215,3,'Uganda'),(215,4,'Uganda'),(215,5,'Uganda'),(216,1,'Ukraine'),(216,2,'Ukraine'),(216,3,'Ucrania'),(216,4,'Ukraine'),(216,5,'Ukraine'),(217,1,'United Arab Emirates'),(217,2,'Émirats Arabes Unis'),(217,3,'Emiratos Árabes Unidos'),(217,4,'United Arab Emirates'),(217,5,'United Arab Emirates'),(218,1,'Uruguay'),(218,2,'Uruguay'),(218,3,'Uruguay'),(218,4,'Uruguay'),(218,5,'Uruguay'),(219,1,'Uzbekistan'),(219,2,'Ouzbékistan'),(219,3,'Uzbekistán'),(219,4,'Uzbekistan'),(219,5,'Uzbekistan'),(220,1,'Vanuatu'),(220,2,'Vanuatu'),(220,3,'Vanuatu'),(220,4,'Vanuatu'),(220,5,'Vanuatu'),(221,1,'Venezuela'),(221,2,'Venezuela'),(221,3,'Venezuela'),(221,4,'Venezuela'),(221,5,'Venezuela'),(222,1,'Vietnam'),(222,2,'Vietnam'),(222,3,'Vietnam'),(222,4,'Vietnam'),(222,5,'Vietnam'),(223,1,'Virgin Islands (British)'),(223,2,'Îles Vierges Britanniques'),(223,3,'Islas Vírgenes (Británicas)'),(223,4,'Virgin Islands (British)'),(223,5,'Virgin Islands (British)'),(224,1,'Virgin Islands (U.S.)'),(224,2,'Îles Vierges des États-Unis'),(224,3,'Islas Vírgenes (EE.UU.)'),(224,4,'Virgin Islands (U.S.)'),(224,5,'Virgin Islands (U.S.)'),(225,1,'Wallis and Futuna'),(225,2,'Wallis et Futuna'),(225,3,'Wallis y Futuna'),(225,4,'Wallis and Futuna'),(225,5,'Wallis and Futuna'),(226,1,'Western Sahara'),(226,2,'Sahara Occidental'),(226,3,'Sáhara Occidental'),(226,4,'Western Sahara'),(226,5,'Western Sahara'),(227,1,'Yemen'),(227,2,'Yémen'),(227,3,'Yemen'),(227,4,'Yemen'),(227,5,'Yemen'),(228,1,'Zambia'),(228,2,'Zambie'),(228,3,'Zambia'),(228,4,'Zambia'),(228,5,'Zambia'),(229,1,'Zimbabwe'),(229,2,'Zimbabwe'),(229,3,'Zimbabwe'),(229,4,'Zimbabwe'),(229,5,'Zimbabwe'),(230,1,'Albania'),(230,2,'Albanie'),(230,3,'Albania'),(230,4,'Albania'),(230,5,'Albania'),(231,1,'Afghanistan'),(231,2,'Afghanistan'),(231,3,'Afganistán'),(231,4,'Afghanistan'),(231,5,'Afghanistan'),(232,1,'Antarctica'),(232,2,'Antarctique'),(232,3,'Antártida'),(232,4,'Antarctica'),(232,5,'Antarctica'),(233,1,'Bosnia and Herzegovina'),(233,2,'Bosnie-Herzégovine'),(233,3,'Bosnia y Herzegovina'),(233,4,'Bosnia and Herzegovina'),(233,5,'Bosnia and Herzegovina'),(234,1,'Bouvet Island'),(234,2,'Bouvet, Île'),(234,3,'Isla Bouvet'),(234,4,'Bouvet Island'),(234,5,'Bouvet Island'),(235,1,'British Indian Ocean Territory'),(235,2,'Océan Indien, Territoire Britannique de L\''),(235,3,'British Indian Ocean Territory'),(235,4,'British Indian Ocean Territory'),(235,5,'British Indian Ocean Territory'),(236,1,'Bulgaria'),(236,2,'Bulgarie'),(236,3,'Bulgaria'),(236,4,'Bulgaria'),(236,5,'Bulgaria'),(237,1,'Cayman Islands'),(237,2,'Caïmans, Îles'),(237,3,'Caimán, Islas'),(237,4,'Cayman Islands'),(237,5,'Cayman Islands'),(238,1,'Christmas Island'),(238,2,'Christmas, Île'),(238,3,'Navidad, Isla de'),(238,4,'Christmas Island'),(238,5,'Christmas Island'),(239,1,'Cocos (Keeling) Islands'),(239,2,'Cocos (Keeling), Îles'),(239,3,'Cocos (Keeling), Islas'),(239,4,'Cocos (Keeling) Islands'),(239,5,'Cocos (Keeling) Islands'),(240,1,'Cook Islands'),(240,2,'Cook, Îles'),(240,3,'Cook, Islas'),(240,4,'Cook Islands'),(240,5,'Cook Islands'),(241,1,'French Guiana'),(241,2,'Guyane Française'),(241,3,'Francés Guayana'),(241,4,'French Guiana'),(241,5,'French Guiana'),(242,1,'French Polynesia'),(242,2,'Polynésie Française'),(242,3,'Polinesia francés'),(242,4,'French Polynesia'),(242,5,'French Polynesia'),(243,1,'French Southern Territories'),(243,2,'Terres Australes Françaises'),(243,3,'Territorios del sur francés'),(243,4,'French Southern Territories'),(243,5,'French Southern Territories'),(244,1,'Åland Islands'),(244,2,'Åland, Îles'),(244,3,'Islas Åland'),(244,4,'Åland Islands'),(244,5,'Åland Islands');

--
-- Table structure for table `ps_county`
--

CREATE TABLE `ps_county` (
  `id_county` int(11) NOT NULL AUTO_INCREMENT,
  `name` varchar(64) NOT NULL,
  `id_state` int(11) NOT NULL,
  `active` tinyint(1) NOT NULL,
  PRIMARY KEY (`id_county`)
) ENGINE=InnoDB DEFAULT CHARSET=utf8;

--
-- Dumping data for table `ps_county`
--


--
-- Table structure for table `ps_county_zip_code`
--

CREATE TABLE `ps_county_zip_code` (
  `id_county` int(11) NOT NULL,
  `from_zip_code` varchar(12) NOT NULL,
  `to_zip_code` varchar(12) NOT NULL,
  PRIMARY KEY (`id_county`,`from_zip_code`,`to_zip_code`)
) ENGINE=InnoDB DEFAULT CHARSET=utf8;

--
-- Dumping data for table `ps_county_zip_code`
--


--
-- Table structure for table `ps_currency`
--

CREATE TABLE `ps_currency` (
  `id_currency` int(10) unsigned NOT NULL AUTO_INCREMENT,
  `name` varchar(32) NOT NULL,
  `iso_code` varchar(3) NOT NULL DEFAULT '0',
  `iso_code_num` varchar(3) NOT NULL DEFAULT '0',
  `sign` varchar(8) NOT NULL,
  `blank` tinyint(1) unsigned NOT NULL DEFAULT '0',
  `format` tinyint(1) unsigned NOT NULL DEFAULT '0',
  `decimals` tinyint(1) unsigned NOT NULL DEFAULT '1',
  `conversion_rate` decimal(13,6) NOT NULL,
  `deleted` tinyint(1) unsigned NOT NULL DEFAULT '0',
  `active` tinyint(1) unsigned NOT NULL DEFAULT '1',
  PRIMARY KEY (`id_currency`)
) ENGINE=InnoDB AUTO_INCREMENT=4 DEFAULT CHARSET=utf8;

--
-- Dumping data for table `ps_currency`
--

INSERT INTO `ps_currency` VALUES (1,'Euro','EUR','978','€',1,2,1,1.000000,0,1),(2,'Dollar','USD','840','$',0,1,1,1.320000,0,1),(3,'Pound','GBP','826','£',0,1,1,0.800000,0,1);

--
-- Table structure for table `ps_customer`
--

CREATE TABLE `ps_customer` (
  `id_customer` int(10) unsigned NOT NULL AUTO_INCREMENT,
  `id_group_shop` int(11) unsigned NOT NULL DEFAULT '1',
  `id_shop` int(11) unsigned NOT NULL DEFAULT '1',
  `id_gender` int(10) unsigned NOT NULL,
  `id_default_group` int(10) unsigned NOT NULL DEFAULT '1',
  `firstname` varchar(32) NOT NULL,
  `lastname` varchar(32) NOT NULL,
  `email` varchar(128) NOT NULL,
  `passwd` varchar(32) NOT NULL,
  `last_passwd_gen` timestamp NOT NULL DEFAULT CURRENT_TIMESTAMP,
  `birthday` date DEFAULT NULL,
  `newsletter` tinyint(1) unsigned NOT NULL DEFAULT '0',
  `ip_registration_newsletter` varchar(15) DEFAULT NULL,
  `newsletter_date_add` datetime DEFAULT NULL,
  `optin` tinyint(1) unsigned NOT NULL DEFAULT '0',
  `secure_key` varchar(32) NOT NULL DEFAULT '-1',
  `note` text,
  `active` tinyint(1) unsigned NOT NULL DEFAULT '0',
  `is_guest` tinyint(1) NOT NULL DEFAULT '0',
  `deleted` tinyint(1) NOT NULL DEFAULT '0',
  `date_add` datetime NOT NULL,
  `date_upd` datetime NOT NULL,
  PRIMARY KEY (`id_customer`),
  KEY `customer_email` (`email`),
  KEY `customer_login` (`email`,`passwd`),
  KEY `id_customer_passwd` (`id_customer`,`passwd`),
  KEY `id_gender` (`id_gender`),
  KEY `id_group_shop` (`id_group_shop`),
  KEY `id_shop` (`id_shop`)
) ENGINE=InnoDB AUTO_INCREMENT=183 DEFAULT CHARSET=utf8;

--
-- Dumping data for table `ps_customer`
--

INSERT INTO `ps_customer` VALUES (3,1,1,1,1,'Alcali','Soumare','sodjoli@gmail.com','8219baf416c245f4a4b73f296006c159','2012-05-17 23:34:33','1977-05-20',0,NULL,NULL,0,'fc5b344207ca021c909a98a946fcedf6',NULL,1,0,0,'2012-05-17 23:34:33','2012-05-17 23:34:33'),(4,1,1,1,1,'Alain','Dumont','aej-saintremy@orange.fr','681b762f6d4e865896139a6c135231d3','2012-07-05 14:45:58','1981-01-02',1,NULL,NULL,0,'f5218117c25234db7503759f199e760f',NULL,1,0,0,'2012-07-04 09:25:45','2012-07-05 08:54:40'),(5,1,1,1,1,'Pierre Henri','DELOT','delotpi41@hotmail.com','99fba157618805c704dfaff0713e379b','2012-07-12 18:03:38',NULL,1,'78.209.36.40','2012-07-16 23:46:51',0,'e604bbed247729a76ec4c1d06e87c915',NULL,1,0,0,'2012-07-12 18:03:38','2012-07-12 18:03:38'),(6,1,1,1,1,'Stéphane','LETTOLI','info@lamelusine.com','81738d5114119bc2d6e60db58e904261','2012-07-19 08:35:59',NULL,1,'217.128.225.81','2012-07-19 08:35:59',0,'0e43f3282b41c90f4f2cf389be09a0ac',NULL,1,0,0,'2012-07-19 08:35:59','2012-07-20 10:07:24'),(7,1,1,1,1,'georges','boussoffara','georges.boussoffara@orange.fr','f4038128368107bb684198c805407d1a','2012-08-13 02:16:40','1959-10-24',0,NULL,NULL,1,'c31f09f93ccb76bef0b0869f8f8956e1',NULL,1,0,0,'2012-08-13 02:16:40','2012-08-13 02:16:40'),(8,1,1,1,1,'Jerome','Gonzalez','emiliedevevey21@hotmail.fr','99fba157618805c704dfaff0713e379b','2012-08-30 09:55:10',NULL,1,'217.128.225.81','2012-08-30 09:55:10',0,'25debd46077fda74456968dafd475506',NULL,1,0,0,'2012-08-30 09:55:10','2012-08-30 09:55:10'),(9,1,1,1,1,'christophe','serotiuk','serotiuk_christophe@yahoo.fr','d56243a1f63e2834b0a0a5ba888ee229','2015-08-14 23:10:16',NULL,1,NULL,'2012-10-24 16:03:43',0,'fd8aa80460a75e0e926bd5412f1ffa8e',NULL,1,0,0,'2012-09-21 14:21:59','2015-08-15 01:10:16'),(10,1,1,1,1,'SARL','SADRIA','jalal.charni@hotmail.fr','0662e014e8072c8e8b2223ea7da22a59','2012-09-26 15:00:00',NULL,1,'217.128.225.81','2012-09-26 15:00:00',0,'391dc8f17da894a2d3445d2312380963',NULL,1,0,0,'2012-09-26 15:00:00','2012-09-26 15:00:00'),(11,1,1,9,1,'Estimation','Shipping','shipping_estimation@prestashop_virtual.com','8c0025536e463e0768cf46589c51c7d8','2012-09-29 09:39:28',NULL,0,NULL,NULL,0,'4f8afa88d227fcea42960c6d5f5ed52a',NULL,1,0,1,'2012-09-29 09:39:28','2012-09-29 09:39:28'),(12,1,1,9,1,'Estimation','Shipping','shipping_estimation@prestashop_virtual.com','1e9748d1b75973ac4b6297e8fd70bbd5','2012-09-29 09:41:23',NULL,0,NULL,NULL,0,'7da2506306ee3706e2d6bf6cc537631a',NULL,1,0,1,'2012-09-29 09:41:23','2012-09-29 09:41:23'),(13,1,1,1,1,'sebastien','MELINE','veroetsebmeline@aol.com','9e1fd3fc3ef713fbff7d8240c4f9daba','2012-10-01 13:27:51','1972-11-29',1,'77.193.59.163','2012-10-01 13:27:51',0,'b8772d1d10b98da4e7ae40380ec0342a',NULL,1,0,0,'2012-10-01 13:27:51','2012-10-01 13:27:51'),(14,1,1,1,1,'yann','LEROY','yann-le-roy@orange.fr','e23dd7033f973df1d4978889021553fd','2012-10-04 14:41:33',NULL,1,'217.128.225.81','2012-10-04 14:41:33',0,'b6c8e55c3e1c2f8820bd11a624e2a124',NULL,1,0,0,'2012-10-04 14:41:33','2012-10-04 14:41:33'),(15,1,1,1,1,'Gérald','Meynier','Btgs@hotmail.fr','ad04939df8f549bb4131637da1de1ad8','2012-10-04 20:45:34','1976-07-08',1,NULL,NULL,0,'6495938c6f14fe565e5c9de6415df939',NULL,1,0,0,'2012-10-04 20:45:34','2012-10-04 20:45:34'),(16,1,1,1,1,'Cédric','Revol','restaurant-la-recre@orange.fr','7723b8a0a67a9cb8830a80c968f0468a','2012-10-21 09:47:14','1982-07-11',1,NULL,NULL,0,'86e80bcd103dc9a4740e2923b3c1bb7d',NULL,1,0,0,'2012-10-21 09:47:14','2012-10-21 09:47:14'),(17,1,1,1,1,'Fabrice','Dejean','fdejean73@yahoo.fr','cfb24938d5da0677be8fd8b6a98114e2','2012-10-23 15:55:24',NULL,1,'217.128.225.81','2012-10-23 17:55:24',0,'4534e23dc8831b2c173be7dc9074e248',NULL,1,0,0,'2012-10-23 17:55:24','2012-10-23 17:55:24'),(18,1,1,2,1,'leonce','germain','liliselucy@yahoo.fr','4a6a19a87562b587a239926729acfcfe','2012-10-25 09:21:34','1984-03-23',1,NULL,NULL,1,'42c11f1a102c95bf48cc5239b24085c5',NULL,1,0,0,'2012-10-25 15:21:34','2012-10-25 15:21:34'),(19,1,1,1,1,'Anderson','Collignon','colli_ander@yahoo.com','dab81f3f4cde35b2f414673ab094a876','2012-11-04 17:06:34',NULL,1,NULL,NULL,0,'3a621de616dbf729e9bae0fa1b64cb1d',NULL,1,0,0,'2012-11-05 00:06:34','2012-11-05 00:06:34'),(20,1,1,1,1,'didier','monin','laurence-didier@hotmail.fr','5064e3266d306206eca9db3afb8077ed','2012-11-05 08:51:00',NULL,1,'217.128.225.81','2012-11-05 15:51:00',0,'f194bd175558d5b3edfd64adfb2c8627',NULL,1,0,0,'2012-11-05 15:51:00','2012-11-05 15:59:07'),(21,1,1,1,1,'Benjamin','Welsh','ben.we44@gmail.com','c97236c9d50cff9f2ad828db79165244','2012-11-08 04:10:52','1979-01-01',0,NULL,NULL,0,'28b58da0669673699dad8cc3547cd64f',NULL,1,0,0,'2012-11-08 11:10:52','2012-11-08 11:10:52'),(22,1,1,2,1,'ELODIE','DELAUTRE','crousti-pizz@hotmail.fr','9a0b45cec9a7061ba8127bca810c3678','2012-11-17 10:00:53','1983-09-06',1,NULL,NULL,0,'2727a1e1e5cd3f22010aac24d70c2793',NULL,1,0,0,'2012-11-17 17:00:53','2012-11-17 17:00:53'),(23,1,1,1,1,'Frédéric','FAUGE','contact@fauge-patisserie.fr','8db00470c49f249a0dbaed56fdfabe23','2012-11-27 00:58:22','1966-08-01',0,NULL,NULL,1,'56f173f152ef5dcbcd593d1b41a63646',NULL,1,0,0,'2012-11-27 07:58:22','2012-11-27 07:58:22'),(24,1,1,2,1,'Georgine','SILVA','georgine.silva@sfr.fr','e1b846ad631aeb7df4a0cb8e035d4250','2012-11-30 15:19:55','1979-05-05',0,NULL,NULL,0,'20eabb517d0e4fcf38d654b6a09fa374',NULL,1,0,0,'2012-11-30 22:19:55','2012-11-30 22:19:55'),(25,1,1,9,1,'bader','market','hmarket77@gmail.com','a46fdde8f4fe718e9a8323d08bd1a6aa','2012-12-03 09:01:40',NULL,1,'217.128.225.81','2012-12-03 16:01:40',0,'85f3e0074438f28dea416270e87aff7b',NULL,1,0,0,'2012-12-03 16:01:40','2012-12-03 16:01:40'),(26,1,1,1,1,'christian','reviron','reviron.tp@free.fr','739279dfe397edd23f7e8b4a2d930ebd','2012-12-13 01:56:19',NULL,1,'217.128.225.81','2012-12-13 08:56:19',0,'3b6fbbe83a00658bf0a4ae968e5c505c',NULL,1,0,0,'2012-12-13 08:56:19','2012-12-13 08:56:19'),(27,1,1,1,1,'francois','caillaud','claire-charrier@laposte.net','ad251ac2c2d44b5141cdee5ec6b647c7','2013-01-03 09:02:09','1989-01-24',0,NULL,NULL,0,'d21b26e8beaab50dce6802731ee471ec',NULL,1,0,0,'2013-01-03 16:02:09','2013-01-03 16:02:09'),(28,1,1,1,1,'florian','laybros','toutpresdechezvous@hotmail.fr','ffcd91bd3356d12e801b0b523492d4d3','2013-01-08 19:24:07','1993-05-08',0,NULL,NULL,0,'c662b31f70228ca8a7ac12c1872fbb96',NULL,1,0,0,'2013-01-09 02:24:07','2013-01-09 02:24:07'),(29,1,1,1,1,'nicolas','brunot','juliebechet@aol.com','d973df8adcc5fbdcbad26025fc70505c','2013-01-19 11:03:29','1984-11-05',0,NULL,NULL,0,'05b40c6cc176b8a7ed6e51c301294ddf',NULL,1,0,0,'2013-01-10 17:20:50','2013-01-19 12:03:29'),(30,1,1,2,1,'martinon','celine','celinette42210@hotmail.fr','05672dcac337ebfd5ef34c6e9d55db11','2013-01-17 06:29:43','1986-11-20',0,NULL,NULL,0,'1b28c6624ce05e8cad8472161d134be4',NULL,1,0,0,'2013-01-17 13:29:43','2013-01-17 13:29:43'),(31,1,1,1,1,'mehdi','benbarek','mbenbarek@free.fr','4f8edb221949fc6ee9eb81fab229d0b1','2013-01-24 11:55:06','1983-09-24',1,'88.163.151.78','2013-01-24 18:55:06',0,'972a7bb829c6ab408b7d1cfe64097617',NULL,1,0,0,'2013-01-24 18:55:06','2013-01-24 18:55:06'),(32,1,1,1,1,'jean marie','turbelin','turbelj@gmail.com','1bb96662075f5b0d4d537652a4a9ed22','2013-02-04 11:49:19','1949-03-05',1,'92.140.117.29','2013-02-04 18:49:19',0,'118499d208bf54813693f3f970347688',NULL,1,0,0,'2013-02-04 18:49:19','2013-02-04 18:49:19'),(33,1,1,1,1,'lionel','matricon','bergerie83@gmail.com','959b7f2de65a5783400d3ff047b0089e','2013-02-23 11:05:31','1960-09-25',0,NULL,NULL,0,'7fa91e6179a5b2291a9bfd7c5f4cbe9c',NULL,1,0,0,'2013-02-23 18:05:31','2013-02-23 18:05:31'),(34,1,1,1,1,'mikael','robin','robinmikael1@gmail.com','034eef96ded6b6786c3f6bb6e03d9cdd','2013-02-24 10:27:06','1978-01-11',1,'88.140.219.145','2013-02-24 17:27:06',1,'d961ff4dc7a4a33005ac8c8562dd7f6d',NULL,1,0,0,'2013-02-24 17:27:06','2013-02-24 17:27:06'),(35,1,1,1,1,'franck','feugier','franck.feugier@orange.fr','f43f8390d510d447807638c7beb5563d','2013-02-27 04:39:04','1965-10-29',0,NULL,NULL,0,'b6d28d28a6a52563b1d23037be318b10',NULL,1,0,0,'2013-02-27 11:39:04','2013-02-27 11:39:04'),(36,1,1,9,1,'jean claude','bourgogne','boulpat@hotmail.fr','90d04eb38c020e15b0736d46dc54c16d','2013-04-01 06:14:56','1955-05-22',1,'89.2.184.2','2013-04-01 14:14:56',0,'c7a590fcd66dcaed9c1546414c560b87',NULL,1,0,0,'2013-04-01 14:14:56','2013-04-01 14:14:56'),(37,1,1,2,1,'Rima Feriel','EZZIANE','rima_feriel@yahoo.fr','50f82f43f65f60cb36b50736e7074f2b','2013-04-02 15:13:36','1988-12-01',0,NULL,NULL,0,'9798bcbd0ddd1fc4af0849cf9841c647',NULL,1,0,0,'2013-04-02 23:13:36','2013-04-02 23:13:36'),(38,1,1,1,1,'mickael','toche','mickt@hotmail.fr','5767677348b11d69b7e4e8b2dc3af1ce','2013-04-17 07:15:24','1983-06-15',1,'212.195.25.243','2013-04-17 15:15:24',1,'cc3581a363be69c3068d850a48edd8a5',NULL,1,0,0,'2013-04-17 15:15:24','2013-04-17 15:15:24'),(39,1,1,1,1,'emilie','huillery','tchotchho2310@hotmail.fr','aac41aa2c98a8e92f783cc1e1dc6cf7e','2013-04-26 06:55:29','1986-06-19',0,NULL,NULL,0,'90c9b8346ebe028ec06548d89fa1c5ee',NULL,1,0,0,'2013-04-26 14:55:29','2013-04-26 14:55:29'),(40,1,1,1,1,'Régis','Perrot','regis.perrot79@laposte.net','5d2c5f0eaceb0ce0299f2dedf56e6a54','2013-04-28 07:17:51','1979-03-09',0,NULL,NULL,0,'2dafd0a8471297ec7d7b3be419c4be4c',NULL,1,0,0,'2013-04-28 15:17:51','2013-04-28 15:17:51'),(41,1,1,1,1,'richard','hays','richardjennifer.hays@sfr.fr','12985bc2132a8ffec74f8c07a67f4de5','2013-05-01 06:06:33','1984-09-18',0,NULL,NULL,0,'ead7c9261106ed2f96a16c8b91450754',NULL,1,0,0,'2013-05-01 14:06:33','2013-05-01 14:06:33'),(42,1,1,1,1,'sebastien','SEROTIUK','sebastien@saintclairmat.fr','1d381936f40c1a4d8780e6048496bab5','2013-05-07 03:22:56',NULL,0,NULL,NULL,0,'538b8fe9bd227c9fff6d9ae8a17060a3',NULL,1,0,0,'2013-05-07 11:22:56','2013-05-07 11:22:56'),(43,1,1,1,1,'ELIE','MBAKI','elie.mbaki@yahoo.fr','6a78e7291d62ca0213fb4ccf77f2603d','2013-05-07 08:27:24','1965-10-02',1,'41.223.189.66','2013-05-07 16:27:24',1,'c39859d7381f908ff093790cfec26b1d',NULL,1,0,0,'2013-05-07 16:27:24','2013-05-07 16:27:24'),(44,1,1,1,1,'guilain','digard','di.gui@orange.fr','4a6a19a87562b587a239926729acfcfe','2013-05-27 02:03:36','1965-07-09',0,NULL,NULL,0,'d7f8778fb87c653efc8538c0d81c7661',NULL,1,0,0,'2013-05-27 10:03:36','2013-05-27 10:03:36'),(45,1,1,1,1,'mickael','cousin','ratnewby@hotmail.fr','f8277a466b9ebe1037630495d2473cf5','2013-07-23 10:18:09','1983-09-04',0,NULL,NULL,0,'120ecd4f64d92d5a0c90760a0991908c',NULL,1,0,0,'2013-07-23 18:18:09','2013-07-23 18:18:09'),(46,1,1,1,1,'Hervé','Marec','info@lagabare.fr','48fdc88be4685912d2bd2d3fa9dea44b','2013-07-25 14:23:41','1967-08-21',0,NULL,NULL,0,'718ea119299ec21f0370cc805f7154cd',NULL,1,0,0,'2013-07-25 22:23:41','2013-07-25 22:23:41'),(47,1,1,1,1,'mchabet','khaled','mchkhaled@gmail.com','d12b034cd0afdee84780091bcc636767','2013-08-27 16:15:13','1986-09-01',0,NULL,NULL,0,'23c873ea4e27c5950807dd4d612b33e6',NULL,1,0,0,'2013-08-28 00:15:13','2013-08-28 00:15:13'),(48,1,1,1,1,'pascal','Vié','pascal.vie@hotmail.fr','5767677348b11d69b7e4e8b2dc3af1ce','2013-09-18 11:30:30','1970-07-30',0,NULL,NULL,1,'8cbccfeaa9ae487c0f669fd3a8f41ea4',NULL,1,0,0,'2013-09-18 19:30:30','2013-09-18 19:30:30'),(49,1,1,1,1,'stephane ','aldebert','phanfan1@hotmail.fr','bcd93c02480d732ea9a0327f2a1341dd','2013-11-28 19:14:28','1973-08-10',0,NULL,NULL,0,'fbbc2f756c99acd23fc39ac3640c0ced',NULL,1,0,0,'2013-09-26 14:52:31','2013-11-28 20:14:28'),(50,1,1,2,1,'suzy','frechin','suzy.frechin@gmail.com','79f48de5318dee9ee75783ca07bd7c8a','2013-10-02 06:22:04','1987-01-22',0,NULL,NULL,0,'1ea5514f4884692f3d59e54786a72c3c',NULL,1,0,0,'2013-10-02 14:22:04','2013-10-02 14:22:04'),(51,1,1,1,1,'patrick','charbit','patrick308cc@sfr.fr','e6234fdb8d8d5e645e46151afef5dfd6','2013-10-09 22:21:26','1961-05-05',0,NULL,NULL,1,'389cf1d9ce734d21d9dbd18219e58ba6',NULL,1,0,0,'2013-10-10 06:21:26','2013-10-10 06:21:26'),(52,1,1,1,1,'laurent','rousset','cvh-valence@orange.fr','b7824bc77284838b4431a204701bd6ad','2013-11-09 02:24:02','1979-07-04',0,NULL,NULL,0,'eb1c846a502cd10c09513cf30bd2fca8',NULL,1,0,0,'2013-11-09 09:24:02','2013-11-09 09:24:02'),(53,1,1,2,1,'thi ngoc diep','thai','lena032008@yahoo.fr','4fe1d4ae4d107f85822400201bf23019','2013-11-20 14:31:13','1974-06-20',0,NULL,NULL,0,'8773898a2c0e4ae2f890fb6a79190d3d',NULL,1,0,0,'2013-11-20 21:31:13','2013-11-20 21:31:13'),(54,1,1,1,1,'goudin','philippe','fournil18@sfr.fr','49e9e104591794e50a9152151b6a8aab','2013-11-24 05:26:47','1969-07-15',0,NULL,NULL,0,'31c10a54594456a3ee30fd9845ab4082',NULL,1,0,0,'2013-11-24 12:26:47','2013-11-24 12:26:47'),(55,1,1,1,1,'gregory','thivand','greg69400@hotmail.com','4d34f2b9df33b0a8091ddb1c456f1da8','2013-12-09 14:21:18','1983-11-11',0,NULL,NULL,0,'f6b981db0ddb87e8049145416772c9f3',NULL,1,0,0,'2013-12-09 21:21:18','2013-12-09 21:21:18'),(56,1,1,1,1,'bruno','fardeau','larmoireapains@gmail.com','3b298aa050f402d4366790a355dc49af','2014-01-22 02:39:44','1977-03-01',0,NULL,NULL,0,'dc900b9ffc3d0d9b3523ce8049b6a663',NULL,1,0,0,'2014-01-22 09:39:44','2014-01-22 09:39:44'),(57,1,1,2,1,'Audrey','Baccon','audreycommande@hotmail.fr','5c6da9326920d21cd6ed27c7f15bbbcd','2014-02-19 03:49:59','1936-03-03',0,NULL,NULL,0,'eb7d50e580fcf113fa6debd048c0d86c',NULL,1,0,0,'2014-02-19 10:49:59','2014-02-19 10:49:59'),(58,1,1,9,1,'Noel','Azzopardi','noel-azzopardi@orange.fr','6c89d74017749a5e6a3147b127dc0800','2014-03-13 14:54:36','1970-12-16',0,NULL,NULL,0,'055258f77e739367383f084f2b69c183',NULL,1,0,0,'2014-03-13 21:54:36','2014-03-13 21:54:36'),(59,1,1,1,1,'Yves','HUSSENOT','yhussenot@free.fr','a459fd30a409635f0ae525bc548aad83','2014-03-31 12:34:13','1961-11-28',0,NULL,NULL,0,'0adc37c60ab89990322835661215a4c4',NULL,1,0,0,'2014-03-31 20:34:13','2014-03-31 20:34:13'),(60,1,1,1,1,'jean-michel','COUTON','j-m.couton@hotmail.fr','95d342189dbbf9425c2fe63e6783aa81','2014-04-10 03:52:14',NULL,0,NULL,NULL,0,'08d0d47dfb039346fe745b4215d1d55d',NULL,1,0,0,'2014-04-10 11:52:14','2014-04-10 11:52:14'),(61,1,1,2,1,'SOPHIE','IMBER','imbs@gmx.fr','a174c98c15176f94a0f6d2d624c7b649','2014-04-11 00:05:24','1981-10-27',0,NULL,NULL,0,'615065a7b606a34f39b7312343c2d344',NULL,1,0,0,'2014-04-11 08:05:24','2014-04-11 08:05:24'),(62,1,1,1,1,'BRUNO','lalleau','LALLEAU@GMAIL.COM','245fc825c9fbcd45b9adf8c85989bfac','2014-04-30 07:12:56','1958-04-10',0,NULL,NULL,0,'695cf6702f8e4798c60e2c02081948ab',NULL,1,0,0,'2014-04-30 15:12:56','2014-04-30 15:12:56'),(63,1,1,1,1,'Jérôme','lecomte','maison.lecomte@gmx.fr','8c93e68d5b8331fb6b552f4ef06771f0','2014-05-05 19:12:28','1985-07-21',0,NULL,NULL,0,'e2fa9c1f64a8259e9381eef1361dafce',NULL,1,0,0,'2014-05-06 03:12:28','2014-05-06 03:12:28'),(64,1,1,1,1,'raphael','bruyere','raphaelbruyere@orange.fr','2aa8e4039d91d1dab272879d6b6a6d85','2014-05-22 01:09:56','1989-10-10',0,NULL,NULL,0,'9b095abc537aa393b79a2320bc55a31d',NULL,1,0,0,'2014-05-22 09:09:56','2014-05-22 09:09:56'),(65,1,1,1,1,'pierre-jean','degenne','pierre-jean.degenne@orange.fr','e2d90f589d63112d4104d7320191ebc2','2014-05-25 07:45:07',NULL,0,NULL,NULL,0,'d3f108f45518e96a3a08ed4c017b9825',NULL,1,0,0,'2014-05-25 15:45:07','2014-05-25 15:45:07'),(66,1,1,2,1,'Carole','Amélie','annielerois@gmail.com','305bd2cc5129fa1c62295a1e186e350c','2014-06-02 22:27:34','1982-04-03',0,NULL,NULL,0,'9c66b14c0a41d4425e1558d4f2e45616',NULL,1,0,0,'2014-06-03 06:27:34','2014-06-03 06:27:34'),(67,1,1,1,1,'patrick','biscarat','biscaratpa@west-telecom.com','84c89d335998756d8f56b570c8caa311','2014-06-09 09:21:59','1956-01-06',0,NULL,NULL,0,'f3255a63a8799e2600a2220afd2eefb9',NULL,1,0,0,'2014-06-09 17:21:59','2014-06-09 17:21:59'),(68,1,1,1,1,'Thierry','MARTIN','martin.thierry89113@orange.fr','c3edbad7ac6b34abe0cb250410f46a0f','2014-06-27 07:16:40','1967-07-24',0,NULL,NULL,0,'52731e687a423f13ad5b3f77256193de',NULL,1,0,0,'2014-06-27 15:16:40','2014-06-27 15:16:40'),(69,1,1,1,1,'regis','jacques','sarljacquesregis@aol.fr','064652579549c15e011633f76f31ef60','2014-06-28 09:46:05','1974-04-19',0,NULL,NULL,0,'5236af23385bc0603242e1f54310cccf',NULL,1,0,0,'2014-06-28 17:46:05','2014-06-28 17:46:05'),(70,1,1,2,1,'NADINE','BENYETTOU','nadine.traiteur@free.fr','c6713becec1987cdc5121dc60e0d4f70','2014-07-16 14:07:08',NULL,0,NULL,NULL,0,'71dac1233bd7f85a8940b8f8c6643f1a',NULL,1,0,0,'2014-07-16 22:07:08','2014-07-16 22:07:08'),(71,1,1,2,1,'brisson','laetitia','romain.brisson@orange.fr','72579dbe38edcf3e50d073b91bdc401c','2014-07-22 03:35:20','1982-01-24',0,NULL,NULL,0,'de82a2679986c239cec3d4dc9c5d4756',NULL,1,0,0,'2014-07-22 11:35:20','2014-07-22 11:35:20'),(72,1,1,1,1,'STEPHANE','MICHEL','stepmich@hotmail.fr','6d6e2f1a40709f6b64ab4914cf82812e','2014-07-29 21:29:52','1977-02-27',0,NULL,NULL,0,'ecaf78b4a39ab9462ef401da57609353',NULL,1,0,0,'2014-07-30 05:29:52','2014-07-30 05:29:52'),(73,1,1,2,1,'kamonthip','brismail','kamonthip@hotmail.fr','bfaa0e4156f13e8a2c46746daac533b7','2014-07-31 01:50:17','1976-02-11',0,NULL,NULL,0,'9c54d13a2b7f7b1c7ed7e5c537abe117',NULL,1,0,0,'2014-07-31 09:50:17','2014-07-31 09:50:17'),(74,1,1,1,1,'thierry','guinamard','tabacsbureauxde@sfr.fr','1a100abb6791203428789742a8613f98','2014-08-08 08:50:07','1961-12-29',0,NULL,NULL,0,'b20831324411ae23bce79f7e4ddbf27f',NULL,1,0,0,'2014-08-08 16:50:07','2014-08-08 16:50:07'),(75,1,1,1,1,'potin','sylvie','potinsly@outlook.fr','b34e8505e1e3550e1863e5eed0cf6fe3','2014-08-14 06:11:53','1977-02-05',0,NULL,NULL,0,'73a975a7a286db9f6dbff598370dc21f',NULL,1,0,0,'2014-08-14 14:11:53','2014-08-14 14:11:53'),(76,1,1,1,1,'thierry','dabre','deboutclement@outlook.fr','b34e8505e1e3550e1863e5eed0cf6fe3','2014-08-18 08:08:14','1999-03-05',0,NULL,NULL,0,'af76b644056b18664910897e486fb2c4',NULL,1,0,0,'2014-08-18 16:08:14','2014-08-18 16:08:14'),(77,1,1,1,1,'CHRISTOPHE','ARTHUR','saveurs.patio@gmail.com','b684d5a116b9599cbdeae317790fa658','2014-08-19 08:41:34','1973-12-27',0,NULL,NULL,0,'7d53fbe6aa84cfd1a5f1a4ec061a9831',NULL,1,0,0,'2014-08-19 16:41:34','2014-08-19 16:41:34'),(78,1,1,1,1,'cedric','boli','cedricboli@netcourrier.com','b34e8505e1e3550e1863e5eed0cf6fe3','2014-08-20 05:20:57','1974-03-05',0,NULL,NULL,0,'ac0a05256935ce02cf66059ba483b15a',NULL,1,0,0,'2014-08-20 13:20:57','2014-08-20 13:20:57'),(79,1,1,1,1,'pascal','owandji','pasowandjiz@netcourrier.com','28f66d4b7b5c17cead3565cf50cd95b5','2014-08-23 15:10:41','1980-05-06',0,NULL,NULL,0,'30d0ce5341c019fb0076abfe3c8d28a2',NULL,1,0,0,'2014-08-23 23:10:41','2014-08-23 23:10:41'),(80,1,1,9,1,'travor','souley','souley_travor@netcourrier.com','28f66d4b7b5c17cead3565cf50cd95b5','2014-09-03 06:22:38','1989-03-17',0,NULL,NULL,0,'162ea107929e83f2586f06c1668c285e',NULL,1,0,0,'2014-09-03 14:22:38','2014-09-03 14:22:38'),(81,1,1,1,1,'gauze','benahouitte','gauzeben987@outlook.fr','28f66d4b7b5c17cead3565cf50cd95b5','2014-09-04 09:26:25','1988-12-19',0,NULL,NULL,0,'5d970b16c54fce9175bab73bbacbf2f2',NULL,1,0,0,'2014-09-04 17:26:25','2014-09-04 17:26:25'),(82,1,1,1,1,'REGIS','GANDON','sarl.frg@neuf.fr','6fcc99f32d7df8551f65b05d12970527','2014-09-08 12:26:58','1966-06-20',0,NULL,NULL,0,'a9b6b5e5fc2f2990ee4680f050264b83',NULL,1,0,0,'2014-09-08 20:26:58','2014-09-08 20:26:58'),(83,1,1,9,1,'Réda','bahnini','bahnini.reda@gmail.com','72aafc3e3c0895338e1834f57586d91b','2014-09-23 03:22:53','1986-10-15',0,NULL,NULL,0,'5bba20e5f8fee3113d3f9641bc15b5b3',NULL,1,0,0,'2014-09-23 11:22:53','2014-09-23 11:22:53'),(84,1,1,1,1,'romain','laville','chisagues@hotmail.com','0f980a60599737923ae4be7980488a77','2014-09-25 08:33:29','1984-02-06',0,NULL,NULL,0,'3853061b1bad7d4f4319d5cb51eac391',NULL,1,0,0,'2014-09-25 16:33:29','2014-09-25 16:33:29'),(85,1,1,2,1,'Lydia','Chaubon','lydiabon@gmail.com','2f4a466e279477857e4e48cf31bbfe30','2014-09-28 13:14:27',NULL,0,NULL,NULL,0,'f61c4c1f8e38c6cae7d2c2398bcbba23',NULL,1,0,0,'2014-09-28 21:14:27','2014-09-28 21:14:27'),(86,1,1,2,1,'Laurence','Balestrieri','Laurence3001@free.fr','de19a218ae326d1948069c984ccb1e8e','2014-10-08 12:05:40','1969-01-30',0,NULL,NULL,0,'bb13b55508649a27d552660a7ab98ee0',NULL,1,0,0,'2014-10-08 20:05:40','2014-10-08 20:05:40'),(87,1,1,2,1,'carine','Lenglume','cbonnet-piron@wanadoo.fr','bdcb4671728b6ffd5b095ad39a08a727','2014-11-12 02:02:30','1973-11-27',0,NULL,NULL,0,'649aa3184999c3d33e96779ea278a4de',NULL,1,0,0,'2014-11-12 09:02:30','2014-11-12 09:02:30'),(88,1,1,1,1,'baptiste','ferrari','bferrari44@hotmail.fr','33ab985e7106b95e14416192d8fd11ed','2014-11-30 13:29:19','1982-09-29',0,NULL,NULL,0,'780fbb0e6b1f25ce89496b420b4183d6',NULL,1,0,0,'2014-11-30 20:29:19','2014-11-30 20:29:19'),(89,1,1,1,1,'Jean claude','savin','jc.savin@orange.fr','90d53918678f5d0be90661478c965636','2014-12-09 09:29:10','1942-03-10',0,NULL,NULL,0,'db5419af81b77d6eca06f535f543a65d',NULL,1,0,0,'2014-12-05 16:58:47','2014-12-09 10:29:10'),(90,1,1,1,1,'MICHEL','REA','rea.michel4@gmail.com','2455622cb055592e5b8df592a97333dc','2014-12-06 04:10:52','1954-10-29',0,NULL,NULL,0,'f80b0ebbd1b5eb00bacb68951be889f6',NULL,1,0,0,'2014-12-06 11:10:52','2014-12-06 11:10:52'),(91,1,1,1,1,'Emmanuel','Randu','Genaskarting@orange.fr','3dce605838e6ce52eb0abf64c2c5448c','2014-12-17 06:19:36',NULL,0,NULL,NULL,0,'8977192a5af401e7b6bc46262b6e03d3',NULL,1,0,0,'2014-12-17 13:19:36','2014-12-17 13:19:36'),(92,1,1,1,1,'laurent','Querol','Lquerol@cisco.com','51514ff66204f26610c9572200673b81','2014-12-18 01:35:15','1958-08-24',0,NULL,NULL,0,'2b5f85bf066fe596d9ae06a1e4d8f4a4',NULL,1,0,0,'2014-12-18 08:35:15','2014-12-18 08:35:15'),(93,1,1,1,1,'Philippe','ALADEL','philippe.aladel@yahoo.fr','c5e246e38cb667d6d3e31a7cdf521170','2014-12-21 04:28:40','1970-04-15',0,NULL,NULL,0,'5ec085488d6391a09a5e785d6bc9b473',NULL,1,0,0,'2014-12-21 11:28:40','2014-12-21 11:28:40'),(94,1,1,1,1,'Francois','Romiée','f-r@sfr.fr','bda754aa148f1b258e96784c2d3948c7','2014-12-21 13:11:52','1966-04-29',0,NULL,NULL,0,'1c389bedf2dd71f74b0271fc8fbfc263',NULL,1,0,0,'2014-12-21 20:11:52','2014-12-21 20:11:52'),(95,1,1,1,1,'Raphael','CACIOPPOLA','lescacio@gmail.com','920adeedd4b1b8c801b98fcaaa28e047','2014-12-27 01:55:31','1948-12-28',0,NULL,NULL,0,'6e8f3b3864d8938696eadf87e851aaaa',NULL,1,0,0,'2014-12-27 08:55:31','2014-12-27 08:55:31'),(96,1,1,9,1,'MARTIN','JULES','martin.inc77@gmail.com','dab81f3f4cde35b2f414673ab094a876','2015-01-23 15:07:41',NULL,0,NULL,NULL,0,'4f4de6b03c831de88964cffce7db86e1',NULL,1,0,0,'2015-01-23 22:07:41','2015-01-23 22:07:41'),(97,1,1,1,1,'Thierry','COSTE','thierry.coste66@sfr.fr','ee48ae696325d4c647d39a38c944173f','2015-02-08 14:04:04','1961-05-27',0,NULL,NULL,0,'881dc90c5d8a11ce243a88d1746f8b9e',NULL,1,0,0,'2015-02-08 21:04:04','2015-02-08 21:04:04'),(98,1,1,2,1,'Nicole ','BRESSAN ','ai2000@orange.fr','16b281d34478989ab7bd9acd8a62b016','2015-02-10 02:14:47','1951-02-23',0,NULL,NULL,0,'f133fc5505066ab3bf3533b4a7d913df',NULL,1,0,0,'2015-02-10 09:14:47','2015-02-10 09:14:47'),(99,1,1,1,1,'gerard','lhermite','gl17110@live.fr','ca8c0271eb62406def481d9ef0848793','2015-02-22 10:43:58','1969-04-14',0,NULL,NULL,0,'6885efd57f8d3d50b0122a629a57d1bf',NULL,1,0,0,'2015-02-22 17:43:58','2015-02-22 17:43:58'),(100,1,1,1,1,'Lahsen','AMENNOU','lahsen.amennou@bbox.fr','6f3f99fa521900ea8513a3ea9d888311','2015-03-04 05:08:24','1973-02-18',0,NULL,NULL,0,'83122be87d0a575c8692074a39630376',NULL,1,0,0,'2015-03-04 12:08:24','2015-03-04 12:08:24'),(101,1,1,1,1,'jerome','bonnet','j.bonnet50@laposte.net','8000f6c1ae6d04461f7606eeddd566ec','2015-03-05 10:19:59','1972-06-13',0,NULL,NULL,0,'b1155f4a77dc27a84566c1cc79ff94b3',NULL,1,0,0,'2015-03-05 17:19:59','2015-03-05 17:19:59'),(102,1,1,1,1,'Régner','Ludovic','dauphin_132003@yahoo.fr','b858bcd7db49ebd02bca53957b01efff','2015-03-12 13:30:47','1983-10-20',0,NULL,NULL,0,'6a2768396ea072e31ce4dc6f20b5b56f',NULL,1,0,0,'2015-03-12 20:30:47','2015-03-12 20:30:47'),(103,1,1,1,1,'Mikael','grelier','mickaël44grelier@gmail.com','1c76b2a7b8bac47243f1ac9c4feb4801','2015-03-26 00:43:14','1984-06-12',0,NULL,NULL,0,'de7c3996a0a499d00d3be0226791c272',NULL,1,0,0,'2015-03-26 07:43:14','2015-03-27 00:55:52'),(104,1,1,1,1,'MOUSTAPHA','MOUMARISS','AMANDELICEMOROCCO@GMAIL.COM','08dd9efa13dc69ce4acb039bdf4cbe8d','2015-03-28 02:23:43',NULL,0,NULL,NULL,0,'628fefe2ce3a71aa324e9ffbc6d0b080',NULL,1,0,0,'2015-03-28 09:23:43','2015-03-28 09:23:43'),(105,1,1,2,1,'sophie','MANNHART','mamanconseil7@gmail.com','2e61e47f62ae5c42bd57fe451ff380a4','2015-04-19 08:32:07','1970-04-12',0,NULL,NULL,0,'2db13fad68c153ffba38ee84119cb214',NULL,1,0,0,'2015-04-19 16:32:07','2015-04-19 16:32:07'),(106,1,1,1,1,'ismael','barry','ictec.france@yahoo.fr','26b9688da014cd7aa10b8e21bb4edd51','2015-05-10 11:22:46','1974-04-15',0,NULL,NULL,0,'a30afa34d2927103a189f1475319c7de',NULL,1,0,0,'2015-05-10 19:22:46','2015-05-10 19:22:46'),(107,1,1,1,1,'Thomas','Charrin','thomas.charrin@hotmail.fr','69fb9fd97b75e6d6595c324debc2abc2','2015-05-11 06:28:37','1991-01-01',0,NULL,NULL,0,'8a0a716104fb8f5a9808afe2660163e3',NULL,1,0,0,'2015-05-11 14:28:37','2015-05-11 14:28:37'),(108,1,1,1,1,'eric','Babin','eric.b12@orange.fr','66d66e9c286ac52e8e121dae1390e879','2015-06-04 05:26:36','1974-09-11',0,NULL,NULL,0,'e7ad4b7027df84e7d3024748292e521a',NULL,1,0,0,'2015-06-04 13:26:36','2015-06-04 13:26:36'),(109,1,1,1,1,'S.A.R.L M.A.M.E','MOGNIAT','elodie.micheau@orange.fr','d6948099d80a8bf8f33ed8a36fea7860','2015-06-18 00:28:58',NULL,0,NULL,NULL,0,'888a9a762689862d6ce097f03d641f02',NULL,1,0,0,'2015-06-18 08:28:58','2015-06-18 08:28:58'),(110,1,1,9,1,'frederic','torres','khadra_nene@yahoo.fr','70f02d62be7079b1abaa2de20c790271','2015-06-28 08:30:05','1986-01-03',0,NULL,NULL,0,'047c0987b9f12ae415797f862f9c7223',NULL,1,0,0,'2015-06-28 16:30:05','2015-06-28 16:30:05'),(111,1,1,1,1,'Emmanuel ','Mesnil','boucheriemanu@hotmail.fr','f82b2e6f6ba7d5921f78ff798b248669','2015-07-07 01:40:03','1970-06-27',0,NULL,NULL,0,'7b71625a3fd4cf34c58a6ff2c296abeb',NULL,1,0,0,'2015-07-07 09:40:03','2015-07-07 09:40:03'),(112,1,1,2,1,'Karine','Nogier','locavaisl@gmail.com','e3db1eea8d577c36c5702e3ab24e203d','2015-07-13 04:33:06','1975-01-21',0,NULL,NULL,0,'0e2c455a4d0858c0207572824c820f74',NULL,1,0,0,'2015-07-13 12:33:06','2015-07-13 12:33:06'),(113,1,1,1,1,'christophe','Aromatario','lij.biocoop@gmail.com','4c004ee8f132734f8d308bde93870f47','2015-07-31 02:08:16','1971-04-21',0,NULL,NULL,0,'602b2700cd30af7f9b976db1ab70f9b9',NULL,1,0,0,'2015-07-31 10:08:16','2015-07-31 10:08:16'),(114,1,1,1,1,'christophe','carletto','christophe.carletto908@orange.fr','83528a19acbaea476456e07824f4523a','2015-08-07 02:45:05','1968-10-08',0,NULL,NULL,0,'95e90e2157adf6636667d04213442ee7',NULL,1,0,0,'2015-08-07 10:45:05','2015-08-07 10:45:05'),(115,1,1,1,1,'raoul','drap','maisondrap@gmail.com','86e09c6a4be080a042dac91276d8cb42','2015-08-18 07:55:35','1985-05-14',0,NULL,NULL,0,'058009a1479be9e12a749c7d31509000',NULL,1,0,0,'2015-08-18 15:55:35','2015-08-18 15:55:35'),(116,1,1,1,1,'Yves','HUSSENOT','eco-pain@orange.fr','296f116134b09f66747daec5456373af','2015-09-08 01:01:37','1961-11-28',0,NULL,NULL,0,'77daa5c9de2d639bf7b9efa9786171bd',NULL,1,0,0,'2015-09-08 09:01:37','2015-09-08 09:01:37'),(117,1,1,2,1,'valerie','DURAND','nadia.durand33@gmail.com','9b9b76318f5e9a4d067fc911587ba6e3','2015-09-26 11:38:39','1968-03-18',0,NULL,NULL,0,'45eaf5ca10eba63a2ae0dafefb40a351',NULL,1,0,0,'2015-09-26 19:38:39','2015-09-26 19:38:39'),(118,1,1,9,1,'Jérôme ','Condot ','djemalou47@yahoo.fr','9b1b93227233edb7a936dc7298005260','2015-10-05 11:44:54','1980-04-24',0,NULL,NULL,0,'4aaaf7e887f803cdee6efc7529b8ddf8',NULL,1,0,0,'2015-10-05 19:44:54','2015-10-05 19:44:54'),(119,1,1,1,1,'GHISLAIN','TRUC','ghislaintruc@gmail.com','d1c91407127547456da4776f5f5a79a6','2015-10-20 12:36:31','1974-04-03',0,NULL,NULL,0,'aeaf928ce27f24b230b3b8e6f4aa6077',NULL,1,0,0,'2015-10-20 20:36:31','2015-10-20 20:36:31'),(120,1,1,1,1,'baptiste','rosset','rossetbaptiste@orange.fr','2762210b428a7721b008a2fa9de62e43','2015-11-23 13:58:00','1980-02-28',0,NULL,NULL,0,'93254f5f9d988ec5e7174dacabc2ebb5',NULL,1,0,0,'2015-11-23 20:58:00','2015-11-23 20:58:00'),(121,1,1,1,1,'Frederic','BONNEL','lefournildespyrenees@outlook.fr','11d4505ed80e8313cd2049a6445761d7','2015-11-26 10:26:52','1981-08-02',0,NULL,NULL,0,'132e7a0b4a2199e5ca8775f121d0e488',NULL,1,0,0,'2015-11-26 17:26:52','2015-11-26 17:26:52'),(122,1,1,1,1,'sebastien','olard','sebastien.olard@wanadoo.fr','a091bf39f414a6423cd0369bee222822','2015-12-02 04:16:17','1968-12-14',0,NULL,NULL,0,'af6f8b7b8d1027ea05c749f4b7ed5b43',NULL,1,0,0,'2015-12-02 11:16:17','2015-12-02 11:16:17'),(123,1,1,1,1,'adil','Ridaoui','adil.ridaoui76@gmail.com','2fb944400bdf687174d21903fe73504f','2015-12-14 15:33:10','1976-09-17',0,NULL,NULL,0,'9582ee1619f3ee92c2742dc02f330c48',NULL,1,0,0,'2015-12-14 22:33:10','2015-12-14 22:33:10'),(124,1,1,9,1,'logan','lafond','lafond.logan@gmail.com','65811ceb54946ddcea56e60e9a2ceb17','2015-12-16 05:27:59',NULL,0,NULL,NULL,0,'86b6cbba4facdd8391cae0bc41464417',NULL,1,0,0,'2015-12-16 12:27:59','2015-12-16 12:27:59'),(125,1,1,9,1,'TOIHIR','DJOUMA','djoumatoihir@outlook.fr','1f54dde6b062c119fa627d66b17cebf5','2016-01-26 00:49:32','1980-12-31',0,NULL,NULL,0,'244b5591505704ad706faf996a6cb2b6',NULL,1,0,0,'2016-01-26 07:49:32','2016-01-26 07:49:32'),(126,1,1,1,1,'vieville','romain','contact@restaurant-paro.fr','2c28993d5cefabfd2aa1813367d962e8','2016-02-11 08:49:43','1988-03-29',0,NULL,NULL,0,'6b5d8185ac019661c801d5696b04cef3',NULL,1,0,0,'2016-02-11 15:49:43','2016-02-11 15:49:43'),(127,1,1,1,1,'Michael','Lecanu','climisse@yahoo.fr','605d71fa7bbf2c0e80309ecdee5351a9','2016-02-29 12:04:49','1968-07-14',0,NULL,NULL,0,'cfe18cfb903cc25126a14a9805d21928',NULL,1,0,0,'2016-02-29 19:04:49','2016-02-29 19:04:49'),(128,1,1,1,1,'Anthony','Curatola','cooknroll@sfr.fr','6b30f7ce21aee27d0265293b0f3fbde8','2016-03-15 08:26:38','1986-04-21',0,NULL,NULL,0,'a467c1872df2197275e5b09874c0c3ae',NULL,1,0,0,'2016-03-15 15:26:38','2016-03-15 15:26:38'),(129,1,1,1,1,'Sébastien ','Labatud','poissonnerie.labatud@orange.fr','3c28d5370e5a72d66f2076e957110dd8','2016-03-21 02:01:31','1975-09-03',0,NULL,NULL,0,'99816fc3f2251aa7199a13119a63fcb1',NULL,1,0,0,'2016-03-21 09:01:31','2016-03-21 09:01:31'),(130,1,1,1,1,'FINET','FREDERIC','lesfiletsbleus@live.fr','9a5a12ca619e178e59fc5d6de5dbec01','2016-03-26 05:03:52',NULL,0,NULL,NULL,0,'3032edb4c57062362cbb12ac38c73449',NULL,1,0,0,'2016-03-26 12:03:52','2016-03-26 12:03:52'),(131,1,1,1,1,'fouad','Bentourqi','fdbent@live.fr','6a947ef93d43da93bf2666cfbbb115a4','2016-05-01 03:19:58','1974-01-17',0,NULL,NULL,0,'6a98ec2694b0b940f260b173244a6fae',NULL,1,0,0,'2016-05-01 11:19:58','2016-05-01 11:19:58'),(132,1,1,1,1,'jordan','barlaud','jo-jo42@hotmail.fr','92182433dad8ef28449a57f4a24eae9c','2016-05-02 05:40:55','1989-11-22',0,NULL,NULL,0,'04108bc1a5a4f0cb5bc3a22ffb06b895',NULL,1,0,0,'2016-05-02 13:40:55','2016-05-02 13:40:55'),(133,1,1,1,1,'jean claude ','smadja','jcsmac2910@gmail.com','191cfd6eb7765c1e6d12f857786a59d9','2016-05-14 22:40:44','1960-01-04',0,NULL,NULL,0,'04a17be547301b6586bfb3190d24fe54',NULL,1,0,0,'2016-05-15 06:40:44','2016-05-15 06:40:44'),(134,1,1,1,1,'Stephane ','Vitry d\'aubigny','stephane.vitry-daubigny@wanadoo.fr','54c92806b0ffdcf2c5ad9764a7070746','2016-05-21 06:25:51','1973-01-06',0,NULL,NULL,0,'7925a9c7724a9c8e47f1afe95abf3300',NULL,1,0,0,'2016-05-21 14:25:51','2016-05-21 14:25:51'),(135,1,1,2,1,'wack','marie-bernadette','m-bernadette.wack@orange.fr','ce8382ecf7386305196bf4262e1a5f9e','2016-05-25 08:16:27','1958-04-09',0,NULL,NULL,0,'db367f07310061437c2897a26d0818f8',NULL,1,0,0,'2016-05-25 16:16:27','2016-05-25 16:16:27'),(136,1,1,1,1,'Jonathan','HENNUYER','jonathan.hennuyer@hotmail.fr','f2f895159b7be7c86d3482132b1cc945','2016-06-12 04:07:29','1986-02-11',0,NULL,NULL,0,'f9b5ddf2069055e18e02ff9c412e6d79',NULL,1,0,0,'2016-06-12 12:07:29','2016-06-12 12:07:29'),(137,1,1,1,1,'Vincent ','Degueldre','vincent.degueldre@atf59.fr','5cf7a6ce5f9fe014cbe25541fdaca4c5','2016-06-23 05:56:40','1966-09-12',0,NULL,NULL,0,'3ad59cedc6e14303614b72bb61725f5d',NULL,1,0,0,'2016-06-23 13:56:40','2016-06-23 13:56:40'),(138,1,1,2,1,'christel','POLLET','contact@webcom-designer.fr','69b9f772429ffd0843a0812413b8d278','2016-06-23 13:18:58','1974-12-19',0,NULL,NULL,0,'0b0f1e331a515a564d1cf99821e6129c',NULL,1,0,0,'2016-06-23 21:18:58','2016-06-23 21:18:58'),(139,1,1,2,1,'Marie-Laure','BRUN','malorins@hotmail.fr','8a8f58b37f74f3124cb6790eb5c5ef4d','2016-06-26 07:58:10',NULL,0,NULL,NULL,0,'4f8ac24da6ba43c8fc3fba1e72d3fb19',NULL,1,0,0,'2016-06-26 15:58:10','2016-06-26 15:58:10'),(140,1,1,9,1,'Chantal','Hardy','chantalgobert@hotmail.com','b11f9e48e3bd715c83d574600e09b0d1','2016-06-30 12:19:23','1961-12-24',0,NULL,NULL,0,'bf3b5e28e6dbcd0daf1781c90aa2d5b4',NULL,1,0,0,'2016-06-30 20:19:23','2016-06-30 20:19:23'),(141,1,1,1,1,'RINZO','COUPIER','couren72@hotmail.fr','3696983fac866df2626f44980fbc5367','2016-07-20 04:23:53','1972-05-20',0,NULL,NULL,0,'b46a1b737724909148f2c3f5f859b07e',NULL,1,0,0,'2016-07-20 12:23:53','2016-07-20 12:23:53'),(142,1,1,1,1,'françois','gonet','scoplafalue@orange.fr','795a546454236c7049d0cc79d1006df5','2016-08-19 11:01:37','1979-05-21',0,NULL,NULL,0,'6777452187b33ad6d81351e21350fbef',NULL,1,0,0,'2016-08-19 19:01:37','2016-08-19 19:01:37'),(143,1,1,2,1,'MARIE','PEREZ','claudia.p67@hotmaiul.fr','790fdd47fe9128a408c4bf1420b779dc','2016-09-07 14:13:55','1967-10-22',0,NULL,NULL,0,'d247ebc58bd3b8bae82fcaea70a343fe',NULL,1,0,0,'2016-09-07 22:13:55','2016-09-07 22:13:55'),(144,1,1,1,1,'fabrice','muzet','fabricemuzet@free.fr','19a81886dc0f0ba09ff8a2c85df18c92','2016-09-14 09:27:57',NULL,0,NULL,NULL,0,'9c2cce5bca08b78b8e136786a381588a',NULL,1,0,0,'2016-09-14 17:27:57','2016-09-14 17:27:57'),(145,1,1,2,1,'laurence','frouin','laurence.frouin@sfr.fr','a3287f29ffd62331ec972466670c3b6e','2016-10-01 10:27:30','1976-04-30',0,NULL,NULL,0,'8b0c201dd7e24774c880b93ada2ae1a6',NULL,1,0,0,'2016-10-01 18:27:30','2016-10-01 18:27:30'),(146,1,1,1,1,'Nicolas','Silvestre','Nico.sil1@yahoo.fr','da7131f0fe02743dc45aa33d4574b3bf','2016-10-15 08:09:56','1981-04-01',0,NULL,NULL,0,'9fa3c0e1e0053303ac6b45ee60569491',NULL,1,0,0,'2016-10-15 16:09:56','2016-10-15 16:09:56'),(147,1,1,1,1,'josé','HERBERT','herbert.jose10200@outlook.fr','0b2551d89f802ac31d5ceba8494547e3','2016-10-19 10:19:30','1959-06-23',0,NULL,NULL,0,'cfa1ce0dc3e31d23cc1d1052482b0c18',NULL,1,0,0,'2016-10-19 18:19:30','2016-10-19 18:19:30'),(148,1,1,1,1,'Jerome','Moog','Jerome_moog@hotmail.com','740470b9c943902b7325c049a34b14fc','2016-11-19 09:07:52','1986-04-30',0,NULL,NULL,0,'20bd1ef4369e60b7bb1f2c616ba388a9',NULL,1,0,0,'2016-11-19 16:07:52','2016-11-19 16:07:52'),(149,1,1,1,1,'martin','BIOSSET','mart.biosset@orange.fr','1688911c9ad9322b57379a2892e0a5f9','2016-11-19 11:23:41','1985-10-28',0,NULL,NULL,0,'37efe1d0d6d8aee4785fe9caf0edfb74',NULL,1,0,0,'2016-11-19 18:23:41','2016-11-19 18:23:41'),(150,1,1,9,1,'bruno','aubray','aubraybruno@gmail.com','f0090e2d502ecee92f5bcb0496177270','2016-12-13 06:56:30','1969-02-02',0,NULL,NULL,0,'4fa68e0ee35ca7b1cb9d543c49c9b539',NULL,1,0,0,'2016-12-13 13:56:30','2016-12-13 13:56:30'),(151,1,1,1,1,'Cyrille','Cazals','cazalsg@gmail.com','15b0107c8ad71607a032cdfeaac1a6d7','2016-12-26 05:07:21','1975-05-11',0,NULL,NULL,0,'3f4fe87f520944f610480ea8922ff68b',NULL,1,0,0,'2016-12-26 12:07:21','2016-12-26 13:46:17'),(152,1,1,9,1,'Lucie','Besson','cubizolleslucie@hotmail.fr','b8758f6f8b09903979b7bcbc649a8ef8','2016-12-28 03:45:21','1991-06-25',0,NULL,NULL,0,'bacd409ff8b94935e5611a4a04f41ed0',NULL,1,0,0,'2016-12-28 10:45:21','2016-12-28 10:45:21'),(153,1,1,9,1,'THIERRY ','BURBAN','indice1977@yahoo.com','442ef9ff223fe5e8e80696f60614b784','2017-01-26 11:05:24',NULL,0,NULL,NULL,0,'8bfc2ecb5aa0c94514a74dca4105f3ff',NULL,1,0,0,'2017-01-26 18:05:24','2017-01-26 18:05:24'),(154,1,1,2,1,'céline','Mermet','celine.mermet@hotmail.fr','c5e8beef92d5910f17f09d212917ea68','2017-03-22 01:20:44',NULL,0,NULL,NULL,0,'4a0b9252892f4cfbf440b30f0cdd26b2',NULL,1,0,0,'2017-03-22 08:20:44','2017-03-22 08:20:44'),(155,1,1,2,1,'Maryline','FLORENTINY','maryl_flo@live.fr','59887f2afb1018af23d7833be58aa15c','2017-03-29 12:35:57','1965-10-29',0,NULL,NULL,0,'82999c6ff93f4abfe04b36bdf353f992',NULL,1,0,0,'2017-03-29 20:35:57','2017-03-29 20:35:57'),(156,1,1,1,1,'JEAN JACQUES','NGUYEN','jackie91330@hotmail.fr','7a91d8af7c64fe40ff1e0b3c8af763ba','2017-03-29 15:20:01','1988-02-06',0,NULL,NULL,0,'dbb1c4e4d3ac5a15e7a640e26021d73b',NULL,1,0,0,'2017-03-29 23:20:01','2017-03-29 23:20:01'),(157,1,1,1,1,'bernard','mayeur','bernard.mayeur@actemotel.com','3710f26bba8e26e46883968c612ebcdc','2017-04-19 04:02:42','1968-10-25',0,NULL,NULL,0,'f68c179d4ac362a160b285d8af5ce9cb',NULL,1,0,0,'2017-04-19 12:02:42','2017-04-19 12:02:42'),(158,1,1,1,1,'Michael ','Jacquet','michaeljacquet.54@hotmail.fr','24f57fd5acc966a48f301e81eabb1096','2017-04-26 14:14:02','1976-01-04',0,NULL,NULL,0,'f6a8c1450d99179e34ae5b4b87f8abf0',NULL,1,0,0,'2017-04-26 22:14:02','2017-04-26 22:14:02'),(159,1,1,1,1,'Florent','Nataf','cometeshop@gmail.com','89b07b8e08be45966cfb79b6d6bb3594','2017-05-30 00:53:50','1980-07-31',0,NULL,NULL,0,'9bb71187e321ec3c4310b469b0f3ce93',NULL,1,0,0,'2017-05-30 08:53:50','2017-05-30 08:53:50'),(160,1,1,2,1,'Marion','Deprez','mariondeprez8@gmail.com','b20d84fb9a8e69472836496f5e76649f','2017-05-30 06:52:29','1987-12-24',0,NULL,NULL,0,'ebbbb92f5e1d089330de814990c0e6d2',NULL,1,0,0,'2017-05-30 14:52:29','2017-05-30 14:52:29'),(161,1,1,1,1,'François','DUPONT','boulangerie@lestroiscoeurs.bio','68dda19044830fc4e190a6025ba33687','2017-06-13 14:52:07','1962-11-24',0,NULL,NULL,0,'1eb7600d0089ee5db9086c180c2ba853',NULL,1,0,0,'2017-06-13 22:52:07','2017-06-13 22:52:07'),(162,1,1,1,1,'CHRISTIAN','KAROLY','ck-ck@numericable.fr','1e5afa85f4ce9c7075978cf2f9d6bad5','2017-06-18 14:01:42','1959-04-12',0,NULL,NULL,0,'96f60e2f6fcaecfaab78cc86ec1cd009',NULL,1,0,0,'2017-06-18 22:01:42','2017-06-18 22:01:42'),(163,1,1,1,1,'Khaled ','Ben othman','Khaled0144@hotmail.fr','e5bebe7876cba27127e24e60ff41e9c5','2017-07-11 13:30:53','1986-09-08',0,NULL,NULL,0,'54789908a3b2c524abb5569871373742',NULL,1,0,0,'2017-07-11 21:30:53','2017-07-11 21:30:53'),(164,1,1,1,1,'hedi','fitouri','hedifitouri@hotmail.fr','d901a73797fa183e1c3010e39ebc3f2d','2017-07-14 16:33:04','1979-03-13',0,NULL,NULL,0,'f1b801cd5f07bf0964f431ed95cc9013',NULL,1,0,0,'2017-07-15 00:33:04','2017-07-15 00:33:04'),(165,1,1,1,1,'grangier','theirry','sandrine1921@wanadoo.fr','7fed592d308df7e5ed1feade96de70c3','2017-07-18 14:53:51','1970-08-19',0,NULL,NULL,0,'801a6b35a00a26ccfdd64d52e845aafc',NULL,1,0,0,'2017-07-18 22:53:51','2017-07-18 22:53:51'),(166,1,1,2,1,'Célia','Calvisio','alpain@free.fr','451b32c3ab8e041fd20d56b5ed454cd9','2017-07-20 03:32:46','1986-11-27',0,NULL,NULL,0,'17189dc14d4c7dabd5118baa0faa697e',NULL,1,0,0,'2017-07-20 11:32:46','2017-07-20 11:32:46'),(167,1,1,1,1,'Laurent','Borie','laumaclar@gmail.com','382658c31bfc7e6a1a1b9516a8be8f28','2017-07-22 14:44:58',NULL,0,NULL,NULL,0,'1e025f97c5cbade8354ed9d8c2d28cee',NULL,1,0,0,'2017-07-22 22:44:58','2017-07-22 22:44:58'),(168,1,1,1,1,'Thierry','PICARD','thierrypicpub@gmail.com','1d8e0830c79be4819c972137a874c4ae','2017-07-28 11:49:51','1972-07-19',0,NULL,NULL,0,'515100fee73dcb96ca0cbed9e4711808',NULL,1,0,0,'2017-07-28 19:49:51','2017-07-28 19:49:51'),(169,1,1,1,1,'Weam','Dakwar','ed@dacouar.com','8eba917e4ea2c9de2788df3665172938','2017-08-19 03:07:17','1987-06-26',0,NULL,NULL,0,'4d3e9b76be1d12dcaf2339d01fbdbabd',NULL,1,0,0,'2017-08-19 11:07:17','2017-08-19 11:07:17'),(170,1,1,1,1,'fabien','fournier','fabienfournier@live.fr','2b49eaa9388b56d028a3f941f4aae74d','2017-08-30 08:22:14','1982-04-21',0,NULL,NULL,0,'51b92636156423271f07ae3c632ed8f8',NULL,1,0,0,'2017-08-30 16:22:14','2017-08-30 16:22:14'),(171,1,1,1,1,'lartigue','benoit','lepigerois@gmail.com','a2efa5c05a50019ea30b75afb8c8f77c','2017-09-04 12:08:43','1985-08-30',0,NULL,NULL,0,'9151b5838b6887a514e7450fe96a7f2c',NULL,1,0,0,'2017-09-04 20:08:43','2017-09-04 20:08:43'),(172,1,1,1,1,'lionel','Falconnet','falconnet.lionel@orange.fr','bb6efbc5d41e592d2eee6914ce64f480','2017-09-06 11:42:01','1977-11-29',0,NULL,NULL,0,'57550c8acc22ffb7db82a20b73c14241',NULL,1,0,0,'2017-09-06 19:42:01','2017-09-06 19:42:01'),(173,1,1,1,1,'anthony','buchaillot','bubuch3984@hotmail.fr','6b34e69d52233f2403f47940263bbda5','2017-09-11 10:40:03','1984-03-25',0,NULL,NULL,0,'5dc7565cf8220ba243c6469476e53c02',NULL,1,0,0,'2017-09-11 18:40:03','2017-09-11 18:40:03'),(174,1,1,2,1,'Géraldine','FALCON','geraldine.falcon38@yahoo.com','9e9785e4748eed8739c3d92c240ebfab','2017-09-13 04:28:12','1982-09-15',0,NULL,NULL,0,'19318263b21b235631c118e388ba6017',NULL,1,0,0,'2017-09-13 12:28:12','2017-09-13 12:28:12'),(175,1,1,9,1,'lea','fleuriot','leafleuriot@gmail.com','d0d013c62d546770702987b465a91969','2017-09-28 04:10:48',NULL,0,NULL,NULL,0,'3668571f6e97fa532a27d0a30d572e1c',NULL,1,0,0,'2017-09-28 12:10:48','2017-09-28 12:10:48'),(176,1,1,9,1,'Hélène','MOREU','h.moreu@fabulous-biscuits.com','5178b02b9dcce9f1ea8fbab92bc3fdb1','2017-10-10 03:13:24','1968-06-16',0,NULL,NULL,0,'72af8cdda21aadb38a260daa29bdbf69',NULL,1,0,0,'2017-10-10 11:13:24','2017-10-10 11:13:24'),(177,1,1,1,1,'Mikael','Picq','Mikpicq@gmail.com','1cbc7f4fd486a06d17c37a8196c4d711','2017-10-13 01:49:17','1983-03-22',0,NULL,NULL,0,'c917757fc5edffb43e2a0b6ebd49de2b',NULL,1,0,0,'2017-10-13 09:49:17','2017-10-13 09:49:17'),(178,1,1,2,1,'Carole','Creuset-bellucci','l.invitation.yc@gmail.com','aa72789fd8cf980ffbe8ca4943ccb49c','2017-10-14 03:14:42','1973-04-18',0,NULL,NULL,0,'67539660dc549262c2b481064187615d',NULL,1,0,0,'2017-10-14 11:14:42','2017-10-14 11:14:42'),(179,1,1,1,1,'Aurélien','BOIJOLS','contact@bruitquicourt.fr','7da906b8b394faf36046379c3a01d173','2017-10-18 03:12:40','1983-03-10',0,NULL,NULL,0,'51c6f53b26c224225068cbbedfa87213',NULL,1,0,0,'2017-10-18 11:12:40','2017-10-18 11:12:40'),(180,1,1,2,1,'Mathieu','Taissidre','taissidremathieu@gmail.com','2c15bbc1dcdb0011da6c8f9c5ceff9e6','2017-11-01 07:22:56','1984-05-24',0,NULL,NULL,0,'edc633e4be5ef89885e390641d931de0',NULL,1,0,0,'2017-11-01 14:22:56','2017-11-01 14:22:56'),(181,1,1,2,1,'ISABELLE','DELSAUX','isabelle.delsaux@free.fr','191ab78c3d3489011b1b1644cf3b345a','2017-11-09 01:24:43','1971-06-04',0,NULL,NULL,0,'8804705339b204661370e6961bb4d4ba',NULL,1,0,0,'2017-11-09 08:24:43','2017-11-09 08:24:43'),(182,1,1,1,1,'raluca','mpia','lyon-roosevelt@richart.com','61a0c91e7723fc9176657941e1762a4d','2017-11-13 10:10:32','1983-05-11',0,NULL,NULL,0,'3dc30a2b77abf69c0c4d53c8e3e40281',NULL,1,0,0,'2017-11-13 17:10:32','2017-11-13 17:10:32');

--
-- Table structure for table `ps_customer_group`
--

CREATE TABLE `ps_customer_group` (
  `id_customer` int(10) unsigned NOT NULL,
  `id_group` int(10) unsigned NOT NULL,
  PRIMARY KEY (`id_customer`,`id_group`),
  KEY `customer_login` (`id_group`),
  KEY `id_customer` (`id_customer`)
) ENGINE=InnoDB DEFAULT CHARSET=utf8;

--
-- Dumping data for table `ps_customer_group`
--

INSERT INTO `ps_customer_group` VALUES (3,1),(4,1),(5,1),(6,1),(7,1),(8,1),(9,1),(10,1),(11,1),(12,1),(13,1),(14,1),(15,1),(16,1),(17,1),(18,1),(19,1),(20,1),(21,1),(22,1),(23,1),(24,1),(25,1),(26,1),(27,1),(28,1),(29,1),(30,1),(31,1),(32,1),(33,1),(34,1),(35,1),(36,1),(37,1),(38,1),(39,1),(40,1),(41,1),(42,1),(43,1),(44,1),(45,1),(46,1),(47,1),(48,1),(49,1),(50,1),(51,1),(52,1),(53,1),(54,1),(55,1),(56,1),(57,1),(58,1),(59,1),(60,1),(61,1),(62,1),(63,1),(64,1),(65,1),(66,1),(67,1),(68,1),(69,1),(70,1),(71,1),(72,1),(73,1),(74,1),(75,1),(76,1),(77,1),(78,1),(79,1),(80,1),(81,1),(82,1),(83,1),(84,1),(85,1),(86,1),(87,1),(88,1),(89,1),(90,1),(91,1),(92,1),(93,1),(94,1),(95,1),(96,1),(97,1),(98,1),(99,1),(100,1),(101,1),(102,1),(103,1),(104,1),(105,1),(106,1),(107,1),(108,1),(109,1),(110,1),(111,1),(112,1),(113,1),(114,1),(115,1),(116,1),(117,1),(118,1),(119,1),(120,1),(121,1),(122,1),(123,1),(124,1),(125,1),(126,1),(127,1),(128,1),(129,1),(130,1),(131,1),(132,1),(133,1),(134,1),(135,1),(136,1),(137,1),(138,1),(139,1),(140,1),(141,1),(142,1),(143,1),(144,1),(145,1),(146,1),(147,1),(148,1),(149,1),(150,1),(151,1),(152,1),(153,1),(154,1),(155,1),(156,1),(157,1),(158,1),(159,1),(160,1),(161,1),(162,1),(163,1),(164,1),(165,1),(166,1),(167,1),(168,1),(169,1),(170,1),(171,1),(172,1),(173,1),(174,1),(175,1),(176,1),(177,1),(178,1),(179,1),(180,1),(181,1),(182,1);

--
-- Table structure for table `ps_customer_message`
--

CREATE TABLE `ps_customer_message` (
  `id_customer_message` int(10) unsigned NOT NULL AUTO_INCREMENT,
  `id_customer_thread` int(11) DEFAULT NULL,
  `id_employee` int(10) unsigned DEFAULT NULL,
  `message` text NOT NULL,
  `file_name` varchar(18) DEFAULT NULL,
  `ip_address` int(11) DEFAULT NULL,
  `user_agent` varchar(128) DEFAULT NULL,
  `date_add` datetime NOT NULL,
  PRIMARY KEY (`id_customer_message`),
  KEY `id_customer_thread` (`id_customer_thread`)
) ENGINE=InnoDB AUTO_INCREMENT=201 DEFAULT CHARSET=utf8;

--
-- Dumping data for table `ps_customer_message`
--

INSERT INTO `ps_customer_message` VALUES (1,1,0,'Bonjour,je voudrais savoir si le St&amp;eacute;phan a une garantie.  Merci d&amp;#039;avance','',1553857067,'Mozilla/5.0 (iPad; CPU OS 5_1 like Mac OS X) AppleWebKit/534.46 (KHTML, like Gecko) Version/5.1 Mobile/9B176 Safari/7534.48.3','2012-09-25 21:05:39'),(2,2,0,'suite a notre appel telephonique ,je recherche un pterin a axe oblique en 60 litres de coulage dans les annnee 2000 , et revise.&lt;br /&gt;merci &lt;br /&gt;piget 06.07.98.81.89','',1511371069,'Mozilla/5.0 (compatible; MSIE 9.0; Windows NT 6.1; WOW64; Trident/5.0)','2012-09-27 16:26:51'),(3,3,0,'Bonjour&lt;br /&gt;&lt;br /&gt;Permettez moi de prendre moins de 2 minutes de votre temps avant d&amp;#039;effacer ce message.&lt;br /&gt;&lt;br /&gt;Il est d&amp;eacute;sormais possible d&amp;#039;installer simplement et gratuitement les boutons de partage sociaux sur un site ecommerce sous Prestashop avec le plugin d&amp;eacute;di&amp;eacute; de la plate-forme SoShake.&lt;br /&gt;&lt;br /&gt;En savoir plus et installer Soshake : http://bit.ly/SoShakeSE_120911&lt;br /&gt;&lt;br /&gt;Vos b&amp;eacute;n&amp;eacute;fices directs :&lt;br /&gt;- meilleure visibilit&amp;eacute; de vos produits sur les r&amp;eacute;seaux sociaux&lt;br /&gt;- simplicit&amp;eacute; d&amp;#039;installation&lt;br /&gt;- 5 r&amp;eacute;seaux sociaux majeurs en une seule installation : Facebook (Like), Twitter (Tweet), Google+ (+1), LinkedIn (InShare) et Pinterest (PinIt)&lt;br /&gt;- des fonctionnalit&amp;eacute;s toujours &amp;agrave; jour des am&amp;eacute;liorations apport&amp;eacute;es par chaque r&amp;eacute;seau&lt;br /&gt;&lt;br /&gt;Des avantages concurrentiels pour exploiter Facebook&lt;br /&gt;- Votre site est automatiquement compatible avec l&amp;#039;OpenGraph de Facebook&lt;br /&gt;- Vos contenus sont correctement qualifi&amp;eacute;s pour Facebook augmentant ainsi la qualit&amp;eacute; de leur diffusion et donc l&amp;#039;engagement avec votre marque.&lt;br /&gt;&lt;br /&gt;Installez Soshake sur votre site en 3 clics http://bit.ly/SoShakeSE_120911&lt;br /&gt;&lt;br /&gt;Voil&amp;agrave;, vous pouvez installer SoShake, nous contacter au besoin ou effacer &amp;agrave; jamais ce message.&lt;br /&gt;&lt;br /&gt;Bonne fin de journ&amp;eacute;e &amp;agrave; vous.&lt;br /&gt;&lt;br /&gt;Bruno&lt;br /&gt;0683842805&lt;br /&gt;bruno@soshake.com','',1488945135,'','2012-10-04 15:21:47'),(4,4,0,'www.mapetsrl.it&lt;br /&gt;&lt;br /&gt;j ai besoin d un contact email pour envoyer ma meilleur offre&lt;br /&gt;&lt;br /&gt;je suis producteur de r&amp;eacute;frig&amp;eacute;ration commerciale en italie','5076fd04eb56b2.pdf',1564989449,'Mozilla/5.0 (Macintosh; Intel Mac OS X 10_7_4) AppleWebKit/534.57.2 (KHTML, like Gecko) Version/5.1.7 Safari/534.57.2','2012-10-11 19:08:23'),(5,5,0,'Bonjour,&lt;br /&gt;&lt;br /&gt;Vous utilisez un syst&amp;egrave;me Prestashop  pour votre site internet de vente en ligne.&lt;br /&gt;&lt;br /&gt;Communiquez avec vos clients et augmentez vos ventes !&lt;br /&gt;&lt;br /&gt;Nous vous proposons une solution simple et intuitive pour vos envois de newsletter contenant des produits &amp;agrave; vos clients.&lt;br /&gt;&lt;br /&gt;Gr&amp;acirc;ce &amp;agrave; notre module Advanced Newsletter System boostez votre chiffre d&amp;#039;affaire en envoyant des newsletters efficaces et attractives.&lt;br /&gt;&lt;br /&gt;- Aucune connaissance en mise en page n&amp;eacute;cessaire.&lt;br /&gt;- Compatibles avec tous les logiciels mail ou webmail (Gmail, Hotmail, YahooMail, AOL, AppleMail, Outlook&amp;hellip;).&lt;br /&gt;- Gestion des inscrits.&lt;br /&gt;- D&amp;eacute;sinscription automatique.&lt;br /&gt;- Liaison avec Google Analytics.&lt;br /&gt;- Envoi par lots.&lt;br /&gt;- Et bien d&amp;#039;autres fonctions ...&lt;br /&gt;&lt;br /&gt;Avec une configuration simplifi&amp;eacute;e, envoyez vos newsletter en 3 minutes gr&amp;acirc;ce &amp;agrave; une s&amp;eacute;lection facile et visuelle de vos produits.&lt;br /&gt;&lt;br /&gt;Une d&amp;eacute;monstration vid&amp;eacute;o de notre module est visible &amp;agrave; cette adresse :&lt;br /&gt;http://123module.com/fr/10-advanced-newsletter-system.html&lt;br /&gt;&lt;br /&gt;Une version de d&amp;eacute;monstration est accessible sur simple demande.&lt;br /&gt;&lt;br /&gt;Bien s&amp;ucirc;r, nous sommes joignables &amp;agrave; tout moment pour r&amp;eacute;pondre &amp;agrave; vos questions au 04 66 73 39 89 ou au 06 33 74 93 96.&lt;br /&gt;&lt;br /&gt;Cordialement,&lt;br /&gt;&lt;br /&gt;&lt;br /&gt;Manuel SAINT-LARY&lt;br /&gt;&lt;br /&gt;contact@123module.com&lt;br /&gt;http://www.123module.com&lt;br /&gt;&lt;br /&gt;123modules / Macpro74&lt;br /&gt;11 rue de la monnaie &lt;br /&gt;30250 SOMMIERES','',1488762213,'Mozilla/5.0 (Macintosh; Intel Mac OS X 10_7_5) AppleWebKit/536.26.14 (KHTML, like Gecko) Version/6.0.1 Safari/536.26.14','2012-10-19 16:13:05'),(6,6,0,'contacter moi svp.&lt;br /&gt;&lt;br /&gt;l offre est int&amp;eacute;ressante et le produit est fabriqu&amp;eacute;e enti&amp;egrave;rement en italie.','508430d15b1a6T.pdf',1564989449,'Mozilla/5.0 (Macintosh; Intel Mac OS X 10_7_4) AppleWebKit/534.57.2 (KHTML, like Gecko) Version/5.1.7 Safari/534.57.2','2012-10-21 19:28:51'),(7,7,0,'Monsieur, &lt;br /&gt;suite a coup de telephone de ce jour concernant lave  &lt;br /&gt;vaiselle a capot EMB model 61P ou k5 1P lpouvez-vous etablir un devis pour les pieces suivantes:&lt;br /&gt;filtres de surface LIF 4V4PVO , bras de lavage complet pour le model 61p,&lt;br /&gt;TRES urgent&lt;br /&gt;TEL 0565402511 fax 0565404051 - ,0664107381&lt;br /&gt;AVEC MES REMERCIEMENTS &lt;br /&gt;AMANI roger','',1380016584,'Mozilla/5.0 (Windows NT 5.1) AppleWebKit/537.4 (KHTML, like Gecko) Chrome/22.0.1229.94 Safari/537.4','2012-10-24 10:35:25'),(8,8,0,'Bonjour,suite &amp;agrave; mon coup de t&amp;eacute;l&amp;eacute;phone de ce jour je me permets de vous laisser mon CV comme pr&amp;eacute;vu en vue de ma candidature pour le poste de technicien en cuisine professionnelle.&lt;br /&gt;Dans l&amp;#039;attente je vous prie d&amp;#039;accepter mes sentiments les meilleurs.&lt;br /&gt;PS. Je suis disponible et mobile.  ','508a494971da0e.doc',1552522246,'Mozilla/5.0 (Macintosh; Intel Mac OS X 10.6; rv:16.0) Gecko/20100101 Firefox/16.0','2012-10-26 10:26:53'),(9,9,0,'dimention chambre de fermentation angel&lt;br /&gt;&lt;br /&gt;photo.','',1553846600,'Mozilla/5.0 (compatible; MSIE 9.0; Windows NT 6.1; WOW64; Trident/5.0)','2012-11-05 11:31:42'),(10,10,0,'les gicleurs a butane a gaz concernant four a pizza&lt;br /&gt;marque mecno model MG4 type A&lt;br /&gt;DALLE 60X60&lt;br /&gt;FABRICATION ITALIENNE&lt;br /&gt;REF. C00049','',1391494984,'Mozilla/5.0 (Windows NT 6.1) AppleWebKit/537.4 (KHTML, like Gecko) Chrome/22.0.1229.94 Safari/537.4','2012-11-05 19:08:58'),(11,10,0,'les gicleurs a butane a gaz concernant four a pizza&lt;br /&gt;marque mecno model MG4 type A&lt;br /&gt;DALLE 60X60&lt;br /&gt;FABRICATION ITALIENNE&lt;br /&gt;REF. C00049&lt;br /&gt;MERCI BIEN DE ME REPONDRE LE PLUS VITE POSSIBLE&lt;br /&gt;DISPONIBILITE ET LE PRIX &lt;br /&gt;MON N&amp;deg; DE TELE 0627694841 EN FRANCE&lt;br /&gt;MERCI A L&amp;#039;AVANCE','',1391494984,'Mozilla/5.0 (Windows NT 6.1) AppleWebKit/537.4 (KHTML, like Gecko) Chrome/22.0.1229.94 Safari/537.4','2012-11-05 19:15:41'),(12,11,0,'bonjours suite a notre conversation t&amp;eacute;lephonique,je souhaiterais un devis en vu de cr&amp;eacute;ation de pizzeria ci-joint la liste:1 laminoir diam 14-31 poids pate 80-210gr,armoire froide 600litre,plonge deux bacs 1600x700xh90 plus &amp;eacute;tag&amp;egrave;re,douchette mono+robinet.four 4 pizzas diam 30 support four,petrin amovible de 33litres,meuble a pizzas deux portes avec vitrine pour 5 gastro,extracteur de fum&amp;eacute;e,si vous avez a tout hasard de l&amp;#039;occasion veuillez me le pr&amp;eacute;ciser dans l&amp;#039;attente je vous prie d&amp;#039;agr&amp;eacute;er monsieur mes salutations les meilleurs','',1415727682,'Mozilla/5.0 (Windows NT 5.1) AppleWebKit/537.4 (KHTML, like Gecko) Chrome/22.0.1229.94 Safari/537.4','2012-11-06 10:25:00'),(13,12,0,'Bonjour&lt;br /&gt;&lt;br /&gt;Suite a notre converssation t&amp;eacute;l&amp;eacute;phoniquevoici la liste&lt;br /&gt;&lt;br /&gt;1-M&amp;eacute;langeur kitchen aide&lt;br /&gt;1-Bain marie de table Hendi&lt;br /&gt;1-Armoire frigo GN 2/1 1400 inox 2 portes&lt;br /&gt;1-Taosteur &lt;br /&gt;1-Mini armoir frigo &lt;br /&gt;1-Machine sous vide de table&lt;br /&gt;1-Four mixte GN 1/1&lt;br /&gt;1-M&amp;eacute;langeur 20l Hobart&lt;br /&gt;1-Echelle inox 400/600&lt;br /&gt;&lt;br /&gt;mickservices&lt;br /&gt;Barros Mickael&lt;br /&gt;315 impasse du guerin&lt;br /&gt;69620 L Bois d&amp;#039;Oingt&lt;br /&gt;06-75-67-39-31','',1829392011,'Mozilla/4.0 (compatible; MSIE 8.0; Windows NT 5.1; Trident/4.0; LUDI2; GTB7.4; .NET CLR 1.1.4322; .NET CLR 2.0.50727; .NET CLR 3','2012-11-08 10:19:03'),(14,9,0,'bonjour,&lt;br /&gt;&lt;br /&gt;je vous ecrit au sujet de la chambre de fermentation hengel, je vous est rencontrer a ce sujet,&lt;br /&gt;&lt;br /&gt;pouvez vous me faire un devis pour:&lt;br /&gt;&lt;br /&gt;-la chambre de fermentation 1 chariot&lt;br /&gt;-un chariot pour des grilles de 1000x700mm&lt;br /&gt;- des plaques de pain moul&amp;eacute;es&lt;br /&gt;&lt;br /&gt;si vous avez un lavabo inox aves commande au pied.&lt;br /&gt;&lt;br /&gt;merci par avance.&lt;br /&gt;&lt;br /&gt;Mr BASTET Cl&amp;eacute;ment boulangerie de Bizonnes&lt;br /&gt;&lt;br /&gt;mon tel:06.50.34.37.82','',1553849514,'Mozilla/5.0 (compatible; MSIE 9.0; Windows NT 6.1; WOW64; Trident/5.0)','2012-11-15 10:31:23'),(15,13,0,'Bonjour,&lt;br /&gt;&lt;br /&gt;Fructisoft a d&amp;eacute;velopp&amp;eacute; un module permet de prot&amp;eacute;ger votre boutique Prestashop contre les hackers et le vol de donn&amp;eacute;es. Il est important de garder &amp;agrave; l&amp;#039;esprit que le r&amp;eacute;seau Internet est en permanence scann&amp;eacute; par des hackers et des automates qui peuvent &amp;ecirc;tre tout autant de menace pour votre boutique. Cet outil que nous avons cr&amp;eacute;&amp;eacute; s&amp;#039;appelle FS Protect et se d&amp;eacute;cline en deux versions :&lt;br /&gt;&lt;br /&gt;- La premi&amp;egrave;re enti&amp;egrave;rement gratuite vous permettra d&amp;#039;assurer d&amp;#039;ores et d&amp;eacute;j&amp;agrave; une protection efficace en filtrant l&amp;#039;int&amp;eacute;gralit&amp;eacute; des requ&amp;ecirc;tes effectu&amp;eacute;es sur votre boutique (affichage de page, soumission de formulaire, Ajax ...) et propose &amp;eacute;galement une protection active contre les injections SQL. Cette version, en plus de vous apporter une protection efficace, vous indiquera aussi le nombre d&amp;#039;attaques dont votre boutique a &amp;eacute;t&amp;eacute; la cible.&lt;br /&gt;- La version Premium se voit ajouter un filtrage anti-flood pour les attaques type Brute Force et les script automatis&amp;eacute;s ainsi que des outils de suivi tel la notification des acc&amp;egrave;s &amp;agrave; l&amp;#039;interface d&amp;#039;administration de votre boutique, la journalisation des attaques, ou encore un suivi en temps r&amp;eacute;el avec la possibilit&amp;eacute; d&amp;#039;un envoi automatique de mail lorsqu&amp;#039;une menace est d&amp;eacute;tect&amp;eacute;e. Si vous &amp;ecirc;tes propri&amp;eacute;taire ou administrateur de plusieurs boutiques Prestashop 1.5, cette version offre &amp;eacute;galement une option multi-boutique.&lt;br /&gt;&lt;br /&gt;Vous pouvez consulter la fiche technique d&amp;eacute;taill&amp;eacute;e de FS Protect en vous rendant ici &amp;agrave; cette adresse http://www.fructisoft.com/fr/modules-prestashop/4-fs-protect-free-prestashop.html et d&amp;eacute;couvrir l&amp;#039;ensemble de nos produits et services au travers de notre site internet.&lt;br /&gt;&lt;br /&gt;&lt;br /&gt;&lt;br /&gt;En esp&amp;eacute;rant bient&amp;ocirc;t vous accueillir sur notre site www.fructisoft.com et vous compter parmi les utilisateurs de la solution FS Protect.&lt;br /&gt;&lt;br /&gt;Cordialement,&lt;br /&gt;J&amp;eacute;r&amp;eacute;my JOLY et l&amp;#039;&amp;eacute;quipe Fructisoft','',1561669602,'Chrome/22.0.1229.92','2012-11-17 14:43:54'),(16,14,0,'bonjour,&lt;br /&gt;nous avons du mat&amp;eacute;riel &amp;agrave; vendre, vous serait-il possible de nous indiquer comment faire pour vous soumettre des annonces. Merci &lt;br /&gt;Cordialement.','',1487271704,'Mozilla/5.0 (Windows NT 5.1; rv:16.0) Gecko/20100101 Firefox/16.0','2012-11-18 18:42:17'),(17,15,0,'Bonjour,&lt;br /&gt;&lt;br /&gt;Veuillez ne plus envoyer de pub &amp;agrave; cette adresse&lt;br /&gt;&lt;br /&gt;Merci&lt;br /&gt;&lt;br /&gt;venetie2118@free.fr','',522266850,'Mozilla/5.0 (iPad; CPU OS 6_0 like Mac OS X) AppleWebKit/536.26 (KHTML, like Gecko) Version/6.0 Mobile/10A403 Safari/8536.25','2012-11-26 09:54:33'),(18,16,0,'Bonjour,&lt;br /&gt;&lt;br /&gt;J&amp;#039;aimerais savoir si vous faites des livraisons en Afrique.&lt;br /&gt;&lt;br /&gt;je voudrais me faire livr&amp;eacute; a distance, vers l&amp;#039;Afrique est ce possible ?&lt;br /&gt;&lt;br /&gt;Je suis dans l attente de vos nouvelles&lt;br /&gt;&lt;br /&gt;Cordialement&lt;br /&gt;&lt;br /&gt;Gr&amp;eacute;gory DUMAS','',692194814,'Mozilla/5.0 (Windows NT 5.1; rv:9.0.1) Gecko/20100101 Firefox/9.0.1','2012-11-26 16:29:54'),(19,17,0,'http://www.cercle-ecommerce.fr&lt;br /&gt;&lt;br /&gt;Cette semaine : pr&amp;eacute;parez les plus grosses ventes de l&amp;#039;ann&amp;eacute;e, No&amp;euml;l et les soldes de Janvier.&lt;br /&gt;&lt;br /&gt;- Faites jouer vos fans et les visiteurs de votre site pour d&amp;eacute;velopper votre visibilit&amp;eacute; sur Facebook et gagner jusqu&amp;rsquo;&amp;agrave; 15% de CA.&lt;br /&gt;&lt;br /&gt;- 50% de remise sur votre prochain emailing. Cr&amp;eacute;ation graphique, routage + Statistiques.&lt;br /&gt;&lt;br /&gt;-R&amp;eacute;duisez votre facture transport avant No&amp;ecirc;l et optimisez votre relation client gr&amp;acirc;ce au suivi de colis automatique de Vigicolis&lt;br /&gt;&lt;br /&gt;- Le partage de banni&amp;egrave;re entre e-commer&amp;ccedil;ants au sein des emails de confirmation de commande 66% de remise.&lt;br /&gt;&lt;br /&gt;&lt;br /&gt;Et plus ....&lt;br /&gt;&lt;br /&gt;http://www.cercle-ecommerce.fr&lt;br /&gt;&lt;br /&gt;&lt;br /&gt;Dominique.','',1488945135,'','2012-11-27 09:19:34'),(20,18,0,'Bonjour,&lt;br /&gt;&lt;br /&gt;nous voulions vous pr&amp;eacute;senter un concept innovant pour d&amp;eacute;velopper votre activit&amp;eacute; d&amp;#039;e-commer&amp;ccedil;ant.&lt;br /&gt;&lt;br /&gt;Shopping-Mail est bas&amp;eacute; sur un principe d&amp;#039;&amp;eacute;change &amp;eacute;quitable de banni&amp;egrave;res au sein des emails transactionnels.&lt;br /&gt;- Email de confirmation de commande (Taux d&amp;#039;ouverture sup&amp;eacute;rieur &amp;agrave; 90%)&lt;br /&gt;- Email de confirmation d&amp;#039;exp&amp;eacute;dition (Taux d&amp;#039;ouverture sup&amp;eacute;rieur &amp;agrave; 110%)&lt;br /&gt;&lt;br /&gt;Plus vous affichez de banni&amp;egrave;res au sein des emails envoy&amp;eacute;s &amp;agrave; vos clients&lt;br /&gt;Plus votre banni&amp;egrave;re sera diffus&amp;eacute;e chez d&amp;#039;autres e-commer&amp;ccedil;ants aupr&amp;eacute;s d&amp;#039;acheteurs r&amp;eacute;els du web.&lt;br /&gt;&lt;br /&gt;Pour en savoir plus sur le concept : http://www.shopping-mail.com/concept/&lt;br /&gt;&lt;br /&gt;Le principe :&lt;br /&gt;&lt;br /&gt;Vous affichez 4 banni&amp;egrave;res d&amp;#039;autres e-commer&amp;ccedil;ants au bas de vos emails de confirmation de commande, en &amp;eacute;change, votre banni&amp;egrave;re apparaitra au sein des emails de 4 e-commer&amp;ccedil;ants.&lt;br /&gt;&lt;br /&gt;Pour en savoir plus sur le concept : http://www.shopping-mail.com/concept/&lt;br /&gt;&lt;br /&gt;Les avantages :&lt;br /&gt;&lt;br /&gt;Vous ne payez pas au clic ou &amp;agrave; l&amp;#039;affichage, comme c&amp;#039;est souvent le cas, mais un forfait mensuel bas&amp;eacute; sur votre volum&amp;eacute;trie de commandes (voir tarifs).&lt;br /&gt;Vous n&amp;#039;avez aucune p&amp;eacute;riode d&amp;#039;engagement, vous pouvez vous d&amp;eacute;sabonner &amp;agrave; tout moment.&lt;br /&gt;Le mois en cours vous est offert (l&amp;#039;abonnement d&amp;eacute;butera au d&amp;eacute;but du mois suivant)&lt;br /&gt;Pour en savoir plus sur les tarifs : http://www.shopping-mail.com/service/tarifs/&lt;br /&gt;&lt;br /&gt;La mise en place :&lt;br /&gt;&lt;br /&gt;- Un back office d&amp;eacute;di&amp;eacute; est mis &amp;agrave; votre disposition dans lequel tout est param&amp;eacute;trable en toute simplicit&amp;eacute;.&lt;br /&gt;- Cr&amp;eacute;ation et administration de votre campagne en moins de 10 minutes.&lt;br /&gt;- Modules disponibles pour votre version de Prestashop&lt;br /&gt;&lt;br /&gt;Pour en savoir plus sur le concept : http://www.shopping-mail.com/installation-technique/&lt;br /&gt;&lt;br /&gt;Vous pensez faire de la pub pour vos concurrents ?&lt;br /&gt;La r&amp;eacute;ponse est NON, car vous s&amp;eacute;lectionnez les sites avec lesquels vous souhaitez &amp;eacute;changer et ceux avec lesquels vous ne souhaitez pas le faire.&lt;br /&gt;&lt;br /&gt;L&amp;#039;&amp;eacute;quipe Shopping-mail&lt;br /&gt;01 83 64 78 08&lt;br /&gt;contact@shopping-mail.com&lt;br /&gt;http://www.shopping-mail.com','',624626592,'','2012-11-29 14:42:31'),(21,19,0,'Subject: What if YOU Could Turn Your Facebook Fans to Paying customers?&lt;br /&gt;&lt;br /&gt;Dear PrestaShop Merchant!&lt;br /&gt;&lt;br /&gt;Want to have Facebook working for you?&lt;br /&gt;&lt;br /&gt;In one minute you can import your online store to Facebook, turning your fans into your customers! Create a Facebook Store Now - http://www.storeya.com/promotion/prestashop.&lt;br /&gt;This service, brought to you by the promising company, StoreYa,&lt;br /&gt;is now offered totally free for all PrestaShop merchants.&lt;br /&gt;&lt;br /&gt;Don&amp;#039;t stay behind your competitors - open your Facebook store today!&lt;br /&gt;NO development or design skills are needed.&lt;br /&gt;Import your store now by visiting our site - http://www.storeya.com/promotion/prestashop.&lt;br /&gt;&lt;br /&gt;Best Regards,&lt;br /&gt;&lt;br /&gt;Emma Harper&lt;br /&gt;PrestoShop&amp;#039;s stores Account Manager&lt;br /&gt;www.StoreYa.com | We make eCommerce social!','',846211161,'Mozilla/4.0 (compatible; MSIE 7.0; Windows NT 5.1; GTB5; .NET CLR 2.0.50727; .NET CLR 1.1.4322; .NET CLR 3.0.04506.30; .NET CLR ','2012-11-29 15:51:18'),(22,17,0,'http://www.cercle-ecommerce.fr&lt;br /&gt;Cette semaine : pr&amp;eacute;parez les plus grosses ventes de l&amp;#039;ann&amp;eacute;e, No&amp;euml;l et les soldes de Janvier.&lt;br /&gt;&lt;br /&gt;-Vous voulez vraiment passer le pic de charge des soldes m&amp;ecirc;me avec un petit serveur, gr&amp;acirc;ce &amp;agrave; Powercache.&lt;br /&gt;&lt;br /&gt;- Faites jouer vos fans et les visiteurs de votre site pour d&amp;eacute;velopper votre visibilit&amp;eacute; sur Facebook et gagner jusqu&amp;rsquo;&amp;agrave; 15% de CA.&lt;br /&gt;&lt;br /&gt;- 50% de remise sur votre prochain emailing. Cr&amp;eacute;ation graphique, routage + Statistiques.&lt;br /&gt;&lt;br /&gt;-R&amp;eacute;duisez votre facture transport avant No&amp;ecirc;l et optimisez votre relation client gr&amp;acirc;ce au suivi de colis automatique de Vigicolis&lt;br /&gt;&lt;br /&gt;- Le partage de banni&amp;egrave;re entre e-commer&amp;ccedil;ants au sein des emails de confirmation de commande 66% de remise.&lt;br /&gt;&lt;br /&gt;&lt;br /&gt;Et plus ....&lt;br /&gt;&lt;br /&gt;http://www.cercle-ecommerce.fr&lt;br /&gt;&lt;br /&gt;&lt;br /&gt;Dominique.','',624626592,'','2012-12-04 09:07:20'),(23,20,0,'Bonjour,&lt;br /&gt;&lt;br /&gt;Four boulangerie EUROFOUR&lt;br /&gt;&lt;br /&gt;&lt;br /&gt;Pouvez-vous m&amp;#039;indiquer:&lt;br /&gt;Sa puissance &amp;eacute;lectrique&lt;br /&gt;Son ann&amp;eacute;e de fabrication&lt;br /&gt;Si garantie, quelle dur&amp;eacute;e&lt;br /&gt;Prix de la livraison sur le Cap D&amp;#039;Agde.&lt;br /&gt;&lt;br /&gt;Avec mes remerciements&lt;br /&gt;&lt;br /&gt;Philippe MAMBOUR&lt;br /&gt;LA FLEUR EN PAIN&lt;br /&gt;2 impasse des Sargasses&lt;br /&gt;34300 CAPD&amp;#039;AGDE&lt;br /&gt;T&amp;eacute;l : 06 49 24 42 26','',1324667912,'Mozilla/5.0 (Windows NT 6.1; rv:16.0) Gecko/20100101 Firefox/16.0','2012-12-06 11:49:29'),(24,21,0,'Hi there,&lt;br /&gt;	Listen up, i got this trouble. I have this product picture and i can&amp;#039;t locate it in your store. Could you sent me a direct link to this?&lt;br /&gt; 	Photo is here http://goo.gl/WztMN','',1049441760,'Mozilla/5.0 (Windows NT 6.2; WOW64) AppleWebKit/537.11 (KHTML, like Gecko) Chrome/23.0.1271.95 Safari/537.11','2012-12-06 15:50:50'),(25,22,0,'Bonjour,&lt;br /&gt;Faisant suite &amp;agrave; notre entretien t&amp;eacute;l&amp;eacute;phonique, je vous confirme mon int&amp;eacute;r&amp;ecirc;t pour un partage de contact e-mail dans un but de prospection newsletter.&lt;br /&gt;J&amp;#039;ai un annuaire de 500 contacts (clients + prospects t&amp;eacute;l&amp;eacute;phoniques) disponible imm&amp;eacute;diatement.&lt;br /&gt;Nous travaillons de notre cot&amp;eacute; au national.&lt;br /&gt;Prospectez vous m&amp;ecirc;me au national ou plut&amp;ocirc;t sur une r&amp;eacute;gion particuli&amp;egrave;re. Nous pourrions directement &amp;eacute;changer nos contact au format fichier CSV ou Excel standard.&lt;br /&gt;&lt;br /&gt;Bien cordialement.&lt;br /&gt;NG.','',1828871540,'Mozilla/5.0 (Windows NT 6.1; WOW64) AppleWebKit/537.11 (KHTML, like Gecko) Chrome/23.0.1271.95 Safari/537.11','2012-12-07 14:42:06'),(26,13,0,'Bonjour,&lt;br /&gt;&lt;br /&gt;L&amp;#039;&amp;eacute;quipe Fructisoft vous souhaite de joyeuses f&amp;ecirc;tes de fin d&amp;#039;ann&amp;eacute;e !&lt;br /&gt;&lt;br /&gt;A cette occasion, b&amp;eacute;n&amp;eacute;ficiez d&amp;#039;une r&amp;eacute;duction de 20  sur le produit FS Protect Premium pour Prestashop ! Pour en profiter, saisissez le code FSPROTECTNOEL2012 sur le r&amp;eacute;capitulatif de votre commande.&lt;br /&gt;&lt;br /&gt;FS Protect est un module Prestashop qui permet de prot&amp;eacute;ger votre boutique contre les hackers et le vol de donn&amp;eacute;es.  Si vous souhaitez obtenir plus d&amp;#039;information sur ce module, rendez-vous &amp;agrave; cette adresse : http://www.fructisoft.com/fr/modules-prestashop/6-fs-protect-premium-prestashop.html&lt;br /&gt;&lt;br /&gt;Vous souhaitez tester le produit avant de l&amp;#039;acheter&amp;nbsp;? Une version Gratuite de FS Protect est disponible sur la boutique Fructisoft &amp;agrave; cette adresse&amp;nbsp;: http://www.fructisoft.com/fr/modules-prestashop/4-fs-protect-free-prestashop.html&lt;br /&gt;&lt;br /&gt;Je reste &amp;agrave; votre disposition pour tout renseignement compl&amp;eacute;mentaire.&lt;br /&gt;&lt;br /&gt;Cordialement,&lt;br /&gt;&lt;br /&gt;J&amp;eacute;r&amp;eacute;my Joly&lt;br /&gt;Fructisoft&lt;br /&gt;&lt;br /&gt;:: Si vous ne souhaitez plus recevoir de message provenant de Fructisoft, merci de nous l&amp;#039;indiquer en envoyant un e-mail &amp;agrave; cette adresse : contact@fructisoft.com ::','',1561716187,'Chrome/22.0.1229.92','2012-12-15 11:59:05'),(27,23,0,'bonjour suite &amp;agrave; notre conversatio t&amp;eacute;l&amp;eacute;phonique je voudrais voir les grand four rotatif  destin&amp;eacute; pour l&amp;#039;afrique noir et les prix interressants en ligne ou l&amp;#039;envoyer sur mon mail mercie','',1485448667,'Mozilla/4.0 (compatible; MSIE 8.0; Windows NT 5.1; Trident/4.0; GTB7.4)','2012-12-20 18:59:29'),(28,24,0,'Bonjour,&lt;br /&gt;&lt;br /&gt;je possede un feu vif morice ( 2 feux )qui se pose et j&amp;#039;ai un soucis d&amp;#039;allumage , le gaz n&amp;#039;arrive pas !! je pense que les (2) boutons sont gras ou d&amp;eacute;fectueux ! que faire ? merci de votre aide','',1416052181,'Mozilla/5.0 (Windows NT 5.1) AppleWebKit/537.11 (KHTML, like Gecko) Chrome/23.0.1271.97 Safari/537.11','2012-12-31 16:37:46'),(29,25,0,'je vous contacte pour votre four bongard &amp;eacute;lectrique 8 bouches en 75/180.&lt;br /&gt;&lt;br /&gt;Le prix annonc&amp;eacute; est il pose comprise?&lt;br /&gt;l&amp;#039;enfourneur est il compris?&lt;br /&gt;est il possible de monter le four &amp;agrave; Montpellier?&lt;br /&gt;&lt;br /&gt;Pose possible &amp;agrave; partir du 15/01?&lt;br /&gt;&lt;br /&gt;Merci pour votre r&amp;eacute;ponse&lt;br /&gt;&lt;br /&gt;ce four vient en lieu et place d&amp;#039;un pavailler identique qui sera d&amp;eacute;pos&amp;eacute; par nos soins, raccords pr&amp;ecirc;ts eau et elect','',1552252486,'Mozilla/5.0 (compatible; MSIE 9.0; Windows NT 6.0; Trident/5.0)','2013-01-02 08:37:28'),(30,26,0,'Bonjour,&lt;br /&gt;Votre site e-commerce est sous une solution Prestashop.&lt;br /&gt;&lt;br /&gt;La visibilit&amp;eacute; en ligne de vos produits est essentielle pour  votre activit&amp;eacute; et peut &amp;ecirc;tre d&amp;eacute;velopp&amp;eacute;e gr&amp;acirc;ce aux  places de march&amp;eacute;s et aux  comparateurs de prix.&lt;br /&gt;&lt;br /&gt;IZIFLUX vous permet de communiquer vos catalogues sur ces supports en les optimisant afin d&amp;#039;augmenter votre rentabilit&amp;eacute;, tout en vous d&amp;eacute;chargeant de l&amp;#039;aspect technique de la gestion de flux gr&amp;acirc;ce &amp;agrave; notre module  gratuit sp&amp;eacute;cifique pour Prestashop.&lt;br /&gt;&lt;br /&gt;Vous trouverez plus d&amp;#039;informations sur notre solution sur le site http://www.iziflux.com&lt;br /&gt;&lt;br /&gt;Vous pouvez &amp;eacute;galement nous contacter au 04 67 00 82 78 pour une pr&amp;eacute;sentation de la solution ou par mail &amp;agrave; l&amp;#039;adresse suivante : contact@iziflux.com&lt;br /&gt;&lt;br /&gt;L&amp;#039;&amp;eacute;quipe d&amp;#039;Iziflux','',624626592,'','2013-01-10 17:52:12'),(31,27,0,'Bonjour, je voudrais tout juste savoir si vous avez les vitres de fours de marque id&amp;eacute;al dont la dimension est de 1,07m de Longueur sur 31cm de largeur.&lt;br /&gt;Cordialement ','',2147483647,'Mozilla/5.0 (iPad; CPU OS 5_1_1 like Mac OS X) AppleWebKit/534.46 (KHTML, like Gecko) Version/5.1 Mobile/9B206 Safari/7534.48.3','2013-01-14 00:01:36'),(32,28,0,'Bonjour,&lt;br /&gt;J&amp;#039;aimerais avoir le prix du piano Lacanche n&amp;deg; d&amp;#039;article : C00112.&lt;br /&gt;Je vous remercie,&lt;br /&gt;Amandine Sellier','',1374727544,'Mozilla/5.0 (Macintosh; Intel Mac OS X 10.7; rv:12.0) Gecko/20100101 Firefox/12.0','2013-01-14 16:02:53'),(33,29,0,'bonjour, &lt;br /&gt;je serai int&amp;eacute;ress&amp;eacute; par vos r&amp;eacute;f&amp;eacute;rences &lt;br /&gt;C00112&lt;br /&gt;et &lt;br /&gt;C00115.&lt;br /&gt;en fonction des prix, et des conditions de vente.&lt;br /&gt;merci d&amp;#039;avance, salutations.','',1485626257,'Mozilla/5.0 (Windows NT 5.1; rv:18.0) Gecko/20100101 Firefox/18.0','2013-01-14 17:58:00'),(34,30,0,'Bonjour,&lt;br /&gt;Nous sommes heureux de vous presenter notre comparateur de prix nouvelle g&amp;eacute;n&amp;eacute;ration web2.0 &lt;br /&gt;Insertion de votre catalogue dans les rubriques apppropri&amp;eacute;es et dans le moteur de recherche.&lt;br /&gt;Un tarif fixe mensuel pour le prix extraordinaire de 35 &amp;euro; par mois, pas de frais au clic, une facture control&amp;eacute;e .&lt;br /&gt;L&amp;#039;offre est valable pour les 100 premiers uniquement,&lt;br /&gt;alors inscrivez-vous vite !&lt;br /&gt;&lt;br /&gt;http://www.ziloop.biz/magic/index.php?inscription=oui','',1323638928,'Mozilla/5.0 (compatible; MSIE 9.0; Windows NT 6.1; WOW64; Trident/5.0)','2013-01-21 20:56:56'),(35,31,0,'Bonjour, Je me permets de vous contacter apr&amp;egrave;s avoir fait le tour de votre boutique en ligne. Je suis le propri&amp;eacute;taire de la page Facebook &amp;quot;Les Soldes&amp;quot; qui rassemble plus de 344 000 Fans fran&amp;ccedil;ais, une des plus grosses pages de France. Le lien de la page : http://www.facebook.com/pages/Les-Soldes/40269274491?fref=ts . Etant en p&amp;eacute;riode de soldes, nous proposons des statuts Facebook promotionnels. Si vous avez des produits en soldes cela peut-&amp;ecirc;tre un excellent moyen de communication avec un tr&amp;egrave;s bon rapport qualit&amp;eacute; / prix. Nous limitons l&amp;#039;offre au maximum, pour que chaque statut gagne en cr&amp;eacute;dibilit&amp;eacute;s. Le prix est de 99&amp;euro; par statut Facebook. Nous vous conseillons de faire preuve de cr&amp;eacute;ativit&amp;eacute; pour accrocher l&amp;#039;auditoire. Si vous &amp;ecirc;tes int&amp;eacute;ress&amp;eacute; et que vous d&amp;eacute;sirez plus d&amp;#039;informations, statistiques plus pr&amp;eacute;cises, etc.; n&amp;#039;h&amp;eacute;sitez pas &amp;agrave; r&amp;eacute;pondre &amp;agrave; ce mail.         Cordialement   Vincent Radigois','',1488854236,'Mozilla/5.0 (X11; U; Linux i686; it-IT; rv:1.9.0.2) Gecko/2008092313 Ubuntu/9.25 (jaunty) Firefox/3.8','2013-01-22 14:29:54'),(36,30,0,'Bonjour,&lt;br /&gt;Nous sommes heureux de vous presenter notre comparateur de prix nouvelle g&amp;eacute;n&amp;eacute;ration web2.0 &lt;br /&gt;Insertion de votre catalogue dans les rubriques apppropri&amp;eacute;es et dans le moteur de recherche.&lt;br /&gt;Un tarif fixe mensuel pour le prix extraordinaire de 35 &amp;euro; par mois, pas de frais au clic, une facture control&amp;eacute;e .&lt;br /&gt;L&amp;#039;offre est valable pour les 100 premiers uniquement,&lt;br /&gt;alors inscrivez-vous vite !&lt;br /&gt;&lt;br /&gt;http://www.ziloop.biz/magic/index.php?inscription=oui&lt;br /&gt;&lt;br /&gt;&lt;br /&gt;','',1323638928,'Mozilla/5.0 (compatible; MSIE 9.0; Windows NT 6.1; WOW64; Trident/5.0)','2013-01-24 17:02:37'),(37,32,0,'Bonjour, je suis charg&amp;eacute; de rep&amp;eacute;rer les sites e-commerces &amp;agrave; fort potentiel. Nous sommes sp&amp;eacute;cialis&amp;eacute;s dans l&amp;#039;acquisition de fans Facebook et followers Twitter. Nous pouvons vous proposer des remises sur nos packs au vu de votre boutique int&amp;eacute;ressante. Notre activit&amp;eacute; a pour but d&amp;#039;encore plus cr&amp;eacute;dibiliser et augmenter les ventes de votre boutique gr&amp;acirc;ce &amp;agrave; votre e-reputation. Notre site : http://acheterfollowers.com cordialement, Jean-Louis duranti&amp;egrave;re  (pour profiter des remises, merci de passer par le formulaire de contact sur le site, et &amp;eacute;crire en objet &amp;quot;vib&amp;quot;)','',1488854236,'Mozilla/5.0 (X11; U; Linux i686; it-IT; rv:1.9.0.2) Gecko/2008092313 Ubuntu/9.25 (jaunty) Firefox/3.8','2013-01-28 16:19:00'),(38,33,0,'Bonjour,&lt;br /&gt;Je vais cesser mon activit&amp;eacute; le 15 mars 2013 (Pontcharra). Je poss&amp;egrave;de du mat&amp;eacute;riel que je souhaite vendre : notamment un four &amp;agrave; pain &amp;eacute;lectrique Bongard acquis en juillet 2009 et une chambre de fermentation Bongard acquise &amp;agrave; la m&amp;ecirc;me date (voir photo jointe).&lt;br /&gt;Pour plus de renseignements, vous pouvez me contacter par mail ou par t&amp;eacute;l&amp;eacute;phone (0688472346).&lt;br /&gt;Cordialement,&lt;br /&gt;C&amp;eacute;dric Vermillet.','5106a479e6aa52.jpg',1512746942,'Mozilla/5.0 (compatible; MSIE 9.0; Windows NT 6.1; WOW64; Trident/5.0)','2013-01-28 17:17:05'),(39,34,0,'Bonjour,&lt;br /&gt;&lt;br /&gt;J&amp;#039;ai eu l&amp;#039;occasion de vous rencontrer lorsque j&amp;#039;accompagnais serge dumontet (vs restauration) il y a 1 an et demi environ, et je suis en train de chercher du mat&amp;eacute;riel pour la semaine prochaine (neuf ou occase) :&lt;br /&gt;&lt;br /&gt;- plats gn1/1 pour gratins (60mm de profond ?)&lt;br /&gt;- chaffing dish gn1/1 (3 ou 4)&lt;br /&gt;- de quoi maintenir au chaud des tartes ou pizza en buffet ?&lt;br /&gt;&lt;br /&gt;Je monte une soci&amp;eacute;t&amp;eacute; de service traiteur/r&amp;eacute;ception avec un ami, et nous allons dans un premier temps avoir quelque chose le weekend du 16/17.&lt;br /&gt;&lt;br /&gt;merci par avance pour votre retour,&lt;br /&gt;&lt;br /&gt;cordialement,&lt;br /&gt;Romain','',1323550238,'Mozilla/5.0 (Macintosh; Intel Mac OS X 10_8_2) AppleWebKit/537.17 (KHTML, like Gecko) Chrome/24.0.1312.57 Safari/537.17','2013-02-01 21:07:56'),(40,35,0,'bonjour,&lt;br /&gt;&lt;br /&gt;je recherche un chariot de type parisien avec une plaque en bois sur chaque niveau de dimension 70 cm de prof., 1m de large, et 2m de haut. Les c&amp;ocirc;t&amp;eacute;s peuvent &amp;ecirc;tre ouvert. &lt;br /&gt;&lt;br /&gt;j&amp;#039;ai vu que vous aviez la ref http://www.saintclairmat.fr/product.php?id_product=166 qui pourrait convenir. Quelles sont ses dimensions exactes ?&lt;br /&gt;&lt;br /&gt;Une livraison sur lyon est elle possible ?&lt;br /&gt;&lt;br /&gt;cordialement,&lt;br /&gt;','',1841199141,'Mozilla/5.0 (X11; Ubuntu; Linux i686; rv:15.0) Gecko/20100101 Firefox/15.0','2013-02-12 10:39:21'),(41,36,0,'Bonjour,&lt;br /&gt;Je voulais savoir si vous pouviez livrer un four a sole &amp;eacute;lectrique 4 &amp;eacute;tages sur Montr&amp;eacute;al, Canada. Et quels sont vos conditions, sachant que nous payons en euros.&lt;br /&gt;Cordialement &lt;br /&gt;Bertrand Gaumer&lt;br /&gt;Www.painatartine.com ','',2147483647,'Mozilla/5.0 (iPad; CPU OS 6_1 like Mac OS X) AppleWebKit/536.26 (KHTML, like Gecko) Version/6.0 Mobile/10B141 Safari/8536.25','2013-02-16 13:36:36'),(42,37,0,'Madame, Monsieur,&lt;br /&gt;&lt;br /&gt;&lt;br /&gt;		J&amp;#039;aimerais par la pr&amp;eacute;sente vous proposer ma candidature pour un poste au sein de votre entreprise.&lt;br /&gt;&lt;br /&gt;		Au cours de mes diff&amp;eacute;rentes exp&amp;eacute;riences professionnelles, j&amp;#039;ai su faire preuve d&amp;#039;autonomie dans  mon travail et ainsi m&amp;#039;adapter aux diff&amp;eacute;rentes t&amp;acirc;ches que l&amp;#039;on m&amp;rsquo;a confi&amp;eacute;es.&lt;br /&gt;&lt;br /&gt;		Je suis toujours employ&amp;eacute;e chez Bricorama mais je cherche un travail qui serait plus en rapport avec mon parcours initial. C&amp;#039;est pourquoi je m&amp;#039;adresse &amp;agrave; vous, je suis une personne s&amp;eacute;rieuse, dynamique, motiv&amp;eacute;, ouverte aux autres et qui aime travailler en &amp;eacute;quipe. Je pense &amp;ecirc;tre la personne qu&amp;#039;il vous faut et que travailler au sein de votre entreprise serai une grande exp&amp;eacute;rience pour moi.&lt;br /&gt;&lt;br /&gt;		Mon C.V ci joint, vous exposera mes comp&amp;eacute;tences techniques.&lt;br /&gt;&lt;br /&gt;		Je serai heureuse de vous faire part de ma motivation lors d&amp;#039;un entretien, dans l&amp;#039;attente, je vous prie d&amp;#039;agr&amp;eacute;er, Madame, Monsieur, l&amp;#039;expression de mes salutations distingu&amp;eacute;es.&lt;br /&gt;&lt;br /&gt;&lt;br /&gt;&lt;br /&gt;&lt;br /&gt;&lt;br /&gt;											BOUQUET.J&lt;br /&gt;','51224a2cb62982.pdf',1322500264,'Mozilla/5.0 (Windows NT 6.1; WOW64) AppleWebKit/537.17 (KHTML, like Gecko) Chrome/24.0.1312.57 Safari/537.17','2013-02-18 16:35:10'),(43,38,0,'Bonjour,&lt;br /&gt; &lt;br /&gt;Voici la liste du mat&amp;eacute;riel que je peux acheter en occasion, &amp;agrave; condition que le mat&amp;eacute;riel soit en excellent &amp;eacute;tat et qu&amp;#039;une garantie soit assur&amp;eacute;e:&lt;br /&gt;Diviseuse hydraulique carr&amp;eacute;e cuve 20 Kg; grilles 20 et 40 divisions;&lt;br /&gt;Fa&amp;ccedil;onneuse oblique, p&amp;acirc;tons 100  &amp;agrave; 1200g, d&amp;eacute;bit maxi 1200 p&amp;acirc;tons/h;&lt;br /&gt;Repose p&amp;acirc;tons (360 p&amp;acirc;tons);&lt;br /&gt;P&amp;eacute;trin spirale 2 vitesses, cuve 220l;&lt;br /&gt;Batteur 3 outils, cuves 40l et 20l;&lt;br /&gt;Trancheuse &amp;agrave; pains semi automatique, largeur coupe 45 cm;&lt;br /&gt; &lt;br /&gt;Tour r&amp;eacute;frig&amp;eacute;r&amp;eacute; p&amp;acirc;tissier, dessus inox + dosseret, pour support 400*600, 4 portes, groupe int&amp;eacute;gr&amp;eacute;;&lt;br /&gt;Machine &amp;agrave; napper 1 pistolet, alimentation bag in box;&lt;br /&gt;Grill 2 faces pour panini;&lt;br /&gt; &lt;br /&gt;Echelles 8 bacs rectangulaires hauteur 145 (+ bacs)&lt;br /&gt;Echelles &amp;agrave; grilles 400*600 20 &amp;eacute;tages (+grilles)&lt;br /&gt;Echelles &amp;agrave; grilles 800*600 20 &amp;eacute;tages (+grilles)&lt;br /&gt;Plaques pleines silicon&amp;eacute;es 400*/600&lt;br /&gt;Lave ustensile panier 550*550&lt;br /&gt; &lt;br /&gt;Merci me recontacter si possibilit&amp;eacute;s en stock chez vous,&lt;br /&gt;Cordialement&lt;br /&gt;Laurent JULLIAN&lt;br /&gt;06 30 97 58 17','',33807636,'Mozilla/5.0 (Windows NT 6.0; rv:10.0.2) Gecko/20100101 Firefox/10.0.2','2013-02-23 09:30:16'),(44,39,0,'bonjour&lt;br /&gt;&lt;br /&gt;je suis a la recherche d&amp;#039;une trancheuse a pain serait il possible de me donner les tarifs ?&lt;br /&gt;&lt;br /&gt;merci c&lt;br /&gt;cordialement ','',1465619770,'Mozilla/5.0 (Windows NT 6.1) AppleWebKit/537.11 (KHTML, like Gecko) Chrome/23.0.1271.97 Safari/537.11','2013-02-23 09:31:12'),(45,40,0,'bonjour je voulais juste savoir si vous vendiez vos produit au particulier&lt;br /&gt;','',1456565686,'Mozilla/5.0 (compatible; MSIE 9.0; Windows NT 6.1; WOW64; Trident/5.0)','2013-02-23 15:44:21'),(46,41,0,'Bonjour,&lt;br /&gt;&lt;br /&gt;&lt;br /&gt;P&amp;eacute;nalis&amp;eacute; depuis de nombreux mois par Google, viens-comparer ne peut remonter dans les r&amp;eacute;sultats de recherche sans retravailler en profondeur la structure interne du site.&lt;br /&gt;&lt;br /&gt;Aussi, nous avons d&amp;eacute;tect&amp;eacute; que plusieurs sites dont le votre http://www.saintclairmat.fr propose un nombre trop important de backlink non naturel.&lt;br /&gt;Votre cas : 3 836 backlink (liens entrants) vers notre comparateur.&lt;br /&gt;&lt;br /&gt;Convaincu qu&amp;#039;ils sont p&amp;eacute;nalisants, nous vous demandons de bien vouloir en laisser un seul, ou de les supprimer tous si vous le souhaitez.&lt;br /&gt;&lt;br /&gt;Merci d&amp;#039;accuser r&amp;eacute;ception&lt;br /&gt;-- &lt;br /&gt;&lt;br /&gt;Cordialement,&lt;br /&gt;&lt;br /&gt;L&amp;#039;&amp;eacute;quipe viens-comparer.fr','',1324007179,'Mozilla/5.0 (Windows NT 6.1; WOW64; rv:19.0) Gecko/20100101 Firefox/19.0','2013-03-05 18:17:08'),(47,42,0,'Bonjour, nous souhaiterions avoir un devis pour &amp;eacute;quiper un laboratoire de transformation de produits fermiers. J&amp;#039;ai effectu&amp;eacute; un relev&amp;eacute; d&amp;#039;&amp;eacute;tat des lieux ainsi qu&amp;#039;un plan futur de ce projet. Vous pouvez me contacter au 04 69 84 32 53  Merci d&amp;#039;avance Mlle Lhopital La corneliere 69510 Yzeron','',1330799955,'Mozilla/5.0 (Windows NT 6.1; WOW64) AppleWebKit/537.17 (KHTML, like Gecko) Chrome/24.0.1312.52 Safari/537.17','2013-03-13 09:31:35'),(48,43,0,'Bonjour,&lt;br /&gt;Etant particulier et int&amp;eacute;ress&amp;eacute; par les fourneaux Westhal, je souhaiterai avoir de plus amples informations sur vos deux fourneaux en vente C00114 et C00115 (celui qui m&amp;#039;int&amp;eacute;resse le plus). &lt;br /&gt;Quels sont vos tarifs pour les particuliers pour ces fourneaux ? Livrez-vous sur la France (nous habitons en Eure-et-Loir) ? Y a-t-il une garantie constructeur sur ces fourneaux qui semblent neufs ? Quelles sont vos modalit&amp;eacute;s de paiement ?&lt;br /&gt;C&amp;#039;est un projet que nous souhaitez r&amp;eacute;aliser pour notre nouvelle maison dans laquelle nous rentrons au mois de juillet.&lt;br /&gt;D&amp;#039;avance merci pour votre r&amp;eacute;ponse.&lt;br /&gt;Cdt, St&amp;eacute;phane Polikar','',1511344459,'Mozilla/5.0 (Windows NT 6.1; WOW64; rv:19.0) Gecko/20100101 Firefox/19.0','2013-03-14 18:21:50'),(49,44,0,'Chers Messieurs,&lt;br /&gt;Vetta Macchi, une fabrication italienne d&amp;rsquo;&amp;eacute;quipements alimentaires, y compris trancheuses, balances, scie &amp;agrave; os, a &amp;eacute;t&amp;eacute; cr&amp;eacute;&amp;eacute; en 1946 et est situ&amp;eacute; &amp;agrave; Oggiona Santo Stefano, tr&amp;egrave;s ferm&amp;eacute; a Milan Malpensa a&amp;eacute;roport intercontinental.&lt;br /&gt;Tous nos produits sont une conception originale Vetta Macchi, et est en production dans Oggiona Santo Stefano.&lt;br /&gt;Pour tous les mod&amp;egrave;les de trancheuse a gravit&amp;eacute; et verticale, nous produisons la version aussi compl&amp;egrave;tement en acier inoxydable avec lame de diam&amp;egrave;tre 250mm. &amp;agrave; 350 mm. &lt;br /&gt;C&amp;rsquo;est trancheuses ne serait pas en concurrence directe avec votre ligne actuelle, et peut &amp;ecirc;tre promu avec succ&amp;egrave;s pour les applications lourdes o&amp;ugrave; la durabilit&amp;eacute;, l&amp;#039;apparence et / ou l&amp;#039;image d&amp;#039;assainissement repr&amp;eacute;senterait un plus d&amp;eacute;finis, tels que des restaurants, cuisine et grande &amp;eacute;picerie ou boucherie.&lt;br /&gt;En outre, nous sommes les seuls fabricants de balances m&amp;eacute;caniques et bascules.&lt;br /&gt;Ces mod&amp;egrave;les sont largement utilis&amp;eacute;s dans les cuisines des restaurants, des h&amp;ocirc;tels et dans beaucoup d&amp;#039;autres cas n&amp;eacute;cessitent une produit robuste, pr&amp;eacute;cise et durable.&lt;br /&gt;Si vous souhaitez promouvoir et vendre nos produits sous votre marque, nous sommes parfaitement en mesure de fournir nos produits sous une base OEM avec:&lt;br /&gt;&amp;middot; D&amp;eacute;claration de conformit&amp;eacute; CE sur mesure&lt;br /&gt;&amp;middot; Votre autocollants et les &amp;eacute;tiquettes&lt;br /&gt;Je vous souviens que nous ne vous demandons pas &amp;agrave; nos concessionnaires pour acheter une quantit&amp;eacute; minimum par an. &lt;br /&gt;Nous pouvons livr&amp;eacute; aussi une seule pi&amp;egrave;ce.&lt;br /&gt;J&amp;rsquo;attend de recevoir vos commentaires sur cette question et de discuter des prochaines &amp;eacute;tapes.&lt;br /&gt;N&amp;#039;h&amp;eacute;sitez pas &amp;agrave; me contacter par t&amp;eacute;l&amp;eacute;phone au num&amp;eacute;ro 39.0331.217366, par fax au num&amp;eacute;ro 39.0331.212303, ou par e-mail &amp;agrave; info@vettamacchi.com&lt;br /&gt;Notre web site: http://vettamacchi-it.webnode.it/&lt;br /&gt;&lt;br /&gt;Cordialement,&lt;br /&gt;&lt;br /&gt;Marco Macchi&lt;br /&gt;Directeur de ventes&lt;br /&gt;&lt;br /&gt;VETTA MACCHI s.r.l.&lt;br /&gt;&lt;br /&gt;      depuis 1946&lt;br /&gt;&lt;br /&gt;Trancheuse &amp;ndash; Balances &amp;ndash; &amp;eacute;quipement alimentaire&lt;br /&gt;Via 4 Novembre, 6/8&lt;br /&gt;21040 Oggiona S.Stefano (Varese) Italy&lt;br /&gt;Tel.: +39 0331 217366&lt;br /&gt;Fax: +39 0331 212303&lt;br /&gt;Portable : +39 338 8319924&lt;br /&gt;e-mail: info@vettamacchi.com&lt;br /&gt;web site: http://vettamacchi-it.webnode.it/','',2147483647,'Mozilla/4.0 (compatible; MSIE 8.0; Windows NT 5.1; Trident/4.0; .NET CLR 2.0.50727; .NET CLR 3.0.4506.2152; .NET CLR 3.5.30729; ','2013-03-21 17:14:29'),(50,45,0,'Bonjour je possede 1 percolateur Handi 1500w s&amp;eacute;rie zy120951 j&amp;#039;ai 1 probl&amp;eacute;me je mets 6 ou 9l d&amp;#039;eau et au bout de 6h je&amp;#039;nai toujours pas de caf&amp;eacute; j&amp;#039;ai perdu le mode d&amp;#039;emploi pouver vous me renseigner ou serait -il entart&amp;eacute; comment y rem&amp;eacute;dier cordialement','',1331381972,'Mozilla/5.0 (Windows NT 6.1; WOW64; rv:19.0) Gecko/20100101 Firefox/19.0','2013-03-23 21:52:06'),(51,45,0,'Bonjour  n&amp;#039;ayant pas de r&amp;eacute;ponse je me permer de vous demander si il possible de m&amp;#039;envoyer 1 mode d&amp;#039;emploi du percolateur Handi 1500w sur la photo je vois qui a comme 1 petit champignon moi je ne le possede pas donc qund mon eau a chauff&amp;eacute; mon caf&amp;eacute; &amp;eacute;t&amp;eacute; meme pas pas moulli&amp;eacute; la vapeur pass&amp;eacute; par le couvercle la piece la vender vous le mode d&amp;#039;emploi je le paye c&amp;#039;est Urgent ou puisje le faire r&amp;eacute;parer en cas de besoin voici mon adresse 50 ruedu trou au loup 62600 Berck sur mer cordialement','',1829658568,'Mozilla/5.0 (Windows NT 6.1; WOW64; rv:19.0) Gecko/20100101 Firefox/19.0','2013-03-27 09:23:31'),(52,46,0,'Pourriez-vous me communiquer le prix du piano de cuisson Lacanche que vous proposez sur votre site?&lt;br /&gt;&lt;br /&gt;(cuisini&amp;egrave;re noir, largeur 150cm)&lt;br /&gt;&lt;br /&gt;Merci,&lt;br /&gt;&lt;br /&gt;A. Pauwels','',1837145647,'Mozilla/5.0 (Windows NT 6.1; WOW64; rv:13.0) Gecko/20100101 Firefox/13.0.1','2013-04-01 21:37:21'),(53,47,0,'candidature','515e96785b6aa1.doc',1416042181,'Mozilla/5.0 (Windows NT 5.1; rv:19.0) Gecko/20100101 Firefox/19.0','2013-04-05 11:16:42'),(54,48,0,'Bonjour, &lt;br /&gt;Nous souhaiterions plusieurs renseignements concernant une &amp;eacute;ventuelle commande:&lt;br /&gt;Nous sommes int&amp;eacute;ress&amp;eacute;s par le surg&amp;eacute;lateur hengel d&amp;#039;occasion (4600&amp;euro;HT) et l&amp;#039;ensemble magasin zoin &amp;agrave; 2400&amp;euro; (pouvons nous avoir des photos du derri&amp;egrave;re de la vitrine). Est ce que ce mat&amp;eacute;riel est sous garantie? et pour la livraison, quel est le proc&amp;eacute;d&amp;eacute;?&lt;br /&gt;De m&amp;ecirc;me, nous avons 2 vitrines patissi&amp;egrave;res: 1 de 1,50m sec et 1 de 1,50m froid de d&amp;eacute;cembre 2012; ainsi que du mat&amp;eacute;riel de boulangerie. Quelles sont vos modalit&amp;eacute;s de reprise?  &lt;br /&gt;Dans l&amp;#039;attente de vous lire dans les meilleurs d&amp;eacute;lais,&lt;br /&gt;Bien cordialement&lt;br /&gt;&lt;br /&gt;Mickael TOCHE','',2147483647,'Mozilla/5.0 (Windows NT 6.1; WOW64) AppleWebKit/535.12 (KHTML, like Gecko) Maxthon/3.0 Chrome/18.0.966.0 Safari/535.12','2013-04-08 14:37:53'),(55,49,0,'&lt;br /&gt;&lt;br /&gt;pour cuisiniere tecnox CCG 7261 cherche 6 bruleurs a gaz et aussi les autres pieces qui control les bruleurs.&lt;br /&gt;&lt;br /&gt;Vitre et join pour la port pour foura a gaz tecnox &lt;br /&gt;typ. A10RES&lt;br /&gt;NR 000620602JAFRTXCA&lt;br /&gt;3N AC 400 V 50 HZ&lt;br /&gt;2X0.2KW&lt;br /&gt;TOT 12.5 KW&lt;br /&gt;IPX 0','',700414391,'Mozilla/4.0 (compatible; MSIE 7.0; Windows NT 5.1; BTRS102876; SIMBAR={86580C74-0B20-11E2-BCC7-001372BB580E}; .NET CLR 1.1.4322;','2013-04-08 19:27:22'),(56,50,0,'&lt;br /&gt;Bonjour,&lt;br /&gt;&lt;br /&gt;Ayant pass&amp;eacute; commande le 03-04-2013, je n&amp;#039;ai aucune nouvelle concernant cette derni&amp;egrave;re, il n&amp;#039;y a aucun num&amp;eacute;ro de suivi colissimo disponible &amp;agrave; ce jour. J&amp;#039;ai cependant bien &amp;eacute;t&amp;eacute; pr&amp;eacute;lev&amp;eacute;e du montant de la commande.&lt;br /&gt;&lt;br /&gt;Merci par avance pour votre r&amp;eacute;ponse.&lt;br /&gt;&lt;br /&gt;Cordialement,&lt;br /&gt;&lt;br /&gt;Rima EZZIANE&lt;br /&gt;0761124959&lt;br /&gt;77 rue Martre apt 307&lt;br /&gt;92110 Clichy&lt;br /&gt;&lt;br /&gt;&lt;br /&gt;&lt;br /&gt; &lt;br /&gt;','',1844092959,'Mozilla/5.0 (compatible; MSIE 9.0; Windows NT 6.1; WOW64; Trident/5.0)','2013-04-10 13:16:05'),(57,51,0,'bonsoir mercredi 17 avril je suis venu acheter un parisien  plus quelques grilles .je suis repartit sans la facture parce que vous ne pouviez pas la sortir . vous deviez me l envoyer par e mail ;je ne lai toujours pas recu  je vous redonne mon adresse .boulangerie monier raphael le bourg  42560 margerie chantagret          monier.raphael@wanadoo.fr     merci bonne soiree                      ','',1553825690,'Mozilla/4.0 (compatible; MSIE 8.0; Windows NT 5.1; Trident/4.0; GTB7.4; chromeframe/26.0.1410.64)','2013-04-26 19:27:50'),(58,52,0,'Bonjour,&lt;br /&gt;je suis en possession d&amp;#039;une armoire n&amp;eacute;gative 2 portes de marque ACTIF je suis en panne, avez-vous le&lt;br /&gt;petit moteur qui sert &amp;agrave; refroidir le groupe de condensation de type RM016/220V&lt;br /&gt;Pouvez-vous m&amp;#039;en indiquer le prix, le d&amp;eacute;lai et la marche &amp;agrave; suivre pour la commande.&lt;br /&gt;Sinc&amp;egrave;res salutations.','',1322609300,'Mozilla/5.0 (compatible; MSIE 9.0; Windows NT 6.1; Win64; x64; Trident/5.0; MATM)','2013-04-27 10:51:11'),(59,53,0,'Je suis int&amp;eacute;ress&amp;eacute; par la dresseuse pocheuse (N&amp;deg; ML00013). Puis-je avoir plus d&amp;#039;informations sur cette machine. Je la veux pour la Mauritanie, quelles seront dans ce cas les modalit&amp;eacute;s de paiement et d&amp;#039;exp&amp;eacute;dition?&lt;br /&gt;&lt;br /&gt;Mohamed Biha&lt;br /&gt;Nouakchott Mauritanie&lt;br /&gt;Tel: +222 36303187','',700209619,'Mozilla/5.0 (compatible; MSIE 10.0; Windows NT 6.1; WOW64; Trident/6.0)','2013-04-27 11:32:31'),(60,54,0,'Silence,on intoxique,d&amp;eacute;gagement de formol+ph&amp;eacute;nol provenant des COLLESe trouvant dans les laines min&amp;eacute;rales isolant FOURS de boulangers et autres...,et &amp;agrave; force de d&amp;eacute;gradation de ces COLLES ,= FORMIATE,possible dans les chambres de cuisson,selon les personnes,le PAIN pollu&amp;eacute; a le go&amp;ucirc;t d essence, cigarettes ou de moisi.VOIR 3 courriers de Mme,GUIMON www.inrs.fr p&amp;ocirc;le risques chimiques tel 0140443000,sur http://www.facebook.com/robert.reeb.35 constats photos d huissier expert sur cla d&amp;eacute;gradation de mon FOUR,l isolant laines min&amp;eacute;rales,et sur ce d&amp;eacute;gagement TOXIQUE-TOUS LES CONSTUCTEURS SONT AU COURANT DE CES D&amp;Eacute;GAGEMENTS TOXIQUES-ils arrivent tr&amp;egrave;s souvant que desFOURSprennent feu-CES LES COLLES-','',1354343614,'Mozilla/5.0 (PLAYSTATION 3 4.41) AppleWebKit/531.22.8 (KHTML, like Gecko)','2013-05-16 09:41:12'),(61,55,0,'Bonjour,&lt;br /&gt;je suis actuellement &amp;agrave; la recherche d&amp;#039;un piano de cuisson de marque lacanche ou &amp;eacute;quivalent et j&amp;#039;aurais aim&amp;eacute; avoir quelques renseignements compl&amp;eacute;mentaire sur le mod&amp;egrave;le cluny pr&amp;eacute;sent&amp;eacute; sur votre site:&lt;br /&gt;_ le piano est il neuf, sinon de quelle ann&amp;eacute;e est il&lt;br /&gt;_ quel type de br&amp;ucirc;leur est en place (gaz de ville ou bouteille)&lt;br /&gt;_ &amp;eacute;tat g&amp;eacute;n&amp;eacute;ral&lt;br /&gt;_ prix&lt;br /&gt;&lt;br /&gt;Merci pour votre r&amp;eacute;ponse,&lt;br /&gt;&lt;br /&gt;Cordialement,&lt;br /&gt;&lt;br /&gt;BAUDOUIN Olivier','',1384091543,'Mozilla/5.0 (Windows NT 5.1) AppleWebKit/537.11 (KHTML, like Gecko) Chrome/23.0.1271.97 Safari/537.11','2013-05-27 19:48:27'),(62,35,0,'bonjour,&lt;br /&gt;&lt;br /&gt;je recherche deux parisiens de ce type d&amp;#039;occasion : http://www.leboncoin.fr/restauration_hotellerie/475809315.htm?ca=22_s&lt;br /&gt;&lt;br /&gt;merci de me contacter si vous avez cela en stock.&lt;br /&gt;&lt;br /&gt;cordialement,','',1841199141,'Mozilla/5.0 (X11; Ubuntu; Linux i686; rv:20.0) Gecko/20100101 Firefox/20.0','2013-06-04 10:52:39'),(63,56,0,'Bonjour,&lt;br /&gt;suite &amp;agrave; notre contact t&amp;eacute;l&amp;eacute;phonique, veuillez trouver ci-joint les photos pour le mat&amp;eacute;riel suivant:&lt;br /&gt;Tout ce mat&amp;eacute;riel &amp;agrave; moins de 2 ans d&amp;#039;activit&amp;eacute;:&lt;br /&gt;- Un buffet pyramide r&amp;eacute;frig&amp;eacute;r&amp;eacute; motoris&amp;eacute; de 136cm de c&amp;ocirc;t&amp;eacute;&lt;br /&gt;- Un buffet r&amp;eacute;frig&amp;eacute;r&amp;eacute; 138 / 95cm&lt;br /&gt;- Une mini friteuse&lt;br /&gt;- Un r&amp;eacute;chauffe frite 56/33cm&lt;br /&gt;- Une machine &amp;agrave; Panini 31/41cm&lt;br /&gt;- Un bain marie 3 bacs 60/120cm&lt;br /&gt;- une friteuse&lt;br /&gt;Restant &amp;agrave; votre disposition.&lt;br /&gt;&lt;br /&gt;Cordialement','51b1a301d77a2e.jpg',1553843574,'Mozilla/5.0 (Windows NT 6.2; WOW64) AppleWebKit/537.36 (KHTML, like Gecko) Chrome/27.0.1453.110 Safari/537.36','2013-06-07 11:08:19'),(64,56,0,'envoi n&amp;deg;2','51b1a3303d42ed.jpg',1553843574,'Mozilla/5.0 (Windows NT 6.2; WOW64) AppleWebKit/537.36 (KHTML, like Gecko) Chrome/27.0.1453.110 Safari/537.36','2013-06-07 11:09:04'),(65,56,0,'envoi 3','51b1a348b285de.jpg',1553843574,'Mozilla/5.0 (Windows NT 6.2; WOW64) AppleWebKit/537.36 (KHTML, like Gecko) Chrome/27.0.1453.110 Safari/537.36','2013-06-07 11:09:29'),(66,56,0,'envoi 4','51b1a35b58b7de.jpg',1553843574,'Mozilla/5.0 (Windows NT 6.2; WOW64) AppleWebKit/537.36 (KHTML, like Gecko) Chrome/27.0.1453.110 Safari/537.36','2013-06-07 11:09:48'),(67,56,0,'envoi 5','51b1a377928c7e.jpg',1553843574,'Mozilla/5.0 (Windows NT 6.2; WOW64) AppleWebKit/537.36 (KHTML, like Gecko) Chrome/27.0.1453.110 Safari/537.36','2013-06-07 11:10:16'),(68,56,0,'envoi 6','51b1a3878e0c0e.jpg',1553843574,'Mozilla/5.0 (Windows NT 6.2; WOW64) AppleWebKit/537.36 (KHTML, like Gecko) Chrome/27.0.1453.110 Safari/537.36','2013-06-07 11:10:32'),(69,56,0,'envoi 7','51b1a39b9cedfi.jpg',1553843574,'Mozilla/5.0 (Windows NT 6.2; WOW64) AppleWebKit/537.36 (KHTML, like Gecko) Chrome/27.0.1453.110 Safari/537.36','2013-06-07 11:10:52'),(70,57,0,'bonjour est il possible d&amp;#039;avoir un &amp;eacute;clat&amp;eacute; complet avec nomenclature des pieces et sch&amp;eacute;ma electrique pour un mixer&lt;br /&gt;B10 GFA 220V DAUMAS&lt;br /&gt;&lt;br /&gt;Je vous remercie sinc&amp;egrave;res salutations fert&lt;br /&gt;','',1405715696,'Mozilla/5.0 (Windows NT 5.1; rv:21.0) Gecko/20100101 Firefox/21.0','2013-06-11 16:43:17'),(71,58,0,'Halim,&lt;br /&gt;puis-je avoir les infos sur la fontaine &amp;agrave; eau ?&lt;br /&gt;D&amp;#039;avance Merci&lt;br /&gt;Johan Revillon&lt;br /&gt;0609046643','',2147483647,'Mozilla/5.0 (Macintosh; Intel Mac OS X 10_8_3) AppleWebKit/537.36 (KHTML, like Gecko) Chrome/27.0.1453.110 Safari/537.36','2013-06-15 11:34:28'),(72,59,0,'Bonjour,&lt;br /&gt;Je suis &amp;agrave; la recherche du mat&amp;eacute;riel suivant:&lt;br /&gt;&lt;br /&gt;- Vieux bar&lt;br /&gt;- Vieux frigo type ann&amp;eacute;e 50&lt;br /&gt;- Tout &amp;eacute;l&amp;eacute;ments de bar ancien &lt;br /&gt;- Une vielle r&amp;ocirc;tissoire &lt;br /&gt;&lt;br /&gt;Merci de me faire parvenir la liste de votre mat&amp;eacute;riel. &lt;br /&gt;bien cordialement&lt;br /&gt;&lt;br /&gt;Charles-Harold Courtine&lt;br /&gt;Assistant manager Folie Douce Alpe d&amp;#039;Huez&lt;br /&gt;0687746931&lt;br /&gt;ch.courtine@gmail.com','',1515491485,'Mozilla/5.0 (Macintosh; Intel Mac OS X 10.6; rv:21.0) Gecko/20100101 Firefox/21.0','2013-06-17 10:57:57'),(73,60,0,'Bonjour,&lt;br /&gt;&lt;br /&gt;Prestataire pour le r&amp;eacute;f&amp;eacute;rencement naturel du site  http://www.matchef.com/  , nous recherchons des sites de votre th&amp;eacute;matique pour un &amp;eacute;change de liens r&amp;eacute;ciproque, le but &amp;eacute;tant d&amp;#039;am&amp;eacute;liorer le positionnement de nos 2 sites dans les moteurs de recherche. &lt;br /&gt;(cf : &amp;laquo; pourquoi un &amp;eacute;change de liens &amp;raquo;)&lt;br /&gt;Apr&amp;egrave;s avoir visit&amp;eacute; votre site   http://www.saintclairmat.fr/    , nous pensons que nous pouvons proc&amp;eacute;der &amp;agrave; cette op&amp;eacute;ration &amp;laquo; gagnant-gagnant &amp;raquo; en terme de visibilit&amp;eacute; sur Internet.&lt;br /&gt;Cela vous int&amp;eacute;resse-t-il ?&lt;br /&gt;En pratique, vous ins&amp;eacute;rez le lien vers notre site http://www.matchef.com/  sur une page de votre site (dans le texte d&amp;rsquo;une page, le footer de votre site ou dans la page partenaire) et de notre c&amp;ocirc;t&amp;eacute;,  nous ferons la m&amp;ecirc;me chose pour votre site.&lt;br /&gt;Si vous &amp;ecirc;tes d&amp;rsquo;accord, merci de placer alors ce code HTML :&lt;br /&gt;&amp;lt;a href=&amp;quot;http://www.matchef.com/materiel-snack.html&amp;quot; target=&amp;quot;_blank&amp;quot; title=&amp;quot;mat&amp;eacute;riel snack&amp;quot;&amp;gt;mat&amp;eacute;riel snack&amp;lt;/a&amp;gt;&lt;br /&gt;et nous transmettre en retour, le lien d&amp;rsquo;ancrage (texte) que vous souhaitez faire apparaitre sur le lien de votre site que nous ins&amp;eacute;rerons.&lt;br /&gt;Restant &amp;agrave; votre disposition pour toute information compl&amp;eacute;mentaire.&lt;br /&gt;Dans l&amp;rsquo;attente de vous lire,		&lt;br /&gt;Cordialement,&lt;br /&gt;&lt;br /&gt;Christian Marx |eGate R&amp;eacute;f&amp;eacute;rencement&lt;br /&gt;57 rue de Rennes 75006 Paris&lt;br /&gt;www.egatereferencement.com&lt;br /&gt;','',629334037,'Mozilla/5.0 (Windows NT 5.1; rv:21.0) Gecko/20100101 Firefox/21.0','2013-06-24 13:32:56'),(74,61,0,'J&amp;#039;ai visit&amp;eacute; votre site et j&amp;#039;ai v&amp;eacute;rifi&amp;eacute; que vous vendez des machines diff&amp;eacute;rentes pour les bars, h&amp;ocirc;tels, etc...&lt;br /&gt;Ensuite, je voudrais savoir si vous avez la possibilit&amp;eacute; d&amp;#039;installer des machines comme presse agrumes d&amp;#039;oranges, polissoirs de coutellerie, decarbonisers ou de polisseurs de verres, que nous sommes des fabricants de ces machines, et peut-&amp;ecirc;tre nous pourrions coop&amp;eacute;rer et travailler ensemble. Nous recherchons des revendeurs dans votre r&amp;eacute;gion, donc je pense que nous pourrions essayer de commencer &amp;agrave; travailler ensemble.&lt;br /&gt;Si tu pouvais &amp;ecirc;tre int&amp;eacute;ress&amp;eacute; vient me le faire savoir. Je ne veux pas vous perdre votre temps, vous pouvez visiter notre site Web www.frucosol.com  ou notre blog  www.frucosol.blogspot.com pour obtenir plus d&amp;#039;informations sur nous, et les machines que nous fabriquons.&lt;br /&gt;&lt;br /&gt;Si vous souhaitez recevoir plus d&amp;#039;informations, n&amp;#039;h&amp;eacute;sitez pas &amp;agrave; me le faire savoir.&lt;br /&gt;','',1476497902,'Mozilla/5.0 (Windows NT 6.1; WOW64) AppleWebKit/537.36 (KHTML, like Gecko) Chrome/27.0.1453.116 Safari/537.36','2013-06-26 16:42:38'),(75,62,0,'Bonjour,&lt;br /&gt;&lt;br /&gt;suite &amp;agrave; mon appel t&amp;eacute;l&amp;eacute;phonique de ce matin, pouvez-vous me faire parvenir rapidement par mail un devis pour la location d&amp;acute;un four de remise en temp&amp;eacute;rature 5 niveaux. Il s&amp;acute;agit bien d&amp;acute;un four de remise en temp&amp;eacute;rature et pas un four conventionnel ou de maintien en temp&amp;eacute;rature.&lt;br /&gt;&lt;br /&gt;les coordonn&amp;eacute;s de l&amp;acute;association pour le devis sont &lt;br /&gt;&lt;br /&gt;Association 3 P&amp;#039;TITS POINTS&lt;br /&gt;Mairie de Vaulx&lt;br /&gt;Chef-lieu&lt;br /&gt;74150 Vaulx&lt;br /&gt;&lt;br /&gt;le mail pour le devis est : ange.pozzo@gmail.com&lt;br /&gt;&lt;br /&gt;nous aurions besoin du four sur une p&amp;eacute;riode du 08/07/2013 au 19/07/2013 soit deux semaines.&lt;br /&gt; &lt;br /&gt;merci de pr&amp;eacute;ciser si possible les horaires pour l&amp;acute;enl&amp;egrave;vement et la restitution, ainsi que la caution.&lt;br /&gt;&lt;br /&gt;il s&amp;acute;agit d&amp;acute;un centre de loisirs pour enfants qui a lieu apr&amp;egrave;s l&amp;acute;ann&amp;eacute;e scolaire, les repas sont livr&amp;eacute;s en liaison froide dans des barquettes ne pouvant pas d&amp;eacute;passer 120C.&lt;br /&gt;&lt;br /&gt;dans l&amp;acute;attente de votre devis,&lt;br /&gt;Cdlt.&lt;br /&gt;Ange POZZO&lt;br /&gt;&lt;br /&gt;&lt;br /&gt;','',1512642164,'Mozilla/5.0 (X11; Ubuntu; Linux i686; rv:20.0) Gecko/20100101 Firefox/20.0','2013-06-28 10:11:18'),(76,63,0,'bonjour, je recherche une vitrine r&amp;eacute;friger&amp;eacute; de longueur 1m20 ou 1m50 mobile sur roulette.j&amp;#039;ai un budjet de 1000 euros en espece, avez vous quelque chose &amp;agrave; me proposer??&lt;br /&gt;merci de me r&amp;eacute;pondre.&lt;br /&gt;&lt;br /&gt;Mr feugier&lt;br /&gt;','',1383737197,'Mozilla/5.0 (Windows NT 6.0) AppleWebKit/537.36 (KHTML, like Gecko) Chrome/27.0.1453.116 Safari/537.36','2013-06-29 12:06:59'),(77,64,0,'Bonjour&lt;br /&gt;&lt;br /&gt;Je cherche un piano 4/6 feux avec ou sans four, 90 cm de profondeur.&lt;br /&gt;Merci de votre r&amp;eacute;ponse','',1049870162,'Mozilla/5.0 (Windows NT 6.1; WOW64) AppleWebKit/537.11 (KHTML, like Gecko) Chrome/23.0.1271.97 Safari/537.11','2013-07-03 13:34:38'),(78,65,0,'bonjour , faite vous le montage des fours dans toute la france ? &lt;br /&gt;ou faite vous que la vente au revendeur ou direct client ? &lt;br /&gt;&lt;br /&gt;et faite vous la location de mat&amp;eacute;riel aussi sur toute la france ? &lt;br /&gt; &lt;br /&gt;&lt;br /&gt;DANS L ATTENTE DE VOUS LIRE MERCI &lt;br /&gt;&lt;br /&gt;olard sebastien &lt;br /&gt;entreprise laronche courtage / apporteur d affaire &lt;br /&gt;14710 AIGNERVILLE &lt;br /&gt;CALVADOS ','',1400078961,'Mozilla/5.0 (Windows NT 5.1; rv:22.0) Gecko/20100101 Firefox/22.0','2013-07-16 08:25:32'),(79,66,0,'Apr&amp;egrave;s notre appel t&amp;eacute;l&amp;eacute;phonique de ce jour, je suis int&amp;eacute;ress&amp;eacute; par une armoire cong&amp;eacute;lateur n&amp;eacute;gative avec une porte vitr&amp;eacute;e. Qu&amp;#039;avez vous &amp;agrave; me proposer? Merci pour votre r&amp;eacute;ponse.&lt;br /&gt;Rita Dehaeck ','',1538622095,'Mozilla/5.0 (Windows NT 6.1; WOW64) AppleWebKit/537.36 (KHTML, like Gecko) Chrome/28.0.1500.72 Safari/537.36','2013-07-23 10:40:57'),(80,67,0,'Apr&amp;egrave;s notre appel t&amp;eacute;l&amp;eacute;phonique de ce jour, je suis int&amp;eacute;ress&amp;eacute; par une armoire cong&amp;eacute;lateur n&amp;eacute;gative avec une porte vitr&amp;eacute;e. Qu&amp;#039;avez vous &amp;agrave; me proposer? Merci pour votre r&amp;eacute;ponse. Dans mon pr&amp;eacute;c&amp;eacute;dent mail l&amp;#039;adresse mail n&amp;#039;&amp;eacute;tait pas correcte.','',1538622095,'Mozilla/5.0 (compatible; MSIE 10.0; Windows NT 6.1; WOW64; Trident/6.0)','2013-07-23 12:08:16'),(81,68,0,'Mr Halim&lt;br /&gt;bonjour&lt;br /&gt;Je suis a la recherche d&amp;#039;une vitrine pour boulangerie comme celle qui la acheter Mohamed (Rillieux). &lt;br /&gt;Je vous envoie ce mail suite a notre conversation t&amp;eacute;l&amp;eacute;phonique d&amp;#039;aujourd&amp;#039;hui.&lt;br /&gt;Dans l&amp;rsquo;attente de votre r&amp;eacute;ponse veuillez acceptez mes salutation les plus distingu&amp;eacute;es et Takabbala Allah.&lt;br /&gt;Mr Ben Amor&lt;br /&gt;Tel:  0777954166  ','',1375332644,'Mozilla/5.0 (Windows NT 5.1; rv:22.0) Gecko/20100101 Firefox/22.0','2013-07-27 12:39:26'),(82,69,0,'bonjour je suis monsieur isaac je recherche des partener pour vendre des machines de pui la belgique a partir de 1997 a 2013 diviseuse bateur petrin turbines soft tous en boulangerie chocolatrie bouherie si je c&amp;#039;est a voir le responsable des achat cordialement isaac','',1355327252,'Mozilla/5.0 (Windows NT 6.1; WOW64) AppleWebKit/537.36 (KHTML, like Gecko) Chrome/28.0.1500.95 Safari/537.36','2013-08-14 17:00:24'),(83,70,0,'Bonjour, Professionnel de l&amp;#039;&amp;eacute;lectricit&amp;eacute; (soci&amp;eacute;t&amp;eacute; Electranord)  travaillant d&amp;eacute;j&amp;agrave; pour l&amp;#039;entreprise Taurus (vente et pose de mat&amp;eacute;riel de cuisine) pour l&amp;#039;installation &amp;eacute;lectrique de leurs cuisines,&lt;br /&gt;Je me permet de venir vers vous a fin de vous propos&amp;eacute; nos  service .&lt;br /&gt;Mon Num&amp;eacute;ro de t&amp;eacute;l&amp;eacute;phone 06.10.29.98.45&lt;br /&gt;Cordialement&lt;br /&gt;Mr Robin Pages','',1324944148,'Mozilla/5.0 (compatible; MSIE 10.0; Windows NT 6.1; WOW64; Trident/6.0)','2013-08-28 15:07:01'),(84,71,0,'Bonjour,&lt;br /&gt;je serais int&amp;eacute;ress&amp;eacute; par la vitrine JORDAO pr&amp;eacute;sent&amp;eacute; sur votre site :&lt;br /&gt;http://www.saintclairmat.fr/product.php?id_product=548&lt;br /&gt;&lt;br /&gt;Est-il possible de la voir ?&lt;br /&gt;merci&lt;br /&gt;Cordialement&lt;br /&gt;Gilles THOMAS&lt;br /&gt;06 75 08 21 79','',1512743346,'Mozilla/5.0 (Windows NT 6.1; WOW64; rv:23.0) Gecko/20100101 Firefox/23.0','2013-08-29 12:26:31'),(85,72,0,'bonsoir&lt;br /&gt;&lt;br /&gt;Pouvez vous m&amp;#039;envoyer un num&amp;eacute;ro de t&amp;eacute;l&amp;eacute;phone joignable, le num&amp;eacute;ro indiquer ne r&amp;eacute;pond pas.&lt;br /&gt;&lt;br /&gt;Cordialement','',1510175701,'Mozilla/5.0 (Windows NT 5.1) AppleWebKit/537.36 (KHTML, like Gecko) Chrome/29.0.1547.66 Safari/537.36','2013-09-09 18:49:23'),(86,73,0,'Bonjour,&lt;br /&gt;&lt;br /&gt;Je vous contacte suite a notre revue de votre site internet. Nous avons &amp;eacute;t&amp;eacute; impressionn&amp;eacute;s par sa richesse et son organisation et nous serons ravis de d&amp;eacute;velopper un partenariat b&amp;eacute;n&amp;eacute;fique &amp;agrave; nos deux soci&amp;eacute;t&amp;eacute;s&lt;br /&gt;&lt;br /&gt;Quelques mots au sujet de notre soci&amp;eacute;t&amp;eacute; (www.idm-dispenser.com): IDM-distributeur Ltd est une soci&amp;eacute;t&amp;eacute; internationale qui con&amp;ccedil;oit et d&amp;eacute;veloppe des distributeurs alimentaires depuis plus de 20 ans. Nous sommes la societe qui a cr&amp;eacute;&amp;eacute; le c&amp;eacute;l&amp;egrave;bre distributeur de c&amp;eacute;r&amp;eacute;ale que vous trouvez actuellement de par le monde dans les plus grands h&amp;ocirc;tels ainsi que ses deriv&amp;eacute;s. &lt;br /&gt;&lt;br /&gt;En parall&amp;egrave;le, nous venons de d&amp;eacute;velopper de nouveaux mod&amp;egrave;les (a usage prive ainsi que commercial) que nous d&amp;eacute;sirons positionner sur le march&amp;eacute; fran&amp;ccedil;ais et nous recherchons un partenaire capable d&amp;#039;exposer ces nouveaux distributeurs selon une m&amp;eacute;thode de dropshipping (m&amp;ecirc;me m&amp;eacute;thode que nous utilisons en Allemagne, en Angleterre ainsi qu&amp;#039;en Italie).&lt;br /&gt;&lt;br /&gt;Nos distributeurs sont hygi&amp;eacute;niques, esth&amp;eacute;tiques et conviviaux et sont adapt&amp;eacute;s a une utilisation priv&amp;eacute;e ou commerciale.&lt;br /&gt;&lt;br /&gt;Nous d&amp;eacute;sirons vous proposer les 3 mod&amp;egrave;les suivant:&lt;br /&gt;&lt;br /&gt;1-Click Topping: http://www.idm-dispenser.com/category/click-topping-ice-cream-topping-dispenser&lt;br /&gt;&lt;br /&gt;2-DK30: http://www.idm-dispenser.com/product/dk30-new&lt;br /&gt;&lt;br /&gt;3-Kell: http://www.idm-dispenser.com/product/kell-200&lt;br /&gt;&lt;br /&gt;Notre service marketing a d&amp;eacute;velopp&amp;eacute; un portfolio extr&amp;ecirc;mement riche et attrayant de ces produits et je serais ravie de discuter par t&amp;eacute;l&amp;eacute;phone cette proposition avantageuse &amp;agrave; nos deux soci&amp;eacute;t&amp;eacute;s.&lt;br /&gt;&lt;br /&gt;Avec mes salutations distingu&amp;eacute;es,&lt;br /&gt;&lt;br /&gt;&lt;br /&gt;&lt;br /&gt;&lt;br /&gt;Tali Schwartz&lt;br /&gt;&lt;br /&gt;VP marketing |IDM Ltd.&lt;br /&gt;&lt;br /&gt;clickdis@idm-dispenser.com&lt;br /&gt;&lt;br /&gt;www.idm-dispenser.com&lt;br /&gt;&lt;br /&gt;&lt;br /&gt;&lt;br /&gt;&lt;br /&gt;Email: clickdis@idm-dispenser.com || Main site: www.idm-dispenser.com || &lt;br /&gt;&lt;br /&gt;New site: www.cereal-dispenser.com || Gallery: IDM 2013 Gallery ||Shopping online IDM Store || Tel: +44 (0) 208 432 9988','',1337236426,'Mozilla/5.0 (compatible; MSIE 10.0; Windows NT 6.1; Trident/6.0; BOIE9;ENUS)','2013-09-10 07:16:34'),(87,74,0,'Bonjour,&lt;br /&gt;je suis sur un projet de cr&amp;eacute;ation de boulangerie p&amp;acirc;tisserie, actuellement, et je cherche le mat&amp;eacute;riel pour &amp;eacute;quiper le laboratoire.&lt;br /&gt;Pourriez-vous m&amp;#039;&amp;eacute;tablir un devis, par rapport &amp;agrave; vos mat&amp;eacute;riels d&amp;#039;occasion que j&amp;#039;ai pu voir sur le site et qui m&amp;#039;int&amp;eacute;ressent fortement.&lt;br /&gt;Au plaisir de vous lire et bien cordialement,&lt;br /&gt;J-F RIVAT','',1510548669,'Mozilla/5.0 (Windows NT 6.1; WOW64) AppleWebKit/537.36 (KHTML, like Gecko) Chrome/29.0.1547.66 Safari/537.36','2013-09-18 05:08:15'),(88,75,0,'Je le voul le vouz envi&amp;egrave; notre proposition avec la presentation de notre enterprise.&lt;br /&gt;&lt;br /&gt;Merci&amp;igrave;','523b078f355f3S.pdf',1610481432,'Mozilla/5.0 (Windows NT 5.1; rv:23.0) Gecko/20100101 Firefox/23.0','2013-09-19 16:17:52'),(89,76,0,'Bonjour,&lt;br /&gt;&lt;br /&gt;Pourriez-vous m&amp;#039;indiquer le prix du mod&amp;egrave;le suivant : Piano Lacanche&lt;br /&gt;&lt;br /&gt;Fourneau 4 feux vifs, 1 plaque coupe feux&lt;br /&gt;sur 1 four gaz et 1 four &amp;eacute;lectrique&lt;br /&gt;&lt;br /&gt;Merci.','',1426142942,'Mozilla/5.0 (Macintosh; Intel Mac OS X 10_7_5) AppleWebKit/536.29.13 (KHTML, like Gecko) Version/6.0.4 Safari/536.29.13','2013-09-28 22:41:19'),(90,77,0,'Bonsoir,&lt;br /&gt;Suite &amp;agrave; notre conversation t&amp;eacute;l&amp;eacute;phonique je vous fait part de mon adresse Mail &amp;eacute;tant &amp;agrave; la recherche d une vitrine r&amp;eacute;frig&amp;eacute;r&amp;eacute;e , s&amp;egrave;che et son comptoir droite Long Max 4 - 5 m&amp;egrave;tres avec froid ventile . &lt;br /&gt;Dans l attente d un retour suite &amp;agrave; ma requ&amp;ecirc;te .&lt;br /&gt;Cordialement &lt;br /&gt;Mme et Mr GIRARD','',1455919819,'Mozilla/5.0 (iPad; CPU OS 7_0 like Mac OS X) AppleWebKit/537.51.1 (KHTML, like Gecko) Version/7.0 Mobile/11A465 Safari/9537.53','2013-09-30 18:40:52'),(91,78,0,'bonjour&lt;br /&gt;je suis cuisinier  je souhaite savoir&lt;br /&gt;si vous aviez en destokage des piono lacanche&lt;br /&gt;4 feux+1 plaque coupe de feu ou 5 feux vif&lt;br /&gt;quel sont les prix&lt;br /&gt;mes salutations','',2147483647,'Mozilla/5.0 (compatible; MSIE 10.0; Windows NT 6.1; Trident/6.0)','2013-10-08 01:12:51'),(92,79,0,'20/40 litres &lt;br /&gt;','',1553785407,'Mozilla/5.0 (compatible; MSIE 10.0; Windows NT 6.1; WOW64; Trident/6.0)','2013-10-09 08:06:24'),(93,80,0,'bonjour&lt;br /&gt;je suis a la recherche d&amp;#039;une balancelle a chargement automatique d&amp;#039;ocasion&lt;br /&gt;cordialement','',1829560509,'Mozilla/5.0 (Windows NT 6.1; WOW64) AppleWebKit/537.36 (KHTML, like Gecko) Chrome/30.0.1599.69 Safari/537.36','2013-10-10 18:03:02'),(94,81,0,'Madame, Monsieur,&lt;br /&gt;&lt;br /&gt;J&amp;#039;espere que votre controle fiscal c&amp;#039;est bien pass&amp;eacute;!!! et qu&amp;#039;ils sont repartis bredouille.&lt;br /&gt;Nous sommes pass&amp;eacute;s avec ma femme lundi et avons vu avec Mr Halim divers materiels.&lt;br /&gt;Vous deviez me faire parvenir un devis, peut etre n&amp;#039;avez vous pas eu encore le temps de le finaliser. je vous redonne mon adresse mail au cas ou.&lt;br /&gt;info@chaletlamarmotte.com&lt;br /&gt;&lt;br /&gt;Marmottement votre.&lt;br /&gt;&lt;br /&gt;Laurent GINET&lt;br /&gt;Chalet La Marmotte&lt;br /&gt;73480 Bonneval sur arc&lt;br /&gt;06 70 61 64 24 &lt;br /&gt;','',1455996348,'Mozilla/4.0 (compatible; MSIE 8.0; Windows NT 5.1; Trident/4.0; .NET CLR 2.0.50727; .NET CLR 3.0.4506.2152; .NET CLR 3.5.30729; ','2013-10-31 06:56:47'),(95,82,0,'suite a l achat d une boulangerie patisserie  ver st exupery j aurai voulu un devi  pour: un tour refrigerer 4portes, un batteur melanger 40/20l,un laminoir a bande sur socle ,une plonge, une chambre froid negative dimension a voire, merci d avance ','',1371129968,'Mozilla/5.0 (Windows NT 6.0) AppleWebKit/537.36 (KHTML, like Gecko) Chrome/30.0.1599.101 Safari/537.36','2013-11-06 06:34:26'),(96,83,0,'Bonjour, je viens silliciter votre entreprise pour un poste de monteur,installateur,livreur,, jai plusieurs ann&amp;eacute;es d&amp;#039;experiences dans l&amp;#039;installation de materiels alimentaire et de grandes cuisines, collectivit&amp;eacute;, et restauration,je me tiens a votre disposition pour plus de rensseigments( je suis libre immediatement) cordialement','5282266ba38afr.pdf',1383756620,'Mozilla/5.0 (compatible; MSIE 9.0; Windows NT 6.0; Trident/5.0)','2013-11-12 14:00:41'),(97,84,0,'A SAISIR&lt;br /&gt;2 Vitrines libre service MIRANIS 14-63 A5 hauteur 1430 mm profondeur 872 mm longueur    5,825 m (l&amp;rsquo;une) avec joue LINDE (fonctionne avec centrale froid)&lt;br /&gt;ann&amp;eacute;e 2009 valeur neuves 14407.00 euros&lt;br /&gt;faire offre&lt;br /&gt;ENLEVEMENT  LUNDI 25 NOVEMBRE 2013&lt;br /&gt;P.MORSILLI 06.76.69.11.61&lt;br /&gt;','',1343118431,'Mozilla/5.0 (Windows NT 6.1; WOW64; rv:25.0) Gecko/20100101 Firefox/25.0','2013-11-12 17:18:24'),(98,85,0,'Bonjour,&lt;br /&gt;J&amp;#039;aurai voulu conna&amp;icirc;tre le prix du piano de cuisson Lacanche R&amp;eacute;f&amp;eacute;rence : fourneau.&lt;br /&gt;Merci d&amp;#039;avance.&lt;br /&gt;Clt','',1456636115,'Mozilla/5.0 (Windows NT 6.1) AppleWebKit/534.30 (KHTML, like Gecko) Chrome/12.0.742.122 Safari/534.30','2013-11-12 23:46:31'),(99,86,0,'Bonjour,&lt;br /&gt;&lt;br /&gt;J&amp;#039;esp&amp;egrave;re que vous allez bien.&lt;br /&gt;&lt;br /&gt;Je m&amp;#039;appelle Tiphaine et je fais partie du p&amp;ocirc;le &amp;quot;R&amp;eacute;ussite des Marchands&amp;quot; chez PrestaShop. Vous utilisez notre solution e-commerce pour g&amp;eacute;rer votre boutique en ligne et nous vous en remercions.&lt;br /&gt;&lt;br /&gt;Votre satisfaction et vos suggestions sont tr&amp;egrave;s importants&amp;nbsp;pour nous, n&amp;#039;h&amp;eacute;sitez pas &amp;agrave; me contacter pour toute questions, je suis &amp;agrave; votre disposition.&lt;br /&gt;&lt;br /&gt;Nous organisons le 19 novembre 2013, &amp;agrave; Paris, un &amp;eacute;v&amp;egrave;nement unique d&amp;eacute;di&amp;eacute; &amp;agrave; l&amp;#039;univers du commerce en ligne. Jamais une solution e-commerce n&amp;#039;aura r&amp;eacute;uni autant de participants&amp;nbsp;et de grands noms du web sur une journ&amp;eacute;e&amp;nbsp;! &lt;br /&gt;&lt;br /&gt;Pour vous remercier d&amp;#039;&amp;ecirc;tre un utilisateur PrestaShop, je suis heureuse de vous offrir 2 billets d&amp;#039;entr&amp;eacute;e &amp;agrave; 10&amp;euro; (au lieu de 20&amp;euro;), gr&amp;acirc;ce au code BC7-MARCHANDPS. &amp;lt;a href=&amp;quot;http://bit.ly/1achU8b&amp;quot;&amp;gt;Profitez-en jusqu&amp;#039;au 10 novembre&amp;lt;/a&amp;gt;&amp;nbsp;sur http://barcamp.prestashop.com/inscription/&lt;br /&gt;&lt;br /&gt;Que diriez-vous de rencontrer Google, eBay, Showroom Priv&amp;eacute;, Facebook, Catherine Barba&amp;hellip; et toute notre &amp;eacute;quipe, autour de conf&amp;eacute;rences d&amp;#039;experts, d&amp;#039;ateliers interactifs et d&amp;#039;audits personnalis&amp;eacute;s&amp;nbsp;? D&amp;#039;apprendre &amp;agrave; optimiser votre site e-commerce pour d&amp;eacute;velopper votre chiffre d&amp;#039;affaires, booster vos actions marketing et fid&amp;eacute;liser vos clients&amp;nbsp;? &amp;lt;a href=&amp;quot;http://bit.ly/1achU8b&amp;quot;&amp;gt;Nous vous attendons, inscrivez-vous d&amp;egrave;s maintenant&amp;lt;/a&amp;gt; sur http://barcamp.prestashop.com/inscription/&lt;br /&gt;&lt;br /&gt;Je reste &amp;agrave; votre disposition pour tout renseignement, n&amp;#039;h&amp;eacute;sitez pas.&lt;br /&gt;&lt;br /&gt;A tr&amp;egrave;s bient&amp;ocirc;t&amp;nbsp;!&lt;br /&gt;Tiphaine - PrestaShop','',1542483302,'Mozilla/5.0 (Windows; U; Windows NT 5.1; rv:1.7.3) Gecko/20041001 Firefox/0.10.1','2013-11-13 07:15:50'),(100,87,0,'bonjour , je vien a vous parce que sans nouvelle de votre part pour le four BATINOX A 4 NIVEAU poster sur le bon coin . On c&amp;rsquo;&amp;eacute;tait contacter par mail , en c&amp;#039;ettant mis d&amp;#039;accord sur 800 euros TTC pour ce four , et que je m&amp;rsquo;occupais de venir le chercher , et depuis plus de nouvelle de votre part . J&amp;#039;attend svp une reponce de votre part la plus rapide si possible . merci d&amp;#039;avance CORDIALMENT &lt;br /&gt;antoine guillaume','',1371129773,'Mozilla/5.0 (Windows NT 6.1; WOW64) AppleWebKit/537.36 (KHTML, like Gecko) Chrome/31.0.1650.57 Safari/537.36','2013-12-03 11:15:22'),(101,88,0,'bonjour&lt;br /&gt;nous sommes une association et poss&amp;egrave;dons&lt;br /&gt;un percolateur hendi de 10L - A 000 13&lt;br /&gt;pouvez - vous nous fournir la documentation,&lt;br /&gt;avons perdu du mat&amp;eacute;riel et ne savons pas &lt;br /&gt;lequel. &lt;br /&gt;Mr delesne jean-yves&lt;br /&gt;1 chemin de la cayenne&lt;br /&gt;56130 CAMOEL&lt;br /&gt;t&amp;eacute;l 06.23.20.78.66.&lt;br /&gt;      02.99.90.05.44 &lt;br /&gt;merci d&amp;#039;avance.&lt;br /&gt;','',1560739402,'Mozilla/5.0 (Windows NT 5.1; rv:25.0) Gecko/20100101 Firefox/25.0','2013-12-09 09:55:53'),(102,89,0,'Bonjour,&lt;br /&gt;&lt;br /&gt;Je souhaite voir une table du chef presente dans vos annonces avec &amp;eacute;tag&amp;egrave;re 140 par 70&amp;agrave; 390 euros, dois-je me rendre &amp;agrave; Lyon ou Saint Clair ?&lt;br /&gt;&lt;br /&gt;Cordialement,&lt;br /&gt;&lt;br /&gt;Bastien Malugani','',1485757842,'Mozilla/5.0 (Windows NT 6.1) AppleWebKit/537.36 (KHTML, like Gecko) Chrome/31.0.1650.63 Safari/537.36','2013-12-17 16:26:10'),(103,90,0,'&lt;br /&gt;Bonjour Disposer vous toujours de ce produit &lt;br /&gt;&lt;br /&gt;&lt;br /&gt;3 photos disponibles    &lt;br /&gt;Prix:  2 190 &amp;euro;  &lt;br /&gt;Ville : Saint-Clair-de-la-Tour &lt;br /&gt;Code postal : 38110 &lt;br /&gt;Description :&lt;br /&gt;Chambre de pousse bongard , groupe log&amp;eacute; en t&amp;ecirc;te, r&amp;eacute;gulation &amp;eacute;lectronique avec hygrom&amp;eacute;trie&lt;br /&gt;dim int: 40x80 cm&lt;br /&gt;dim ext: 65x110x240 cm&lt;br /&gt;sur roulettes&lt;br /&gt;&lt;br /&gt;','',1515204741,'Mozilla/4.0 (compatible; MSIE 8.0; Windows NT 5.2; Trident/4.0; iOpus-I-M; BTRS31753; .NET CLR 1.1.4322; .NET CLR 2.0.50727; .NE','2014-01-06 17:01:19'),(104,91,0,'Bonjour,    &lt;br /&gt;      &lt;br /&gt;Prestataire pour le r&amp;eacute;f&amp;eacute;rencement naturel du site http://www.cooking-corner.com/ , nous recherchons des sites de votre th&amp;eacute;matique pour un &amp;eacute;change de liens r&amp;eacute;ciproque, le but &amp;eacute;tant d&amp;#039;am&amp;eacute;liorer le positionnement de nos 2 sites dans les moteurs de recherche. &lt;br /&gt;(cf. : &amp;laquo; pourquoi un &amp;eacute;change de liens &amp;raquo;)&lt;br /&gt;&lt;br /&gt;Apr&amp;egrave;s avoir visit&amp;eacute; votre site http://www.saintclairmat.fr/ , nous pensons que nous pouvons proc&amp;eacute;der &amp;agrave; cette op&amp;eacute;ration &amp;laquo; gagnant-gagnant &amp;raquo; en termes de visibilit&amp;eacute; sur Internet.&lt;br /&gt;&lt;br /&gt;Nous vous proposons 3 types de partenariat :&lt;br /&gt;&lt;br /&gt;-	Soit, un  &amp;eacute;change de liens dans les contenus textuels de nos sites et en triangulaire (Site A vers B, site B vers C), nous g&amp;eacute;rons plusieurs sites de diverses th&amp;eacute;matiques.&lt;br /&gt;-	Soit, un &amp;eacute;change d&amp;rsquo;articles, nous vous cr&amp;eacute;ons une page d&amp;eacute;di&amp;eacute;e contenant un article parlant de votre site sur le n&amp;ocirc;tre et inversement. Nous pouvons &amp;eacute;galement int&amp;eacute;grer gratuitement vos articles sur un de nos sites de communiqu&amp;eacute; de presse. &lt;br /&gt;-	 Soit, un &amp;eacute;change de liens r&amp;eacute;ciproque (liens en Pagehome et/ou en page interne avec description)&lt;br /&gt;Si le partenariat vous int&amp;eacute;resse, merci de nous faire un retour en pr&amp;eacute;cisant le type d&amp;rsquo;&amp;eacute;change de votre choix. Nous pourrons par la suite aller dans les d&amp;eacute;tails de la proc&amp;eacute;dure.&lt;br /&gt;&lt;br /&gt;Restant &amp;agrave; votre disposition pour toute information compl&amp;eacute;mentaire.&lt;br /&gt;&lt;br /&gt;Cordialement,&lt;br /&gt;&lt;br /&gt;Christian Marx&lt;br /&gt;57 rue de Rennes 75006 Paris&lt;br /&gt;Fixe : 01 83 62 87 87 - Port 06 77 81 40 05&lt;br /&gt;egate-solutionsemarketing.com&lt;br /&gt;egate-r&amp;eacute;f&amp;eacute;rencement.com&lt;br /&gt;','',692722246,'Mozilla/5.0 (Windows NT 6.1; WOW64; rv:26.0) Gecko/20100101 Firefox/26.0','2014-01-22 08:49:31'),(105,92,0,'merci de m envoyer photo et dimension de la chambre de pousse panem et chambre viennoiserie&lt;br /&gt;','',1552972538,'Mozilla/4.0 (compatible; MSIE 8.0; Windows NT 6.1; Trident/4.0; SLCC2; .NET CLR 2.0.50727; .NET CLR 3.5.30729; .NET CLR 3.0.3072','2014-01-28 09:26:28'),(106,93,0,'pourriez vous m envoyer une doc sur le percolateur 10 litre reference a00013 merci','',1552363256,'Mozilla/5.0 (Windows NT 6.1; WOW64; Trident/7.0; rv:11.0) like Gecko','2014-02-07 09:15:49'),(107,94,0,'F&amp;eacute;licitations &amp;agrave; la soci&amp;eacute;te Saint Clair Mat pour son investissement dans ce fabuleux projet humanitaire autour du pain et un grand bravo &amp;agrave; Monsieur Cartelier pour son engagement .&lt;br /&gt;Soyez surs que je ne manquerai pas de relayer l&amp;#039;info au plus grand nombre. &amp;quot;Bons vents&amp;quot; ','',2147483647,'Mozilla/4.0 (compatible; MSIE 8.0; Windows NT 6.1; Win64; x64; Trident/4.0; .NET CLR 2.0.50727; SLCC2; .NET CLR 3.5.30729; .NET ','2014-02-10 08:49:23'),(108,95,0,'I see that your online shop is running on PrestaShop platform and because of that I would like to present you the latest PrestaShop SEO eBook guide that has been recently published on  http://prestaseo.ueuo.com .&lt;br /&gt;&lt;br /&gt;In short words, you will learn how to significantly increase your online sales without paying a small fortune on advertising, seo and any other online marketing services.&lt;br /&gt;&lt;br /&gt;Thank you, and good luck with your sales. &lt;br /&gt;&lt;br /&gt;Download E-book : http://prestaseo.ueuo.com&lt;br /&gt;&lt;br /&gt;Best Regards, Marcell.&lt;br /&gt;','',2147483647,'Mozilla/5.0 (Windows NT 6.1; WOW64; rv:26.0) Gecko/20100101 Firefox/26.0','2014-02-20 00:15:31'),(109,96,0,'Bonjour suite &amp;agrave; mon appel je vous envoi la photo de la diviseuse, que j&amp;#039; ai achet&amp;eacute; chez vous sur la diviseuse il n&amp;#039;y pas de plaque d&amp;#039;identit&amp;eacute;, les couteau et le le plateau sont hors d&amp;#039;usage Jac est on courant du probl&amp;egrave;me et pas ce probl&amp;egrave;me en garantie mais ils veulent la plaque;&lt;br /&gt;La machine est d&amp;eacute;mont&amp;eacute; chez Simatel Lyon&lt;br /&gt;Je vous remercie de faire le n&amp;eacute;cessaire &lt;br /&gt;Cordialement&lt;br /&gt;Pascal Serre 0647713286','530605969172eo.pdf',1513468505,'Mozilla/5.0 (Macintosh; Intel Mac OS X 10_7_5) AppleWebKit/537.73.11 (KHTML, like Gecko) Version/6.1.1 Safari/537.73.11','2014-02-20 14:39:40'),(110,97,0,'catalogue and discount','',1536148146,'Mozilla/5.0 (Windows NT 6.1; Trident/7.0; rv:11.0) like Gecko','2014-02-21 14:06:55'),(111,2,0,'bonjour je suis a la recherche d ou boitier de programmateur de commande pour four cervap bongard il est situe sur la porte droite du four auriez vous cela &amp;agrave; me vendre?? merci &lt;br /&gt;&lt;br /&gt;0607988189&lt;br /&gt;&lt;br /&gt;jb&lt;br /&gt;','',1455736278,'Mozilla/5.0 (Windows NT 6.1; WOW64; Trident/7.0; rv:11.0) like Gecko','2014-02-23 20:24:50'),(112,98,0,'bonjour je souhaite avoir des infos sur un four que vous vendez d&amp;#039;occasion ref  annecy &amp;agrave; 2900&amp;euro;&lt;br /&gt;j&amp;#039;arrive pas &amp;agrave; vous joindre via votre ligne fixe.&lt;br /&gt;mon tel 06.03.33.11.04','',1829934448,'Mozilla/5.0 (Windows NT 6.1; WOW64) AppleWebKit/537.36 (KHTML, like Gecko) Chrome/33.0.1750.146 Safari/537.36','2014-03-05 10:24:20'),(113,99,0,'Bonjour,&lt;br /&gt;Pouvez vous m&amp;#039;indiquer votre prix&lt;br /&gt;Merci','',1552345406,'Mozilla/5.0 (Macintosh; Intel Mac OS X 10_8_5) AppleWebKit/537.74.9 (KHTML, like Gecko) Version/6.1.2 Safari/537.74.9','2014-03-08 18:02:45'),(114,100,0,'liste	quantit&amp;eacute;&lt;br /&gt;	&lt;br /&gt;friteuse grande capacit&amp;eacute;  ( 12-15l)	2&lt;br /&gt;	&lt;br /&gt;four &amp;agrave; pizza  ( elect- gaz morice)	3&lt;br /&gt;	&lt;br /&gt;saladette	2&lt;br /&gt;	&lt;br /&gt;table inox   80*200  80*150	2&lt;br /&gt;	&lt;br /&gt;four &amp;agrave; pain mini 8 niveaux	2&lt;br /&gt;	&lt;br /&gt;pr&amp;eacute;sentoire pain ( &amp;eacute;tag&amp;egrave;re boulangerie	3&lt;br /&gt;	&lt;br /&gt;lave vaisselle	2&lt;br /&gt;	&lt;br /&gt;Piano 2 feux  ou 4	2&lt;br /&gt;	&lt;br /&gt;chambre froide negative  mini 10 mcubes	2&lt;br /&gt;	&lt;br /&gt;chambre froide positif   2 portes	2&lt;br /&gt;','',1316855804,'Mozilla/5.0 (Windows NT 6.0) AppleWebKit/537.36 (KHTML, like Gecko) Chrome/33.0.1750.154 Safari/537.36','2014-03-19 15:26:22'),(115,101,0,'Bonjour,&lt;br /&gt;&lt;br /&gt;Je vous contacte de la part d&amp;rsquo;Actalia Innovation, un centre technique d&amp;rsquo;innovation et de d&amp;eacute;veloppement pour les PME du secteur de l&amp;rsquo;agroalimentaire. Nous travaillons actuellement sur un projet de d&amp;eacute;veloppement de plats cuisin&amp;eacute;s.&lt;br /&gt;&lt;br /&gt;Nous souhaiterions savoir si vous effectuez &amp;eacute;galement de la location de mat&amp;eacute;riel ?&lt;br /&gt;&lt;br /&gt;Je vous remercie par avance et vous souhaite une agr&amp;eacute;able journ&amp;eacute;e.&lt;br /&gt;&lt;br /&gt;&lt;br /&gt;Cordialement,&lt;br /&gt;&lt;br /&gt;Mlle St&amp;eacute;phane MARIE','',1346776847,'Mozilla/5.0 (Windows NT 6.0; rv:27.0) Gecko/20100101 Firefox/27.0','2014-03-24 10:52:44'),(116,102,0,'Bonsoir, &lt;br /&gt;je me suis port&amp;eacute; acqu&amp;eacute;reur d&amp;#039;une maison dans laquelle il y avait une boulangerie. Le four (bongard cervap) est toujours l&amp;agrave;. Je ne suis absolument pas boulanger et vais faire des appartements dans cette maison. Rachetez-vous ce genre de mat&amp;eacute;riel pour le revendre? sinon est-ce qu&amp;#039;il existe un r&amp;eacute;seau sp&amp;eacute;cialis&amp;eacute; dans ce genre de mat&amp;eacute;riel pour cela.&lt;br /&gt;Le four est situ&amp;eacute; dans le Vaucluse sur la commune de Carpentras.&lt;br /&gt;Dans l&amp;#039;attente de vous lire. Cordialement.','',1510522823,'Mozilla/5.0 (Windows NT 6.1; WOW64; rv:27.0) Gecko/20100101 Firefox/27.0','2014-03-24 21:14:17'),(117,103,0,'Bonjour, &lt;br /&gt;&lt;br /&gt;&lt;br /&gt;&lt;br /&gt;&lt;br /&gt; Je suis coordinatrice formation restauration pour des demandeurs d&amp;#039;emploi qui passent un dipl&amp;ocirc;me et j&amp;#039;aurais aim&amp;eacute; savoir si vous auriez la possibilit&amp;eacute; de nous offrir une vitrine r&amp;eacute;frig&amp;eacute;r&amp;eacute;e  boisson pour leurs TP . En effet mon budget passe dans les denr&amp;eacute;es alimentaires et nous manquons cruellement de mat&amp;eacute;riel, notre vitrine  &amp;eacute;tant cass&amp;eacute;e nous n&amp;#039;avons pas le budget pour la changer  .Je vous remercie d&amp;#039;avance pour eux .Cordialement .Mme Hache  Isabelle  4 place des tilleuls 27320 la madeleine de nonancourt 0232376097&lt;br /&gt;','',1511507872,'Mozilla/5.0 (Windows NT 6.1; WOW64; Trident/7.0; MATM; rv:11.0) like Gecko','2014-04-03 13:23:09'),(118,103,0,'Bonjour, &lt;br /&gt;&lt;br /&gt;&lt;br /&gt;&lt;br /&gt;&lt;br /&gt; Je suis coordinatrice formation restauration pour des demandeurs d&amp;#039;emploi qui passent un dipl&amp;ocirc;me et j&amp;#039;aurais aim&amp;eacute; savoir si vous auriez la possibilit&amp;eacute; de nous offrir une petite trancheuse pour leurs TP . En effet mon budget passe dans les denr&amp;eacute;es alimentaires et nous manquons cruellement de mat&amp;eacute;riel, notre trancheuse  &amp;eacute;tant cass&amp;eacute;e nous n&amp;#039;avons pas le budget pour les changer  .Je vous remercie d&amp;#039;avance pour eux .Cordialement .Mme Hache  Isabelle  4 place des tilleuls 27320 la madeleine de nonancourt 0232376097-france&lt;br /&gt;','',1511486395,'Mozilla/5.0 (Windows NT 6.1; WOW64; Trident/7.0; MATM; rv:11.0) like Gecko','2014-04-04 16:48:57'),(119,104,0,'Bonjour,&lt;br /&gt;je suis &amp;agrave; la recherche d&amp;#039;un produit identique &amp;agrave; votre r&amp;eacute;f&amp;eacute;rence 00046, vitrine r&amp;eacute;fig&amp;eacute;r&amp;eacute;e de self.&lt;br /&gt;Pourriez vous me faire parvenir un devis?&lt;br /&gt;&lt;br /&gt;Merci','',1830468558,'Mozilla/5.0 (compatible; MSIE 9.0; Windows NT 6.1; Trident/5.0)','2014-04-11 11:47:35'),(120,105,0,'pourriez-vous me confirmer si l&amp;#039;article c00044fourbatinox est &amp;eacute;quip&amp;eacute; d&amp;#039;une vapeur et si mieux , vous pourriez me transmettre une fiche technique. merci .tr&amp;egrave;s cordialement gperreton','',1456628411,'Mozilla/5.0 (Macintosh; Intel Mac OS X 10.6; rv:28.0) Gecko/20100101 Firefox/28.0','2014-04-12 17:27:56'),(121,106,0,'Bonjour, nous avons plusieurs choses a vendre, apr&amp;egrave;s la reprise d&amp;#039;un snack. Venez vous jusqu&amp;#039;&amp;agrave; La Rochelle?&lt;br /&gt;Cordialement','',1304960666,'Mozilla/5.0 (iPad; CPU OS 7_1 like Mac OS X) AppleWebKit/537.51.2 (KHTML, like Gecko) Version/7.0 Mobile/11D167 Safari/9537.53','2014-04-13 09:57:43'),(122,103,0,'Bonjour, &lt;br /&gt;&lt;br /&gt; Je suis coordinatrice formation restauration pour des demandeurs d&amp;#039;emploi qui passent un dipl&amp;ocirc;me et j&amp;#039;aurais aim&amp;eacute; savoir si vous auriez la possibilit&amp;eacute; de nous offrir une vitrine &amp;agrave; boissons  pour leurs TP  . En effet mon budget passe dans les denr&amp;eacute;es alimentaires et nous manquons cruellement de mat&amp;eacute;riel,  .Je vous remercie d&amp;#039;avance pour eux .Cordialement .Mme Hache  Isabelle  4 place des tilleuls 27320 la madeleine de nonancourt 0232376097-france&lt;br /&gt;','',1511117562,'Mozilla/5.0 (Windows NT 6.1; WOW64; Trident/7.0; MATM; rv:11.0) like Gecko','2014-04-18 14:54:41'),(123,107,0,'Bonjour&lt;br /&gt;Nous vendons l&amp;#039;int&amp;eacute;gralit&amp;eacute; du contenu d&amp;#039;une cuisine professionnelle (cuisson, aspiration, frois, tables inox, &amp;eacute;tag&amp;egrave;res, ustensiles...) pour 10 000 &amp;euro; &lt;br /&gt;Cela peut-il vous int&amp;eacute;resser ?&lt;br /&gt;D&amp;eacute;tail sur demande&lt;br /&gt;Cordialement','',2147483647,'Mozilla/5.0 (Windows NT 6.2; WOW64; rv:28.0) Gecko/20100101 Firefox/28.0','2014-04-18 16:15:24'),(124,103,0,'Bonjour, &lt;br /&gt;&lt;br /&gt;&lt;br /&gt;&lt;br /&gt;&lt;br /&gt; Je suis coordinatrice formation restauration pour des demandeurs d&amp;#039;emploi qui passent un dipl&amp;ocirc;me et j&amp;#039;aurais aim&amp;eacute; savoir si vous auriez la possibilit&amp;eacute; de nous offrir une trancheuse pour leurs TP  . En effet mon budget passe dans les denr&amp;eacute;es alimentaires et nous manquons cruellement de mat&amp;eacute;riel,  .Je vous remercie d&amp;#039;avance pour eux .Cordialement .Mme Hache  Isabelle  4 place des tilleuls 27320 la madeleine de nonancourt 0232376097-france&lt;br /&gt;','',1511117562,'Mozilla/5.0 (Windows NT 6.1; WOW64; Trident/7.0; MATM; rv:11.0) like Gecko','2014-04-18 21:38:42'),(125,108,0,'Bonjour,&lt;br /&gt;Je suis &amp;agrave; la recherche d&amp;#039;un four d&amp;#039;occasion ventil&amp;eacute; 40x60 380w de marque eurofour ou Batinox pour &amp;eacute;quiper un labo patissier.&lt;br /&gt;Merci de votre r&amp;eacute;ponse&lt;br /&gt;Mr Gatto','',1322160182,'Mozilla/5.0 (Windows NT 6.0; WOW64) AppleWebKit/537.36 (KHTML, like Gecko) Chrome/34.0.1847.116 Safari/537.36','2014-04-25 16:19:37'),(126,109,0,'Cher monsieur/madame,&lt;br /&gt;Je  cherche  Deux (02) ARMOIRES REFRIGEREES de marque MAFELLAN ou THIRODE  ou EQUIVAMENT avec les indications suivantes/ci-dessous&lt;br /&gt;Moedele :  P23/P21 141/145   et    K23/N21 141/145                                                                          Capacit&amp;eacute; :                                                                                                                                                      Volume : 140litres                                                                                                                                          Clayette :  GN 2/1                                                                                                                                                                 Nbre Niveau maxi :  20 par porte                                                                                                                  Dimensions (HxlxP):                                                                                                                                 Exterieur (HxlxP) : 2025 &amp;times; 1440 &amp;times; 805mm                                                                                                                Interieur (HxlxP) : 1450 &amp;times; 1335 &amp;times; 690mm                                                                                                                                                                                                                                                                                                                                                               Poid : 210kg                                                                                                                                             Alimentation : 230 volts/50hz                                                                                                                       Puissance Maxi : P23/P21 141/145 : 550w  ---- K23/N21 141 :  1300w                                                                                                                                                                                                                                                                                                                                                                                                 Frogorifique :                                                                                                                                                             Puissance frigo :  P23/P21 141/145 :  460w  -----  K23/N21 141 :  845w                                                                                                                                                                                                                                                                                                                                                                                                   Type compresseur : Herm&amp;eacute;tique                                                                                                                                                     Type evaporateur :  Ventil&amp;eacute;                                                                                                                                                        Rfrigerant :  P23/P21 141/145:  R22 ---- K23/N21 141:  R404e                                                                                                                                                                                                                                                                                                                                                                                                                                                                                                                                                                               Charge refrigerant :  P23/P21 141/145 :  280g  ----  K23/N21 141 : 350g                                                                                                                                              Detente :  P23/P21 141/145 : Capillaire ----- K23/N21 141 : Detend                                                                                                                                                       Condensation :  Air                                                                                                                     Temperature : 45&amp;deg;C  (P23/P21 141/145 : 0/+-12&amp;deg;C  ----  K23/N21 141 : -18/+-21&amp;deg;C)  Construction  :                                                                                                                                                    Type :  Panneaux demontables                                                                                                                                                          Habillage Interieur :  INOX  18/10                                                                                                                               Habillage Exterieur : Pr&amp;eacute;laqu&amp;eacute; blance ou INOX  18/10                                                                                      Isolation : Polyur&amp;eacute;thane epaisseur 60mm                                                                                          Chromes :                                                                                                                                                            S&amp;eacute;curit&amp;eacute; :  EN 60  335-1                                                                                                                                                       Hygene :  NF  U 60  010     &lt;br /&gt;NB : Faites moi parvenir votre meilleure offre de  prix &amp;agrave;  l&amp;rdquo;adresse ci dessous&lt;br /&gt;&lt;br /&gt;Mr   ZOUZOU YAO SHADRAC&lt;br /&gt;Tel:20214439- 20322072-/ Fax/ 20321474&lt;br /&gt;07817452/05053411&lt;br /&gt;Email /msn : zouzousy@yahoo.fr&lt;br /&gt;skype: zouzouy1@skype.com&lt;br /&gt;&lt;br /&gt;','535f905090267.docx',701484206,'Mozilla/5.0 (Windows NT 5.1) AppleWebKit/537.36 (KHTML, like Gecko) Chrome/34.0.1847.131 Safari/537.36','2014-04-29 13:43:13'),(127,103,0,'Bonjour, &lt;br /&gt;&lt;br /&gt;&lt;br /&gt;&lt;br /&gt;&lt;br /&gt; Je suis coordinatrice formation restauration pour des demandeurs d&amp;#039;emploi qui passent un dipl&amp;ocirc;me et j&amp;#039;aurais aim&amp;eacute; savoir si vous auriez la possibilit&amp;eacute; de nous offrir  une vitrine refrig&amp;eacute;r&amp;eacute;e &amp;agrave; boisson pour leur TP restaurant . En effet mon budget passe dans les denr&amp;eacute;es alimentaires et nous manquons cruellement de mat&amp;eacute;riel,  .Je vous remercie d&amp;#039;avance pour eux .Cordialement .Mme Hache  Isabelle  4 place des tilleuls 27320 la madeleine de nonancourt 0673267529-france-normandie&lt;br /&gt;','',1511112065,'Mozilla/5.0 (Windows NT 6.1; WOW64; Trident/7.0; MATM; rv:11.0) like Gecko','2014-05-02 08:52:59'),(128,110,0,'Bonsoir, je poss&amp;egrave;de 2 vitrines e 2 balcons compl&amp;egrave;tement neufs (1 an d&amp;#039; utilisation). J&amp;#039; aimerai savoir si vous &amp;ccedil;a vous interesse de les reprendre.  &lt;br /&gt;&lt;br /&gt;Nelson Oliveira','',2147483647,'Mozilla/5.0 (compatible; MSIE 10.0; Windows NT 6.2; Win64; x64; Trident/6.0; MAARJS)','2014-05-11 21:26:46'),(129,111,0,'Bonjour,&lt;br /&gt;je suis a la recherche d&amp;#039;un cuit pates de 10 ou 15 l au gaz et d&amp;#039;une crepiere double ou de deux simple 38 de diam au gaz, ainsi qu&amp;#039;une friteuse gaz.&lt;br /&gt;Avez vous ce genre d&amp;#039;article et &amp;agrave; quel prix.&lt;br /&gt;Merci&lt;br /&gt;Bien cordialement&lt;br /&gt; ','',1456545036,'Mozilla/5.0 (Windows NT 6.1; Trident/7.0; MDDRJS; rv:11.0) like Gecko','2014-05-13 08:07:30'),(130,112,0,'Bonjour,&lt;br /&gt;&lt;br /&gt;Est ce que vous faites de la r&amp;eacute;cup&amp;eacute;ration de mat&amp;eacute;riel sur LYon car j&amp;#039;ai deux banques r&amp;eacute;frig&amp;eacute;r&amp;eacute;es et  un cong&amp;eacute;lateur de 8 m&amp;egrave;tre de long &amp;agrave; portes avec les deux groupes d&amp;#039;alimentation en froid?&lt;br /&gt;&lt;br /&gt;Cordialement,','',1842701525,'Mozilla/5.0 (Windows NT 6.1; WOW64) AppleWebKit/537.36 (KHTML, like Gecko) Chrome/34.0.1847.131 Safari/537.36','2014-05-13 18:48:30'),(131,113,0,'Vous souhaitez augmenter les ventes de votre boutique Prestashop ? &lt;br /&gt;&lt;br /&gt;D&amp;eacute;couvrez Alif Publicator, le Robot qui travaille &amp;agrave; votre place :&lt;br /&gt;&lt;br /&gt;www.alifconception.com&lt;br /&gt;&lt;br /&gt;Et ne ratez pas aujourd&amp;#039;hui notre promotion de 50%.&lt;br /&gt;&lt;br /&gt;&lt;br /&gt;L&amp;#039;&amp;eacute;quipe de Alif Conception','',36830256,'Mozilla/5.0 (compatible; MSIE 8.0; Windows NT 6.0; Trident/4.0; WOW64; Trident/4.0; SLCC2; .NET CLR 2.0.50727; .NET CLR 3.5.3072','2014-05-14 13:41:10'),(132,103,0,'Bonjour, &lt;br /&gt;&lt;br /&gt;&lt;br /&gt;&lt;br /&gt;&lt;br /&gt; Je suis coordinatrice formation restauration pour des demandeurs d&amp;#039;emploi qui passent un dipl&amp;ocirc;me et j&amp;#039;aurais aim&amp;eacute; savoir si vous auriez la possibilit&amp;eacute; de nous offrir  une petite vitrine refrig&amp;eacute;r&amp;eacute;e &amp;agrave; boisson pour leur TP cuisine /restaurant  . En effet mon budget passe dans les denr&amp;eacute;es alimentaires et nous manquons cruellement de mat&amp;eacute;riel,  .Je vous remercie d&amp;#039;avance pour eux .Cordialement .Mme Hache  Isabelle  4 place des tilleuls 27320 la madeleine de nonancourt 0673267529-france -normandie&lt;br /&gt;','',1511505926,'Mozilla/5.0 (Windows NT 6.1; WOW64; Trident/7.0; MATM; rv:11.0) like Gecko','2014-05-23 08:10:37'),(133,114,0,'bjr&lt;br /&gt;Je voudrais entrer en contact avec un commercial car je voudrais me procurer un terminal de cuisson point chaud d&amp;#039;occasion et je dois m&amp;#039;installer sur rennes centre.&lt;br /&gt;pourriez vs me dire si je peux trouver tout chez vous d&amp;#039;occasion et me faire un devis et quelles seraient les conditions de paiement car c&amp;#039;est une activite que nous d&amp;eacute;marrons..&lt;br /&gt;recevez mes salutations...&lt;br /&gt;Christian meslien&lt;br /&gt;0696405140&lt;br /&gt;0660379425','',2147483647,'Mozilla/5.0 (Windows NT 6.1; Trident/7.0; rv:11.0) like Gecko','2014-05-25 00:56:44'),(134,115,0,'bonjour,&lt;br /&gt;nous sommes une soci&amp;eacute;t&amp;eacute; de p&amp;egrave;che et d&amp;#039;exportation de produits marins bas&amp;eacute;e a fort dauphin Madagascar&lt;br /&gt;actuellement nous d&amp;eacute;veloppons une nouvelle activit&amp;eacute; &lt;br /&gt;charcuterie de la mer avec une nouvelle usine&lt;br /&gt;je prend contacte pour du mat&amp;eacute;riel d&amp;#039;occasion&lt;br /&gt;&lt;br /&gt;hachoir / cutter / poussoir&lt;br /&gt;&lt;br /&gt;merci de m&amp;#039;informer de vos possibilit&amp;eacute;s en neuf et occasion&lt;br /&gt;&lt;br /&gt;gerard schoumacher&lt;br /&gt;00261340241464','',700192530,'Mozilla/5.0 (compatible; MSIE 10.0; Windows NT 6.2; Win64; x64; Trident/6.0; MATMJS)','2014-05-30 14:22:55'),(135,116,0,'Re bonjour,&lt;br /&gt;Comme suite entretien t&amp;eacute;l&amp;eacute;phonique, merci de me pr&amp;eacute;ciser la retomb&amp;eacute;e du dessus caniveau &amp;agrave; l&amp;#039;&amp;eacute;vacuation.&lt;br /&gt;Cordialement&lt;br /&gt;Jacques&lt;br /&gt;Ste RESTOCK 33 CESTAS','',2147483647,'Mozilla/5.0 (Windows NT 6.0) AppleWebKit/537.36 (KHTML, like Gecko) Chrome/35.0.1916.114 Safari/537.36','2014-06-03 12:22:30'),(136,117,0,'Bonjour,&lt;br /&gt;&lt;br /&gt;Je travaille pour une ONG qui lance un projet de formation en transformation fruiti&amp;egrave;re au Cameroun.&lt;br /&gt;Je suis donc int&amp;eacute;ress&amp;eacute;e par vos &amp;eacute;quipements; est-il possible de recevoir un catalogue papier ou informatique, avec vos prix ?&lt;br /&gt;L&amp;#039;adresse de notre bureau est la suivante :&lt;br /&gt;20 rue de Dantzig&lt;br /&gt;75015 Paris&lt;br /&gt;&lt;br /&gt;&lt;br /&gt;Je vous remercie et me tiens &amp;agrave; votre disposition pour toute information compl&amp;eacute;mentaire.&lt;br /&gt;&lt;br /&gt;Cordialement,&lt;br /&gt;&lt;br /&gt;Anne Jourde','',1841215964,'Mozilla/5.0 (Windows NT 6.1; WOW64) AppleWebKit/537.11 (KHTML, like Gecko) Chrome/23.0.1271.97 Safari/537.11','2014-06-05 10:09:05'),(137,103,0,'Bonjour,&lt;br /&gt;&lt;br /&gt;&lt;br /&gt; Je suis coordinatrice formation restauration pour des demandeurs d&amp;#039;emploi qui passent un dipl&amp;ocirc;me et j&amp;#039;aurais aim&amp;eacute; savoir si vous auriez la possibilit&amp;eacute; de nous offrir  une vitrine &amp;agrave; boisson  pour leur TP  restaurant/cuisine   . En effet mon budget passe dans les denr&amp;eacute;es alimentaires et nous manquons cruellement de mat&amp;eacute;riel,  .Je vous remercie d&amp;#039;avance pour eux .Cordialement .Mme Hache  Isabelle  4 place des tilleuls 27320 la madeleine de nonancourt 0673267529&lt;br /&gt;','',1511406044,'Mozilla/5.0 (Windows NT 6.1; WOW64; Trident/7.0; MATM; rv:11.0) like Gecko','2014-06-08 09:52:11'),(138,103,0,'Bonjour, &lt;br /&gt;&lt;br /&gt;&lt;br /&gt;&lt;br /&gt;&lt;br /&gt; Je suis coordinatrice formation restauration pour des demandeurs d&amp;#039;emploi qui passent un dipl&amp;ocirc;me et j&amp;#039;aurais aim&amp;eacute; savoir si vous auriez la possibilit&amp;eacute; de nous offrir  une petite trancheuse pour leur TP cuisine   . En effet mon budget passe dans les denr&amp;eacute;es alimentaires et nous manquons cruellement de mat&amp;eacute;riel,  .Je vous remercie d&amp;#039;avance pour eux .Cordialement .Mme Hache  Isabelle  4 place des tilleuls 27320 la madeleine de nonancourt 0673267529&lt;br /&gt;','',1511406044,'Mozilla/5.0 (Windows NT 6.1; WOW64; Trident/7.0; MATM; rv:11.0) like Gecko','2014-06-09 17:03:47'),(139,118,0,'Bonjour,&lt;br /&gt;Pour un mariage nous sommes &amp;agrave; la recherche d&amp;#039;une petite machine &amp;agrave; gla&amp;ccedil;on.&lt;br /&gt;Faite-vous de la location pour un w-e sur ce types de mat&amp;eacute;riel?&lt;br /&gt;&lt;br /&gt;Merci d&amp;#039;avance pour votre r&amp;eacute;ponce.&lt;br /&gt;&lt;br /&gt;Cdlt&lt;br /&gt;&lt;br /&gt;Sylvain Morales','',2147483647,'Mozilla/5.0 (Windows NT 5.2; WOW64) AppleWebKit/534.57.2 (KHTML, like Gecko) Version/5.1.7 Safari/534.57.2','2014-06-10 09:49:48'),(140,119,0,'Bonjour,&lt;br /&gt;&lt;br /&gt;Je suis Yannick de la soci&amp;eacute;t&amp;eacute; K&amp;eacute;ra Marketing, soci&amp;eacute;t&amp;eacute; sp&amp;eacute;cialis&amp;eacute;e en Netlinking (cr&amp;eacute;ation de liens pointant vers votre site afin d&amp;rsquo;am&amp;eacute;liorer votre positionnement dans les moteurs de recherches)&lt;br /&gt;&lt;br /&gt;Je pense que votre site peut &amp;ecirc;tre optimis&amp;eacute; et gagner des positions.&lt;br /&gt;&lt;br /&gt;Gratuitement je vous propose un rapport de positionnement et r&amp;eacute;pondre aux questions :&lt;br /&gt;&lt;br /&gt;&amp;bull; Quelles expressions choisir pour mon site, quelles sont les plus recherch&amp;eacute;es?&lt;br /&gt;&lt;br /&gt;&amp;bull; O&amp;ugrave; mon site est-il positionn&amp;eacute; dans les moteurs de recherches?&lt;br /&gt;&lt;br /&gt;&amp;bull; Quel trafic puis je esp&amp;eacute;rer, sur quelles positions?&lt;br /&gt;&lt;br /&gt;&amp;bull; O&amp;ugrave; sont mes concurrents, quelles strat&amp;eacute;gies ont-ils ?&lt;br /&gt;&lt;br /&gt;&lt;br /&gt;Je vous propose de faire un test avec nous. Je vous propose de travailler sur 2 mots cl&amp;eacute;s de votre choix, &amp;amp;a grave; 60euros le mot cl&amp;eacute; pour un mois.&lt;br /&gt;Vous ne r&amp;eacute;glez que 1 mot cl&amp;eacute;. Le second, vous le r&amp;eacute;glez &amp;agrave; la fin de la prestation si et seulement si il y a eu progression sur ces mots cl&amp;eacute;s dans le classement google.fr.&lt;br /&gt;Ainsi vous ne prenez aucun risque et surtout vous pourrez constater la qualit&amp;eacute; de notre travail. Bien entendu un rapport de soumission vous sera transmis pour que vous voyez le travail effectu&amp;eacute;.&lt;br /&gt;&lt;br /&gt;&lt;br /&gt;Nous travaillons en WIN WIN, vous &amp;ecirc;tes gagnant, nous sommes gagnant...&lt;br /&gt;Nous &amp;eacute;voluons ensemble !!!&lt;br /&gt;&lt;br /&gt;&lt;br /&gt;&lt;br /&gt;Nos m&amp;eacute;thodes ont &amp;eacute;t&amp;eacute; &amp;eacute;tudi&amp;eacute;es pour obtenir un positionnement et une visibilit&amp;eacute; durable :&lt;br /&gt;&lt;br /&gt;&lt;br /&gt;Soumissions manuelles de vos sites sur annuaires qualifi&amp;eacute;es (100% d&amp;rsquo;acceptation, r&amp;eacute;daction de textes optimis&amp;eacute;s &amp;agrave; usage unique&amp;hellip;), mais aussi communiqu&amp;eacute; de presse,&lt;br /&gt;cr&amp;eacute;ation et/ou entretien de blog avec r&amp;eacute;daction d&amp;rsquo;articles originaux et d&amp;rsquo;actualit&amp;eacute;s toutes les semaines (avec cr&amp;eacute;ation de liens internes, diffusion sur les r&amp;eacute;seaux sociaux)&amp;hellip;&lt;br /&gt;Le tout fait par nos soins en interne, aucun automatismes ou robots.&lt;br /&gt;&lt;br /&gt;&lt;br /&gt;&lt;br /&gt;Aujourd&amp;rsquo;hui, le qualitatif remplace le quantitatif&amp;hellip; Oublier les m&amp;eacute;thodes douteuses, vous offrant des milliers de liens en peu de temps (vous y laisserez des plumes&amp;hellip;).&lt;br /&gt;&lt;br /&gt;Tout le monde utilise les m&amp;ecirc;me techniques pour se r&amp;eacute;f&amp;eacute;rencer, diff&amp;eacute;renciez vous par la qualit&amp;eacute; de vos liens, de vos contenus et votre r&amp;eacute;gularit&amp;eacute; dans leurs cr&amp;eacute;ations.&lt;br /&gt;Poussez les moteurs de recherches &amp;agrave; passer le plus de fois sur votre site en publiant des articles optimis&amp;eacute;s&amp;hellip;&lt;br /&gt;&lt;br /&gt;&lt;br /&gt;&lt;br /&gt;Votre site survivra aux mises &amp;agrave; jour Google, gagnera en popularit&amp;amp;eac ute;, et vous imposera sur les requ&amp;ecirc;tes relatives &amp;agrave; votre activit&amp;eacute;.&lt;br /&gt;&lt;br /&gt;Bien cordilalement,&lt;br /&gt;&lt;br /&gt;Yannick&lt;br /&gt;&lt;br /&gt;Responsable Netlinking&lt;br /&gt;&lt;br /&gt;www.kera-marketing.com&lt;br /&gt;','',704317308,'Mozilla/5.0 (Windows NT 6.1) AppleWebKit/537.36 (KHTML, like Gecko) Chrome/35.0.1916.114 Safari/537.36','2014-06-12 11:54:44'),(141,120,0,'Bonjour, Je recherche un moulin &amp;agrave; l&amp;eacute;gumes electrique mais avec marche arri&amp;egrave;re, Kenwood vendait cet article il y a une dizaine d&amp;#039;ann&amp;eacute;es.&lt;br /&gt;Remerciements, salutations.','',1316615453,'Mozilla/5.0 (Windows NT 6.3; WOW64) AppleWebKit/537.36 (KHTML, like Gecko) Chrome/35.0.1916.153 Safari/537.36','2014-06-29 18:03:48'),(142,121,0,'Bonjour&lt;br /&gt;&lt;br /&gt;Je vous propose 2000 euros &lt;br /&gt;pour lePiano Westahl&lt;br /&gt;&lt;br /&gt;Fourneau 3 feux vifs&lt;br /&gt;&lt;br /&gt;1 plancha&lt;br /&gt;&lt;br /&gt;sur four gaz&lt;br /&gt;&lt;br /&gt;avec 1 placard et 1 tiroir&lt;br /&gt;&lt;br /&gt;tout inox&lt;br /&gt;&lt;br /&gt;pi&amp;egrave;ce exceptionnelle &amp;agrave; un prix exceptionnel nous consulter','',2147483647,'Mozilla/5.0 (Windows NT 6.1; WOW64; rv:30.0) Gecko/20100101 Firefox/30.0','2014-07-05 23:48:37'),(143,122,0,'Je revends le materiel complet de boulangerie achet&amp;eacute; neuf en dec 2009(Bongard,Fringand).Surgelateur 11 portes,tour refrigere 4 portes,armoire inox 2 portes,armoire combi inox 2portes,four,chambre de pousse etc.Cdl.Schwartz.','',1409651318,'Mozilla/5.0 (Windows NT 5.1) AppleWebKit/537.36 (KHTML, like Gecko) Chrome/35.0.1916.153 Safari/537.36','2014-07-07 10:08:16'),(144,123,0,'Madame, Monsieur,&lt;br /&gt;&lt;br /&gt;En charge du r&amp;eacute;f&amp;eacute;rencement du site Galiane (www.mobilier-hotel-bar-restaurant.com), sp&amp;eacute;cialiste du mobilier CHR, je souhaiterai vous proposer un partenariat bas&amp;eacute; sur un &amp;eacute;change de liens.&lt;br /&gt;&lt;br /&gt;Ce partenariat, totalement gratuit, consiste en un &amp;eacute;change d&amp;#039;articles ou de liens textuels entre nos diff&amp;eacute;rents sites dans le but de progresser dans les r&amp;eacute;sultats des moteurs de recherche et ainsi d&amp;eacute;velopper notre visibilit&amp;eacute; respective.&lt;br /&gt;&lt;br /&gt;Merci de me contacter si vous &amp;ecirc;tes int&amp;eacute;ress&amp;eacute;(e).&lt;br /&gt;&lt;br /&gt;Bien cordialement.&lt;br /&gt;&lt;br /&gt;Alexandra ','',1512122479,'Mozilla/5.0 (Windows NT 6.1; WOW64) AppleWebKit/537.36 (KHTML, like Gecko) Chrome/35.0.1916.153 Safari/537.36','2014-07-08 10:39:29'),(145,121,0,'Bonjour&lt;br /&gt;&lt;br /&gt;Je vous propose 2000 euros ce modele wrsthal ref c00115&lt;br /&gt;&lt;br /&gt;Merci&lt;br /&gt;Cordialement','',2147483647,'Mozilla/5.0 (Windows NT 6.1; WOW64; rv:30.0) Gecko/20100101 Firefox/30.0','2014-07-08 19:20:07'),(146,124,0,'&amp;quot;Bonjour&lt;br /&gt;Vous cherchez un moyen rapide et pas cher pour avoir plus de visites sur votre site web ?&lt;br /&gt;Nous avons la solution ! acheter-du-trafic.com&lt;br /&gt;&lt;br /&gt;Nous pouvons vous aider &amp;agrave;&lt;br /&gt;- Augmenter vos ventes&lt;br /&gt;&lt;br /&gt;- Faire passer un message publicitaire&lt;br /&gt;&lt;br /&gt;- Vous aidez &amp;agrave; gagner des places sur Alexa&lt;br /&gt;&lt;br /&gt;- Accro&amp;icirc;tre la notori&amp;eacute;t&amp;eacute; de votre marque&lt;br /&gt;&lt;br /&gt;- Et le plus important augmenter vos revenus sur internet.&lt;br /&gt;&lt;br /&gt;&lt;br /&gt;L&amp;rsquo;achat de trafic internet peut &amp;ecirc;tre une solution imm&amp;eacute;diate. A votre probl&amp;egrave;me.&lt;br /&gt;&lt;br /&gt;En quelques clics, vous recevez des visiteurs en grande quantit&amp;eacute; pour booster votre site.&lt;br /&gt;Vous avez le choix entre du trafic mondiale ou plut&amp;ocirc;t du trafic G&amp;eacute;o-localiser :&lt;br /&gt;Par exemple uniquement du trafic fran&amp;ccedil;ais ou Belgique, etc. &amp;hellip; C&amp;rsquo;est &amp;agrave; vous de choisir la provenance de votre trafic.&lt;br /&gt;&lt;br /&gt;Vous &amp;ecirc;tes nombreux a vous posez la question : D&amp;rsquo;o&amp;ugrave; provient votre trafic ? Et pourquoi vos prix sont si bas ?&lt;br /&gt;&lt;br /&gt;Je vais r&amp;eacute;pondre &amp;agrave; vos questions :&lt;br /&gt;&lt;br /&gt;Nous utilisons deux techniques pour rendre votre site internet visible sur notre r&amp;eacute;seau de diffusion.&lt;br /&gt;1. Un le Pop-up&lt;br /&gt;&lt;br /&gt;2. Deux le site Under&lt;br /&gt;&lt;br /&gt;Notre r&amp;eacute;seau de diffusion est compos&amp;eacute; de plusieurs centaines de site web, donc nous pouvons vous livrer de tr&amp;egrave;s grande quantit&amp;eacute; de visiteur rapidement.&lt;br /&gt;&lt;br /&gt;Merci de nous contacter si vous avez des questions ou si vous souhaitez avoir plus de pr&amp;eacute;cisions, Nous sommes &amp;agrave; votre disposition, par mail ou par t&amp;eacute;l&amp;eacute;phone.&lt;br /&gt;&lt;br /&gt;A bient&amp;ocirc;t sur&lt;br /&gt;acheter-du-trafic.com&lt;br /&gt;james Elinor','',697078234,'Mozilla/5.0 (Windows NT 6.1) AppleWebKit/537.36 (KHTML, like Gecko) Chrome/35.0.1916.153 Safari/537.36','2014-07-11 13:47:50'),(147,125,0,'Bonjour,&lt;br /&gt;Je souhaite savoir s&amp;#039;il est possible de payer par CB en deux fois.&lt;br /&gt;Merci&lt;br /&gt;Bruno Etch&amp;eacute;l&amp;eacute;cu&lt;br /&gt;64220 Saint Jean Pied de Port','',1405679456,'Mozilla/5.0 (compatible; MSIE 10.0; Windows NT 6.1; WOW64; Trident/6.0)','2014-07-24 21:40:35'),(148,126,0,'bonjour, je suis commer&amp;ccedil;ant et j&amp;#039;ai des vitrines r&amp;eacute;frig&amp;eacute;r&amp;eacute;es positives et n&amp;eacute;gative dont je n&amp;#039;ai plus l&amp;#039;utilit&amp;eacute;&lt;br /&gt;cela vous int&amp;eacute;resserait-il?&lt;br /&gt;plus d&amp;#039;info et photo si besoin&lt;br /&gt;cordialement','',1552003925,'Mozilla/5.0 (Windows NT 6.1; rv:31.0) Gecko/20100101 Firefox/31.0','2014-07-31 12:39:23'),(149,127,0,'bonjour, boulanger p&amp;acirc;tissier ,suis a la recherche d&amp;#039;un surg&amp;eacute;lateur- conservateur et pourrais je avoir plus d&amp;#039;information sur votre offre  ref:164. merci.&lt;br /&gt;mr bordonnat pierre 0493134026.','',1402675218,'Mozilla/5.0 (Windows NT 6.1; WOW64; rv:31.0) Gecko/20100101 Firefox/31.0','2014-08-05 18:51:37'),(150,128,0,'Bonjour,&lt;br /&gt;Je n&amp;#039;ai toujours pas re&amp;ccedil;u votre proposition par mail, que nous avions &amp;eacute;voqu&amp;eacute; lors de ma visite chez vous lundi fin de journ&amp;eacute;e.&lt;br /&gt;Je vous demanderai d&amp;#039;enlever le m&amp;eacute;langeur de marque MIXEUR.&lt;br /&gt;Je voulais vous signaler que je suis toujours dans l&amp;#039;attente de validation des acheteur pour le mat&amp;eacute;riel.&lt;br /&gt;Cordialement&lt;br /&gt;Mr RAT','',87210976,'Mozilla/5.0 (Windows NT 6.3; WOW64) AppleWebKit/537.36 (KHTML, like Gecko) Chrome/36.0.1985.125 Safari/537.36','2014-08-08 13:27:20'),(151,129,0,'je vous prie de bien vouloir m&amp;#039;envoyer le catalogue de vos produits, version papier.&lt;br /&gt;merci bien.......&lt;br /&gt;&lt;br /&gt;mon adresse postale/&lt;br /&gt;                                Ben Brahim Abderrahmane&lt;br /&gt;                                       B.P  215  star melouk&lt;br /&gt;                                               07005-Biskra&lt;br /&gt;                                               A L G E R I A','',2147483647,'Mozilla/5.0 (Windows NT 5.1) AppleWebKit/537.36 (KHTML, like Gecko) Chrome/36.0.1985.125 Safari/537.36','2014-08-11 21:09:34'),(152,130,0,'Bonjour&lt;br /&gt;Je souhaiterai revendre le mat&amp;eacute;riel que vous trouverez en pi&amp;egrave;ce jointe. Tout &amp;agrave; &amp;eacute;t&amp;eacute; achet&amp;eacute; neuf il y a moins d&amp;#039;un an.&lt;br /&gt;Le lot est &amp;agrave; venir r&amp;eacute;cuperer sur place sur l&amp;#039;agglom&amp;eacute;ration grenobloise, afin que vous v&amp;eacute;rifiez l&amp;#039;excellent &amp;eacute;tat du mat&amp;eacute;riel. Merci de me transmettre une proposition tarifaire en cons&amp;eacute;quence. &lt;br /&gt;Cordialement&lt;br /&gt;06 43 44 70 96&lt;br /&gt;Cordialement','53eb6edf5ebbaL.pdf',1316272088,'Mozilla/5.0 (Windows NT 6.1; WOW64; rv:31.0) Gecko/20100101 Firefox/31.0','2014-08-13 15:57:53'),(153,131,0,'Merci de m envoyer le tarif pour une vitrine &amp;agrave; chocolat 2 m 16 degr&amp;eacute; hygrom&amp;eacute;trie contr&amp;ocirc;l&amp;eacute;e&lt;br /&gt;','',1405183272,'Mozilla/5.0 (iPad; CPU OS 7_0_4 like Mac OS X) AppleWebKit/537.51.1 (KHTML, like Gecko) Version/7.0 Mobile/11B554a Safari/9537.5','2014-08-20 15:30:25'),(154,132,0,'bonjour &lt;br /&gt;nous sommes une soci&amp;eacute;t&amp;eacute; de maintenance cuisine professionnelle.&lt;br /&gt;nous vous proposons nos services de d&amp;eacute;pannage sur toute gamme de mat&amp;eacute;rielle de cuisine professionnelle en ile de France ( froid, cuisson, laverie, buanderie ).&lt;br /&gt;au plaisir de vous avoir comme client&lt;br /&gt;&lt;br /&gt;cordialement','',1513961970,'Mozilla/5.0 (Windows NT 6.1; WOW64; Trident/7.0; rv:11.0) like Gecko','2014-08-21 12:59:59'),(155,133,0,'suite &amp;agrave; notre entretient, ce jour, pour four 4 voies ~5m&amp;sup2;, le plus &amp;eacute;troit possible...&lt;br /&gt;cordialement','',1456061504,'Mozilla/5.0 (Windows NT 6.0) AppleWebKit/537.36 (KHTML, like Gecko) Chrome/36.0.1985.143 Safari/537.36','2014-08-22 17:47:44'),(156,134,0,'Bonjour Mme, monsieur,&lt;br /&gt;&lt;br /&gt;Je suis &amp;agrave; la recherche d&amp;#039;une vitrine r&amp;eacute;frig&amp;eacute;r&amp;eacute;e inox ou blanc type 400 positive sur roulettes plateaux tournants d&amp;#039;occasion.&lt;br /&gt;J&amp;#039;ai besoin d&amp;#039;une livraison au plus vite.&lt;br /&gt;Pourriez vous m&amp;#039;envoyer vos meilleurs offres ?&lt;br /&gt;Je vous en remercie par avance.&lt;br /&gt;&lt;br /&gt;Bistro Italien &lt;br /&gt;216 Avenue de Versailles&lt;br /&gt;75016 Paris. &lt;br /&gt;&lt;br /&gt;&lt;br /&gt;Cordialement/Best Regards&lt;br /&gt;&lt;br /&gt;Mob. : + 33 614 71 44 59&lt;br /&gt;guy.brunetti@gmail.com','',1390573284,'Mozilla/5.0 (Macintosh; Intel Mac OS X 10_8_5) AppleWebKit/537.77.4 (KHTML, like Gecko) Version/6.1.5 Safari/537.77.4','2014-08-26 23:48:06'),(157,135,0,'Bonjour,&lt;br /&gt;Faites vous les pi&amp;egrave;ces d&amp;eacute;tach&amp;eacute;es morice  ( bruleurs )&lt;br /&gt;&lt;br /&gt;Merci pour votre r&amp;eacute;ponse &lt;br /&gt;&lt;br /&gt;J.P.Chalons','',1842439514,'Mozilla/5.0 (X11; CrOS x86_64 5841.98.0) AppleWebKit/537.36 (KHTML, like Gecko) Chrome/36.0.1985.143 Safari/537.36','2014-08-27 19:34:50'),(158,136,0,'Bonjour, nous sommes interess&amp;eacute;s par votre R&amp;eacute;f&amp;eacute;rence : C00007 merci de nous indiquer le tarif.','',1343086496,'Mozilla/5.0 (Windows NT 5.1) AppleWebKit/537.36 (KHTML, like Gecko) Chrome/37.0.2062.102 Safari/537.36','2014-08-29 09:57:04'),(159,137,0,'Bonjour,&lt;br /&gt;&lt;br /&gt;J&amp;#039;ai un cong&amp;eacute;lateur pro a faire enlever sur Lyon rapidement. Il fonction avec un bloc de ventilateur &amp;agrave; part. &lt;br /&gt;&lt;br /&gt;L&amp;#039;ensemble a 4 ans je crois et tr&amp;egrave;s peu servit.&lt;br /&gt;&lt;br /&gt;Seriez vous int&amp;eacute;ress&amp;eacute; ? Si oui , combien m&amp;#039;en donneriez vous ?&lt;br /&gt;&lt;br /&gt;Je peux vous fournir la fiche signal&amp;eacute;tique du produit si besoin.&lt;br /&gt;&lt;br /&gt;Cordialement,','540c145ae5ce7r.pdf',1510934812,'Mozilla/5.0 (Windows NT 6.1; WOW64) AppleWebKit/537.36 (KHTML, like Gecko) Chrome/36.0.1985.143 Safari/537.36','2014-09-07 10:16:27'),(160,138,0,'Sarl FRG  RCS REIMS 399 980 853 APE 4669C&lt;br /&gt;Soci&amp;eacute;t&amp;eacute; Achat et location de mat&amp;eacute;riel CHR &lt;br /&gt;Bonjours &lt;br /&gt;Nous somme a la recherche pour notre filiale du Portugal d&amp;rsquo;un surg&amp;eacute;lateurs conservateurs &lt;br /&gt;1 compartiment surg&amp;eacute;lation et 3 compartiment conservation pour un salon de th&amp;eacute; &lt;br /&gt;Merci de bien vouloir nous faire parvenir par mail un documentation pour le tipe de produit rechercher et un devis &lt;br /&gt;Cordialement &lt;br /&gt;Actuellement sur le site au Portugal ouverture d&amp;eacute;but 2015  joignable au 00351 926 102 811&lt;br /&gt;','',2147483647,'Mozilla/5.0 (Windows NT 6.1; WOW64; Trident/7.0; MAM3; rv:11.0) like Gecko','2014-09-08 20:28:28'),(161,138,0,'Ci joint liste de produits susceptible de nous int&amp;eacute;resser.&lt;br /&gt;Mr GANDON  FRG soci&amp;eacute;t&amp;eacute; Fran&amp;ccedil;aise de regroupement de gestion pour d&amp;rsquo;achat et de location  de mat&amp;eacute;riels CHR. APE 399 953 851 NIF 4669C. &lt;br /&gt;URGENT / Mat&amp;eacute;riels pour sa filable BICOQ Portugal ouverture f&amp;eacute;vrier 2015.&lt;br /&gt;Et t&amp;rsquo;il possible de rentr&amp;eacute; en contacte avec Mr GANDON R&amp;eacute;gis  au 00351 926 102 811 &lt;br /&gt;','540f03ae8e6ba.docx',2147483647,'Mozilla/5.0 (Windows NT 6.1; WOW64; Trident/7.0; MAM3; rv:11.0) like Gecko','2014-09-09 15:42:08'),(162,139,0,' bonjour,pouvez vous nous dire combien couterai  les bruleurs de ce piano qui semble assez ancien?&lt;br /&gt;Merci','540f0536f04f6.jpeg',1391622626,'Mozilla/5.0 (Windows NT 6.2; WOW64; rv:23.0) Gecko/20100101 Firefox/23.0','2014-09-09 15:48:39'),(163,140,0,'Audit de r&amp;eacute;f&amp;eacute;rencement gratuit&lt;br /&gt;Bonjour,&lt;br /&gt;&lt;br /&gt;Je suis Vincent de Viaprestige Web Agency, Agence de visibilit&amp;eacute; globale sur internet (Cr&amp;eacute;ation et Optimisation de site web, r&amp;eacute;f&amp;eacute;rencement naturel, cr&amp;eacute;ation de contenus &amp;eacute;ditoriaux &amp;agrave; valeur ajout&amp;eacute;e, webmarketing et community management)&lt;br /&gt;&lt;br /&gt;O&amp;ugrave; en &amp;ecirc;tes-vous de votre visibilit&amp;eacute; internet ?&lt;br /&gt;&lt;br /&gt;Gratuitement je vous propose un mini-audit sur les principaux points cl&amp;eacute;s de votre site web :&lt;br /&gt;&lt;br /&gt;Cet audit vous &amp;eacute;clairera notamment sur les points suivants : &lt;br /&gt;-	Votre site est-il techniquement optimis&amp;eacute; pour remonter correctement sur Google ?&lt;br /&gt;-	Dispose-t-il de contenus &amp;eacute;ditoriaux suffisamment pertinents pour &amp;ecirc;tre positionn&amp;eacute; ?&lt;br /&gt;-	Ces contenus sont-ils bien construits et bien organis&amp;eacute;s afin de r&amp;eacute;pondre aux nouvelles contraintes s&amp;eacute;mantiques ?&lt;br /&gt;-	Comment vos balises sont-elles r&amp;eacute;dig&amp;eacute;es ?&lt;br /&gt;-	C&amp;ocirc;t&amp;eacute; netlinking, nous regarderons &amp;eacute;galement le profil de liens qui pointent vers votre site. Sont-ils qualitatifs ? Votre site est-il en danger et donc potentiellement p&amp;eacute;nalisable par l&amp;rsquo;un des filtres Google ?&lt;br /&gt;Nous vous donnerons &amp;eacute;galement un avis professionnel sur son ergonomie g&amp;eacute;n&amp;eacute;rale.&lt;br /&gt;&lt;br /&gt;A la suite de cet audit, je vous proposerai une strat&amp;eacute;gie pour augmenter votre visibilit&amp;eacute; et donc votre trafic. Nos m&amp;eacute;thodes ont &amp;eacute;t&amp;eacute; &amp;eacute;tudi&amp;eacute;es et valid&amp;eacute;es pour obtenir une visibilit&amp;eacute; durable. &lt;br /&gt;En fonction de l&amp;rsquo;ant&amp;eacute;riorit&amp;eacute; de votre site, de son march&amp;eacute;, sa concurrence, nous adapterons alors une strat&amp;eacute;gie sur mesure, n&amp;eacute;anmoins, les bases sont d&amp;eacute;crites ci-dessous : &lt;br /&gt;-	Actions sur mots cl&amp;eacute;s prioritaires (vos positions actuelles au-del&amp;agrave; de la 4&amp;egrave;me place)&lt;br /&gt;-	Analyse des expressions cl&amp;eacute;s de niche&lt;br /&gt;-	Analyse des expressions de longue traine&lt;br /&gt;-	Mise en ad&amp;eacute;quation des contenus du site en fonction des mots cl&amp;eacute;s&lt;br /&gt;-	Optimisation s&amp;eacute;mantique&lt;br /&gt;-	Soumissions manuelles de votre site sur annuaires qualifi&amp;eacute;s (fiches tr&amp;egrave;s longues et d&amp;eacute;taill&amp;eacute;es sur seulement quelques annuaires incontournables)&lt;br /&gt;-	Cr&amp;eacute;ation et/ou animation de blog avec r&amp;eacute;daction d&amp;rsquo;articles originaux et d&amp;rsquo;actualit&amp;eacute;s toutes les semaines (cr&amp;eacute;ation de liens internes, diffusion sur les r&amp;eacute;seaux sociaux)&lt;br /&gt;-	Conseils sur l&amp;rsquo;ergonomie du site, l&amp;rsquo;utilisation des r&amp;eacute;seaux sociaux&amp;hellip;Et plus g&amp;eacute;n&amp;eacute;ralement sur tout ce qui peut influencer la visibilit&amp;eacute; de votre site web&lt;br /&gt;&lt;br /&gt;Ces prestations sont r&amp;eacute;alis&amp;eacute;es &amp;laquo; &amp;agrave; la main &amp;raquo; et sont toutes sur mesure, nous n&amp;#039;utilisons aucun automatisme ou robot. Un chef de projet SEO/R&amp;eacute;daction web vous suivra tout au long de la prestation.&lt;br /&gt;&lt;br /&gt;Aujourd&amp;rsquo;hui, le qualitatif remplace le quantitatif&amp;hellip; Oubliez les m&amp;eacute;thodes douteuses, vous promettant des r&amp;eacute;sultats extraordinaires en peu de temps... Vous mettriez irr&amp;eacute;m&amp;eacute;diablement votre business en danger.&lt;br /&gt;&lt;br /&gt;Vos concurrents sont d&amp;eacute;j&amp;agrave; en premi&amp;egrave;re page de Google (utilis&amp;eacute; par 90% des internautes). Diff&amp;eacute;renciez vous par la qualit&amp;eacute; de vos contenus, l&amp;rsquo;ergonomie de votre site, la pertinence de vos actions, et visons ensemble une Top Position.&lt;br /&gt;&lt;br /&gt;Pour votre audit gratuit (et sans engagement) ou des d&amp;#039;informations suppl&amp;eacute;mentaires vous pouvez me joindre par mail &amp;agrave; vincent.viaprestige@gmail.com ou sur Skype : viaprestige.group ou bien remplir le formulaire de devis gratuit sur notre site.&lt;br /&gt;&lt;br /&gt;Rendez-vous sur notre site : www.viaprestige-agency.com, pour consulter en d&amp;eacute;tails nos offres et nos m&amp;eacute;thodes. Vous pourrez &amp;eacute;galement consulter certaines de nos r&amp;eacute;f&amp;eacute;rences en la mati&amp;egrave;re.                                      &lt;br /&gt;Vincent Pestel&lt;br /&gt;Chef de projet &lt;br /&gt;http://www.viaprestige-agency.com/&lt;br /&gt;09 72 67 07 81 et ( +212) 5 24 45 76 02&lt;br /&gt;','',697136615,'Mozilla/5.0 (Windows NT 5.1; rv:30.0) Gecko/20100101 Firefox/30.0','2014-10-07 17:16:07'),(164,141,0,'Ventes en ligne : des solutions pour les d&amp;eacute;velopper&lt;br /&gt;&lt;br /&gt;Bonjour,&lt;br /&gt;&lt;br /&gt;Vous avez un site marchand et vous souhaitez d&amp;eacute;velopper vos ventes ?&lt;br /&gt;&lt;br /&gt;Notre soci&amp;eacute;t&amp;eacute;, R&amp;eacute;f&amp;eacute;rencement Page 1, est sp&amp;eacute;cialis&amp;eacute;e en R&amp;eacute;f&amp;eacute;rencement de sites sur Google depuis 2006.&lt;br /&gt;&lt;br /&gt;On peut envisager plusieurs axes de communication :&lt;br /&gt;- Le r&amp;eacute;f&amp;eacute;rencement naturel de votre site afin de faire appara&amp;icirc;tre vos pages dans les r&amp;eacute;sultats classiques de Google &lt;br /&gt;- Les annonces commerciales de Google (Adwords). Ciblage possible en r&amp;eacute;gional pour r&amp;eacute;duire les co&amp;ucirc;ts.&lt;br /&gt;- Le r&amp;eacute;f&amp;eacute;rencement local, Google Places, afin de vous faire appara&amp;icirc;tre en bonne place sur les recherches locales.&lt;br /&gt;- Lancement de campagnes Emailing en utilisant votre fichier client (Newsletter r&amp;eacute;guli&amp;egrave;res, Promotions)&lt;br /&gt;- Exporter votre catalogue de produits sur les comparateurs de prix (Google shopping)&lt;br /&gt;&lt;br /&gt;Souhaitez-vous que nous fassions un Audit de votre r&amp;eacute;f&amp;eacute;rencement naturel actuel, et une offre pour l&amp;rsquo;am&amp;eacute;liorer ? C&amp;rsquo;est gratuit.&lt;br /&gt;&lt;br /&gt;N&amp;rsquo;h&amp;eacute;sitez pas &amp;agrave; nous contacter si vous souhaitez plus de renseignements sur ces services soit sur notre site http://www.pg1.fr soit au 03 67 1000 12.&lt;br /&gt;&lt;br /&gt;&lt;br /&gt;L&amp;rsquo;&amp;eacute;quipe R&amp;eacute;f&amp;eacute;rencement Page 1&lt;br /&gt;&lt;br /&gt;-&lt;br /&gt;R&amp;eacute;f&amp;eacute;rencement Page 1&lt;br /&gt;17, rue Jacobi-Netter&lt;br /&gt;67200 Strasbourg&lt;br /&gt;&lt;br /&gt;Email : contact@pg1.fr','',1343189155,'Mozilla/4.0 (compatible; MSIE 8.0; Windows NT 6.2; Trident/4.0; SLCC2; .NET CLR 2.0.50727; .NET CLR 3.5.30729; .NET CLR 3.0.3072','2014-10-13 15:46:03'),(165,142,0,'bonjour , &lt;br /&gt;boulangerie l atelier gourmand a pont de beauvoisin  . je recherche une trancheuse a pain ainsi que des echelles et des rayonnages pour chambre froide et de congel . avez vous cela ?&lt;br /&gt;d autre part j ai un congelateur 6 portes de marque actif a vendre d occasion ,dont  une photo est jointe . seriez vous interess&amp;eacute; ? ou sinon un echange serait il possible ?&lt;br /&gt;merci de votre reponce &lt;br /&gt;&lt;br /&gt;mr Curtaud','',1551997402,'Mozilla/5.0 (Windows NT 6.3; WOW64) AppleWebKit/537.36 (KHTML, like Gecko) Chrome/38.0.2125.111 Safari/537.36','2014-11-11 09:52:19'),(166,143,0,'ZSEDFRTGYHJK','',2147483647,'Mozilla/5.0 (Windows NT 6.1; WOW64) AppleWebKit/537.36 (KHTML, like Gecko) Chrome/39.0.2171.71 Safari/537.36','2014-12-01 15:54:59'),(167,144,0,'Bjr la fa&amp;ccedil;onneuse merand m&amp;#039;int&amp;eacute;resse mais je n&amp;#039;est qu&amp;#039;un budget de 3000&amp;euro; TTC pour l&amp;#039;achat bien cordialement franck Mikolajczak le fournil des provinces ','',1362125599,'Mozilla/5.0 (iPad; CPU OS 7_1_2 like Mac OS X) AppleWebKit/537.51.2 (KHTML, like Gecko) Version/7.0 Mobile/11D257 Safari/9537.53','2014-12-04 07:24:59'),(168,145,0,'Bonjour,&lt;br /&gt;je projette de cr&amp;eacute;er une p&amp;acirc;tisserie &amp;agrave; Bamako.Dans mes recherches je suis tomb&amp;eacute; sur votre site.Je voudrai savoir si vous pouvez me donner des informations,des conseils.&lt;br /&gt;Tr&amp;egrave;s cordialement.','',1362693046,'Mozilla/5.0 (Macintosh; Intel Mac OS X 10_10_2) AppleWebKit/600.3.14 (KHTML, like Gecko) Version/8.0.3 Safari/600.3.14','2015-01-15 09:50:23'),(169,146,0,'Bonjour,&lt;br /&gt;&lt;br /&gt;En parcourant votre site, j&amp;#039;ai remarqu&amp;eacute; qu&amp;#039;il utilisait Prestashop.&lt;br /&gt;Je profite de ma visite pour vous pr&amp;eacute;senter le logiciel e-connecteur ( http://www.e-connecteur.fr/presta ), qui permet de relier Prestashop aux logiciels de gestion commerciale (EBP, Sage, Wavesoft, etc ...).&lt;br /&gt;&lt;br /&gt;Cela &amp;eacute;vite les ressaisies fastidieuses des produits et commandes.&lt;br /&gt;&lt;br /&gt;Je reste &amp;agrave; votre disposition si vous avez besoin de renseignement compl&amp;eacute;mentaire.&lt;br /&gt;&lt;br /&gt;Cordialement,&lt;br /&gt;Hubert&lt;br /&gt;04.90.36.09.45&lt;br /&gt;hubert@e-connecteur.fr','',1583656866,'Mozilla/5.0 (Windows NT 6.1; rv:35.0) Gecko/20100101 Firefox/35.0','2015-02-11 10:46:21'),(170,147,0,'ou est il possible de trouver un crochet et un bol pour le batteur b20','',1834555138,'Mozilla/5.0 (iPad; CPU OS 8_1_3 like Mac OS X) AppleWebKit/600.1.4 (KHTML, like Gecko) CriOS/40.0.2214.73 Mobile/12B466 Safari/6','2015-02-19 19:41:35'),(171,148,0,'bonjour,auriez vous une polie de r&amp;eacute;duction pour un batteur dito sama bm10, avec mes remerciements','',1510040483,'Mozilla/5.0 (Windows NT 6.3; WOW64) AppleWebKit/537.36 (KHTML, like Gecko) Chrome/40.0.2214.115 Safari/537.36','2015-03-01 08:09:24'),(172,149,0,'bonjour. suite a notre entretient t&amp;eacute;l&amp;eacute;phonique,je me rapproche aupr&amp;egrave;s de  vous pour un calcul de frais de port pour l&amp;#039;achat d&amp;#039;un caniveau de sol &lt;br /&gt;(mod&amp;egrave;le 50x50 le petit) vous en remerciant par avance . cordialement M.  bonnet','',1324897295,'Mozilla/5.0 (Windows NT 6.3; WOW64) AppleWebKit/537.36 (KHTML, like Gecko) Chrome/40.0.2214.115 Safari/537.36','2015-03-10 17:22:46'),(173,150,0,'Bonjour,&lt;br /&gt;Je recherche une saladette a pos&amp;eacute; en 1M20 maxi ,neuf ou occasion pour installation dans un camion pizza.&lt;br /&gt;Avez ce type de produit?&lt;br /&gt;Merci pour votre r&amp;eacute;ponse.&lt;br /&gt;Cordialement.','',1304457720,'Mozilla/5.0 (Windows NT 6.1; WOW64; rv:36.0) Gecko/20100101 Firefox/36.0','2015-03-11 23:00:59'),(174,151,0,'Bonjour, j&amp;#039;ai trouv&amp;eacute; par Google votre site boutique et je souhaitais vous faire part de notre produit vous permettant d&amp;#039;envoyer des sms &amp;agrave; vos clients en utilisant votre carte sim sms illimit&amp;eacute; (donc gratuits). Je vous invite &amp;agrave; prendre contact avec moi pour plus de renseignements ou &amp;agrave; aller visiter notre site internet www.reflexsms.com .&lt;br /&gt;Cordialement, Corinne','',1390635364,'Mozilla/4.0 (compatible; MSIE 7.0; Windows NT 6.2; WOW64; Trident/7.0; .NET4.0E; .NET4.0C; .NET CLR 3.5.30729; .NET CLR 2.0.5072','2015-03-19 16:51:23'),(175,152,0,'	Bonjour, &lt;br /&gt;&lt;br /&gt;Je suis actuellement dans la cr&amp;eacute;ation d&amp;#039;une boucherie artisanale &amp;agrave; Nice (06000).&lt;br /&gt;Je suis actuellement &amp;agrave; la recherche de devis concernant l&amp;#039;&amp;eacute;quipement complet d&amp;#039;une boucherie moderne.&lt;br /&gt;&lt;br /&gt;Serait il possible de me joindre un catalogue de vos r&amp;eacute;f&amp;eacute;rences par mail : benjamin@samoun.fr&lt;br /&gt;ou par courrier &lt;br /&gt;&lt;br /&gt;Monsieur SAMOUN&lt;br /&gt;24 avenue Durante &lt;br /&gt;06000&lt;br /&gt;Nice&lt;br /&gt;&lt;br /&gt;En l&amp;#039;attente d&amp;#039;une r&amp;eacute;ponse favorable de votre part, &lt;br /&gt;&lt;br /&gt;Cordialement &lt;br /&gt;&lt;br /&gt;M. SAMOUN','',2147483647,'Mozilla/5.0 (Macintosh; Intel Mac OS X 10_7_5) AppleWebKit/537.78.2 (KHTML, like Gecko) Version/6.1.6 Safari/537.78.2','2015-04-29 12:35:12'),(176,140,0,'Audit de r&amp;eacute;f&amp;eacute;rencement gratuit&lt;br /&gt;Bonjour,	&lt;br /&gt;&lt;br /&gt;&lt;br /&gt;Je suis Vincent de Viaprestige Web Agency, agence de visibilit&amp;eacute; globale sur Internet, sp&amp;eacute;cialis&amp;eacute;e dans : &lt;br /&gt;&amp;bull;	la cr&amp;eacute;ation et l&amp;rsquo;optimisation de sites web,&lt;br /&gt;&amp;bull;	le r&amp;eacute;f&amp;eacute;rencement naturel,&lt;br /&gt;&amp;bull;	la cr&amp;eacute;ation de contenus &amp;eacute;ditoriaux &amp;agrave; valeur ajout&amp;eacute;e,&lt;br /&gt;&amp;bull;	le webmarketing et community management.&lt;br /&gt; 	&lt;br /&gt;Nous accompagnons, essentiellement, les PME qui n&amp;rsquo;ont pas d&amp;rsquo;experts SEO en interne, dans leur strat&amp;eacute;gie de r&amp;eacute;f&amp;eacute;rencement pour accro&amp;icirc;tre leur visibilit&amp;eacute; sur Internet.&lt;br /&gt;&lt;br /&gt;Le constat : &lt;br /&gt; &lt;br /&gt;La visibilit&amp;eacute; sur Internet reste quelque peu probl&amp;eacute;matique pour les PME. Un travail approfondi au niveau du r&amp;eacute;f&amp;eacute;rencement d&amp;rsquo;un site est tr&amp;egrave;s important pour am&amp;eacute;liorer sa visibilit&amp;eacute; Internet. &lt;br /&gt;&lt;br /&gt;Notre offre : &lt;br /&gt; &lt;br /&gt;1- Audit gratuit :&lt;br /&gt; &lt;br /&gt;Nous vous proposons gratuitement un mini-audit sur les principaux points cl&amp;eacute;s de votre site web. Cet audit, indispensable pour une optimisation r&amp;eacute;ussie, vous &amp;eacute;clairera notamment sur les points suivants :&lt;br /&gt;&amp;bull;	Votre site est-il techniquement optimis&amp;eacute; pour remonter correctement dans Google ?&lt;br /&gt;&amp;bull;	Dispose-t-il de contenus &amp;eacute;ditoriaux suffisamment pertinents pour &amp;ecirc;tre positionn&amp;eacute; ?&lt;br /&gt;&amp;bull;	Ces contenus sont-ils bien construits et bien organis&amp;eacute;s afin de r&amp;eacute;pondre aux nouvelles contraintes s&amp;eacute;mantiques ?&lt;br /&gt;&amp;bull;	Comment vos balises sont-elles r&amp;eacute;dig&amp;eacute;es ?&lt;br /&gt;&amp;bull;	C&amp;ocirc;t&amp;eacute; netlinking, nous regarderons &amp;eacute;galement le profil de liens qui pointent vers votre site. Sont-ils qualitatifs ?&lt;br /&gt;&amp;bull;	 Votre site est-il en danger et donc sujet &amp;agrave; une p&amp;eacute;nalit&amp;eacute; par l&amp;rsquo;un des filtres de Google ?&lt;br /&gt;&lt;br /&gt;Nous vous donnerons &amp;eacute;galement un avis professionnel sur l&amp;rsquo;ergonomie g&amp;eacute;n&amp;eacute;rale de votre site.&lt;br /&gt;&lt;br /&gt;&lt;br /&gt;2- Prestations sur-mesure :&lt;br /&gt;&lt;br /&gt;A la suite de cet audit, nous vous proposeront une strat&amp;eacute;gie adapt&amp;eacute;e &amp;agrave; vos besoins dans le but d&amp;rsquo;augmenter votre visibilit&amp;eacute; et donc votre trafic. Nos m&amp;eacute;thodes ont &amp;eacute;t&amp;eacute; &amp;eacute;tudi&amp;eacute;es et valid&amp;eacute;es pour obtenir une visibilit&amp;eacute; durable.&lt;br /&gt;&lt;br /&gt;En fonction de l&amp;rsquo;ant&amp;eacute;riorit&amp;eacute; de votre site, de votre march&amp;eacute; et le niveau de concurrence li&amp;eacute; &amp;agrave; votre activit&amp;eacute;, nous &amp;eacute;tablirons alors une strat&amp;eacute;gie sur mesure, n&amp;eacute;anmoins, les bases sont d&amp;eacute;crites ci-dessous :&lt;br /&gt;&amp;bull;	Actions sur mots cl&amp;eacute;s prioritaires (vos positions actuelles au-del&amp;agrave; de la 4&amp;egrave;me place)&lt;br /&gt;&amp;bull;	Analyse des expressions cl&amp;eacute;s de niche&lt;br /&gt;&amp;bull;	Analyse des expressions de longue traine&lt;br /&gt;&amp;bull;	Mise en ad&amp;eacute;quation des contenus du site en fonction des mots cl&amp;eacute;s&lt;br /&gt;&amp;bull;	Optimisation s&amp;eacute;mantique&lt;br /&gt;&amp;bull;	Soumissions manuelles de votre site sur annuaires qualifi&amp;eacute;s (fiches tr&amp;egrave;s longues et d&amp;eacute;taill&amp;eacute;es sur seulement quelques annuaires incontournables)&lt;br /&gt;&amp;bull;	Cr&amp;eacute;ation et/ou animation de blogs avec r&amp;eacute;daction d&amp;rsquo;articles originaux et d&amp;rsquo;actualit&amp;eacute;s toutes les semaines (cr&amp;eacute;ation de liens internes, diffusion sur les r&amp;eacute;seaux sociaux)&lt;br /&gt;&amp;bull;	Conseils sur l&amp;rsquo;ergonomie du site, l&amp;rsquo;utilisation des r&amp;eacute;seaux sociaux&amp;hellip;Et plus g&amp;eacute;n&amp;eacute;ralement, nous vous conseillons sur tout ce qui peut influencer la visibilit&amp;eacute; de votre site web.&lt;br /&gt;Vos concurrents sont d&amp;eacute;j&amp;agrave; en premi&amp;egrave;re page de Google (utilis&amp;eacute; par 90% des internautes). Diff&amp;eacute;renciez-vous par la qualit&amp;eacute; de vos contenus, l&amp;rsquo;ergonomie de votre site, la pertinence de vos actions, et visons ensemble une Top Position.&lt;br /&gt;&lt;br /&gt;&lt;br /&gt;3- Une &amp;eacute;quipe de professionnels &amp;agrave; votre service&lt;br /&gt;&lt;br /&gt;&lt;br /&gt;Ces prestations sont r&amp;eacute;alis&amp;eacute;es &amp;laquo; &amp;agrave; la main &amp;raquo; et sont toutes sur mesure, nous n&amp;#039;utilisons aucun automatisme ou robot. Un chef de projet SEO / R&amp;eacute;daction web vous suivra tout au long de la prestation. Nous vous assurons des prestations de qualit&amp;eacute;, avec un suivi r&amp;eacute;gulier et un contr&amp;ocirc;le permanent pour que votre activit&amp;eacute; reste p&amp;eacute;renne. Tout ceci &amp;agrave; des tarifs tr&amp;egrave;s comp&amp;eacute;titifs.&lt;br /&gt;Oubliez les m&amp;eacute;thodes douteuses, vous promettant des r&amp;eacute;sultats extraordinaires en peu de temps ! Vous mettriez irr&amp;eacute;m&amp;eacute;diablement votre business en danger.&lt;br /&gt;&lt;br /&gt;Nous contacter ?&lt;br /&gt;&lt;br /&gt;&lt;br /&gt;Pour votre audit gratuit (et sans engagement) ou compl&amp;eacute;ment d&amp;rsquo;information vous pouvez me joindre :&lt;br /&gt;&amp;bull;	par mail &amp;agrave; vincent.viaprestige@gmail.com &lt;br /&gt;&amp;bull;	sur Skype : viaprestige.group&lt;br /&gt;&amp;bull;	ou en remplissant le formulaire de devis gratuit sur notre site&lt;br /&gt;Rendez-vous sur notre site : www.viaprestige-agency.com, pour consulter en d&amp;eacute;tail nos offres, nos m&amp;eacute;thodes, mais aussi certaines de nos r&amp;eacute;f&amp;eacute;rences.&lt;br /&gt;&lt;br /&gt;Vincent Pestel&lt;br /&gt;Chef de projet&lt;br /&gt;http://www.viaprestige-agency.com/&lt;br /&gt;09 72 67 07 81&lt;br /&gt;(+212) 5 24 45 76 02&lt;br /&gt;&lt;br /&gt;','',704298235,'Mozilla/5.0 (Windows NT 6.1; rv:30.0) Gecko/20100101 Firefox/30.0','2015-05-13 19:48:02'),(177,113,0,'Bonjour,&lt;br /&gt;&lt;br /&gt;Je me permet de vous contacter via le formulaire de votre boutique prestashop pour vous pr&amp;eacute;senter la toute nouvelle version du Robot Alif Publicator qui vous permettra de doubler vos ventes sur Prestashop. &lt;br /&gt;&lt;br /&gt;CLIQUEZ ICI pour en savoir plus : http://alifconception.com&lt;br /&gt;&lt;br /&gt;Le Robot Alif Pubicator est d&amp;eacute;sormais capable de vendre automatiquement&lt;br /&gt;vos produits sur l&amp;#039;ensemble des canaux n&amp;deg;1 de la vente sur internet : &lt;br /&gt;&lt;br /&gt;- Amazon : num&amp;eacute;ro 1 des sites e-commerces&lt;br /&gt;- Google Adwords : num&amp;eacute;ro 1 des r&amp;eacute;gis publicitaires&lt;br /&gt;- Google Shopping : num&amp;eacute;ro 1 des comparateurs de prix&lt;br /&gt;- LeBonCoin et VivaStreet : num&amp;eacute;ro 1 des sites de petites annonces&lt;br /&gt;- Emailing : num&amp;eacute;ro 1 en retour sur investissement (&amp;eacute;tude DMA London)&lt;br /&gt;- SMS Publicitaire : num&amp;eacute;ro 1 en taux d&amp;#039;ouverture (+ 95% d&amp;#039;ouverture)&lt;br /&gt;&lt;br /&gt;Commencez d&amp;egrave;s aujourd&amp;#039;hui et multipliez par 2, 5, ou 7 vos sources de ventes pour votre boutique Prestashop.&lt;br /&gt;&lt;br /&gt;CLIQUEZ ICI pour commencer maintenant :  http://alifconception.com&lt;br /&gt;&lt;br /&gt;De mon c&amp;ocirc;t&amp;eacute;, je reste &amp;agrave; votre disposition si vous avez la moindre question. Vous pouvez me contacter en r&amp;eacute;pondant &amp;agrave; ce mail.&lt;br /&gt;&lt;br /&gt;Cordialement&lt;br /&gt;&lt;br /&gt;Kiro, Inventeur du Robot Alif Publicator','',36824339,'Mozilla/5.0 (Windows NT 6.2; WOW64; rv:27.0) Gecko/20100101 Firefox/27.0','2015-06-19 12:24:36'),(178,153,0,'Bonjour je revend ma boucherie et mon successeur ne garde pas tout le mat&amp;eacute;riel je viens donc vers vous voir si vous racheter le mat&amp;eacute;riel de boucherie type plonge ,table de d&amp;eacute;coupe , vitrine r&amp;eacute;frig&amp;eacute;r&amp;eacute; de magasin merci d&amp;#039;avance mr bel ','',1342977904,'Mozilla/5.0 (iPhone; CPU iPhone OS 7_1_2 like Mac OS X) AppleWebKit/537.51.2 (KHTML, like Gecko) Version/7.0 Mobile/11D257 Safar','2015-08-28 16:05:56'),(179,154,0,'Monsieur Halimi, j&amp;#039;ai &amp;eacute;chang&amp;eacute; avec vous ce jour 18 novembre &amp;agrave; saint clair en compagnie de ma s&amp;oelig;ur &amp;agrave; propos des &amp;eacute;quipements de boulangerie &amp;agrave; l&amp;#039;export. au Congo. j&amp;#039;aimerai que vous  me pr&amp;eacute;cisiez les prix sur une pro forma des  &amp;eacute;quipementssuivants: 1 four bongard rotatif &amp;agrave; fioul, 1 p&amp;eacute;trin de 60 kg,une diviseuse, une fa&amp;ccedil;onneuse, un refroidisseur d&amp;#039;eau, une chambre froide, le chariot et les filets neuf ou occasion. le prix du conteneur. Merci de me pr&amp;eacute;ciser l&amp;#039;age des diff&amp;eacute;rents mat&amp;eacute;riels. Ma commande est imminente.  Merci','',1511873499,'Mozilla/5.0 (Windows NT 6.0) AppleWebKit/537.36 (KHTML, like Gecko) Chrome/39.0.2171.95 Safari/537.36','2015-11-18 23:11:02'),(180,155,0,'  bonjour  S&amp;eacute;bastien  ,  suite &amp;agrave; notre conversation t&amp;eacute;l&amp;eacute;phonique ,   pouvez vous me faire parvenir en urgence la fiche d&amp;#039; intallation du four smeg alfa 141xe achet&amp;eacute; en juin 2015 et envoy&amp;eacute; au birkina fasso ..  merci   cordialement   F  Accard','',2147483647,'Mozilla/4.0 (compatible; MSIE 8.0; Windows NT 6.1; WOW64; Trident/4.0; SLCC2; .NET CLR 2.0.50727; .NET CLR 3.5.30729; .NET CLR 3','2015-12-24 15:32:05'),(181,156,0,'bonjours pourriez vous me montre plus de photo de la ref 6408 (photo evapo etc ) et me dire quel type de magasin a servie cette vitrine cordialement .','',1490810859,'Mozilla/5.0 (Macintosh; Intel Mac OS X 10_11_3) AppleWebKit/601.4.4 (KHTML, like Gecko) Version/9.0.3 Safari/601.4.4','2016-02-24 18:28:21'),(182,157,0,'bonjour je serais int&amp;eacute;ress&amp;eacute; par le four &amp;eacute;lectrique &amp;agrave; sole fringand &amp;agrave; 2000 euros mais je sui &amp;agrave; Cruscades 11200 &amp;agrave; c&amp;ocirc;t&amp;eacute; de L&amp;eacute;zignan corbi&amp;egrave;res combien cela me co&amp;ucirc;terais TTC avec livraison&lt;br /&gt;cordialement','',1487770066,'Mozilla/5.0 (Windows NT 6.0) AppleWebKit/537.36 (KHTML, like Gecko) Chrome/49.0.2623.112 Safari/537.36','2016-04-22 15:43:32'),(183,158,0,'J&amp;#039;aimerais savoir quand est-ce que celle-ci va &amp;ecirc;tre livr&amp;eacute;e&lt;br /&gt;Etant donn&amp;eacute; que le paiement a &amp;eacute;t&amp;eacute; effectu&amp;eacute; et que vous m&amp;#039;aviez dit d&amp;eacute;but de semaine&lt;br /&gt;d&amp;#039;avance merci&lt;br /&gt;Hardy C','',1456589483,'Mozilla/5.0 (Macintosh; Intel Mac OS X 10_10_5) AppleWebKit/601.3.9 (KHTML, like Gecko) Version/9.0.2 Safari/601.3.9','2016-07-06 15:33:06'),(184,61,0,'J&amp;#039;ai visit&amp;eacute; votre site et j&amp;#039;ai v&amp;eacute;rifi&amp;eacute; que vous vendez des machines diff&amp;eacute;rentes pour les bars, h&amp;ocirc;tels, etc...&lt;br /&gt;Ensuite, je voudrais savoir si vous avez la possibilit&amp;eacute; de vendre des machines comme presse agrumes d&amp;#039;oranges, polissoirs de coutellerie, decarbonisers ou de polisseurs de verres, que nous sommes des fabricants de ces machines, et peut-&amp;ecirc;tre nous pourrions coop&amp;eacute;rer et travailler ensemble. Nous recherchons des revendeurs dans votre r&amp;eacute;gion, donc je pense que nous pourrions essayer de commencer &amp;agrave; travailler ensemble.&lt;br /&gt;Si tu pouvais &amp;ecirc;tre int&amp;eacute;ress&amp;eacute; vient me le faire savoir. ','',1477442641,'Mozilla/5.0 (Windows NT 6.1; WOW64) AppleWebKit/537.36 (KHTML, like Gecko) Chrome/51.0.2704.106 Safari/537.36','2016-07-06 18:29:05'),(185,159,0,'Bonjour,&lt;br /&gt;&lt;br /&gt;Nous sommes un restaurant sur Gap et nous aimerions vendre notre mat&amp;eacute;riel de cuisine (buffet, chambres froides positive et n&amp;eacute;gative, plan de travail, etc.) suite &amp;agrave; cessation d&amp;#039;activit&amp;eacute;.&lt;br /&gt;Serez vous int&amp;eacute;ress&amp;eacute;s pour nous racheter ce mat&amp;eacute;riel ?&lt;br /&gt;Cordialement.&lt;br /&gt;','',2147483647,'Mozilla/5.0 (Windows NT 6.1; WOW64; Trident/7.0; rv:11.0) like Gecko','2016-07-19 15:01:44'),(186,160,0,'bonjour.vous  avez des super prix vous aurez un four  &amp;eacute;lectrique une voie avec enfourneur int&amp;eacute;gr&amp;eacute; .cordialement &lt;br /&gt;','',1321455667,'Mozilla/5.0 (Windows NT 6.1; WOW64) AppleWebKit/537.36 (KHTML, like Gecko) Chrome/39.0.2171.65 Safari/537.36','2016-09-16 18:39:56'),(187,161,0,'bonjour , je suis a la recherche de vitrine r&amp;eacute;frig&amp;eacute;r&amp;eacute; sur roulettes , je viens de voir sur votre site que vous en aviez une , a tout hasard en avez vous d&amp;#039;autres s, si oui ; me donner les caract&amp;eacute;ristiques et le prix de chaque , merci &lt;br /&gt;&lt;br /&gt;r lachaud ','',1383740269,'Mozilla/5.0 (Windows NT 10.0; WOW64) AppleWebKit/537.36 (KHTML, like Gecko) Chrome/54.0.2840.71 Safari/537.36','2016-10-29 18:23:38'),(188,162,0,'Bonjour,&lt;br /&gt;&lt;br /&gt; L&amp;#039;Agence Partenaire Platinum de PrestaShop (Jash Technologie) vous propose de nouveaux tarifs pour les travaux de d&amp;eacute;veloppement, &amp;agrave; partir de 32 &amp;euro;/heure. &lt;br /&gt;Pour plus de d&amp;eacute;tails veuillez visiter notre site: http://supportprestashop.jash.fr/,&lt;br /&gt;&lt;br /&gt;Salutations sinc&amp;egrave;res,&lt;br /&gt;Jeanne STASKOWIAK','',1318809730,'Symfony BrowserKit','2016-11-26 23:11:41'),(189,163,0,'Suite conversation t&amp;eacute;l&amp;eacute;phonique, j&amp;#039;ai besoin d&amp;#039;un devis pour livraison d&amp;eacute;montage et montage du conservateur 6 portes ref: 874, prix 4500 euros&lt;br /&gt;chambre froide livraison d&amp;eacute;montage, remontage ref: MB61211, prix 3549euros&lt;br /&gt;livraison vitrine chocolat, ref: 563  prix: 800 euros.&lt;br /&gt;Four marque Thirode ref: 508, prix 22OO euros.&lt;br /&gt;Si vous avez un vitrine r&amp;eacute;frig&amp;eacute;r&amp;eacute;e droite mesurant entre 4,30m et 4, 80 comportant une partie s&amp;egrave;che, une partie banque et une partie r&amp;eacute;frig&amp;eacute;r&amp;eacute;e, vous pouvez me faire une proposition( mais il faut pouvoir d&amp;eacute;monter pour un passage de porte &amp;agrave; 0,80 m) et remonter.&lt;br /&gt;Si vous avez une desserte patissi&amp;egrave;re 3portes r&amp;eacute;frig&amp;eacute;r&amp;eacute;e avec groupe log&amp;eacute;, me faire une offre aussi&lt;br /&gt;Le tout serait &amp;agrave; livrer &amp;agrave; Saint Gengoux le National 7140.&lt;br /&gt;Apr&amp;egrave;s votre devis j&amp;#039;irai vous voir sous une quinzaine de jours.&lt;br /&gt;Merci.&lt;br /&gt;Cordialement.&lt;br /&gt;L&amp;eacute;o Serres','',1516248147,'Mozilla/5.0 (Windows NT 5.1; rv:50.0) Gecko/20100101 Firefox/50.0','2017-01-02 15:42:19'),(190,140,0,'Pr&amp;eacute;-audit de r&amp;eacute;f&amp;eacute;rencement  gratuit&lt;br /&gt;&lt;br /&gt;Bonjour,&lt;br /&gt;Je suis Franck de Viaprestige Web Agency, agence de visibilit&amp;eacute; globale sur Internet, sp&amp;eacute;cialis&amp;eacute;e dans la cr&amp;eacute;ation de sites internet, le r&amp;eacute;f&amp;eacute;rencement naturel (SEO) et le webmarketing.&lt;br /&gt;Aujourd&amp;rsquo;hui, avoir un site internet c&amp;rsquo;est bien, mais encore faut-il qu&amp;rsquo;il soit visible sur les moteurs de recherche pour atteindre votre public ! O&amp;ugrave; en est votre site web en termes de visibilit&amp;eacute; sur Internet ? Est-il techniquement optimis&amp;eacute; pour remonter dans les premiers r&amp;eacute;sultats de recherche sur Google ou, au contraire, il est loin derri&amp;egrave;re vos concurrents ?  Votre site est-il en danger et donc susceptible d&amp;rsquo;&amp;ecirc;tre p&amp;eacute;nalis&amp;eacute; par l&amp;rsquo;un des filtres Google ?&lt;br /&gt;Pour le savoir, JE VOUS PROPOSE GRATUITEMENT UN PRE-AUDIT DE VOTRE SITE WEB. A l&amp;rsquo;issue de cette analyse, vous aurez une id&amp;eacute;e claire sur l&amp;rsquo;&amp;eacute;tat de votre site en termes d&amp;rsquo;optimisation technique, de qualit&amp;eacute; des contenus &amp;eacute;ditoriaux et d&amp;rsquo;ergonomie g&amp;eacute;n&amp;eacute;rale. Je vous proposerai, ensuite, une strat&amp;eacute;gie sur-mesure pour augmenter votre visibilit&amp;eacute; sur Google, am&amp;eacute;liorer votre trafic et votre taux de conversion ! Toutes nos actions sont sur-mesure et r&amp;eacute;alis&amp;eacute;es &amp;laquo; &amp;agrave; la main &amp;raquo; ; nous n&amp;#039;utilisons aucun automatisme ou robot. Un chef de projet SEO/R&amp;eacute;daction web vous suivra tout au long de la prestation de r&amp;eacute;f&amp;eacute;rencement naturel.&lt;br /&gt;&lt;br /&gt;Aujourd&amp;rsquo;hui, le qualitatif remplace le quantitatif&amp;hellip; Oubliez les m&amp;eacute;thodes douteuses vous promettant des r&amp;eacute;sultats extraordinaires en peu de temps... Vous mettriez irr&amp;eacute;m&amp;eacute;diablement votre business en danger.&lt;br /&gt;&lt;br /&gt;Vos concurrents sont d&amp;eacute;j&amp;agrave; en premi&amp;egrave;re page de Google (moteur de recherche utilis&amp;eacute; par 90 % des internautes). Diff&amp;eacute;renciez-vous par la qualit&amp;eacute; de vos contenus, l&amp;rsquo;ergonomie de votre site, la pertinence de vos actions, et visons ensemble une Top Position.&lt;br /&gt;&lt;br /&gt;Pour votre audit gratuit (et sans engagement) ou pour des informations suppl&amp;eacute;mentaires, vous pouvez me joindre par mail &amp;agrave; franck.viaprestige@gmail.com  ou bien remplir le formulaire de devis gratuit sur le site de notre agence web : https://viaprestige-agency.com/&lt;br /&gt;Par ailleurs, toujours dans l&amp;rsquo;optique d&amp;rsquo;aider les TPE et PME fran&amp;ccedil;aises &amp;agrave; d&amp;eacute;velopper leur business, Viaprestige Groupe, &amp;agrave; travers son p&amp;ocirc;le &amp;laquo; Externalisation &amp;raquo;, vous offre des services sur-mesure : recrutement de profils comp&amp;eacute;tents (d&amp;eacute;veloppeurs et int&amp;eacute;grateurs web, graphistes, employ&amp;eacute;s administratifs&amp;hellip;), externalisation de la relation client au Maroc, service d&amp;rsquo;assistance virtuel pour ex&amp;eacute;cuter vos t&amp;acirc;ches chronophages. En faisant appel &amp;agrave; Viaprestige Externalisation, vous &amp;eacute;conomisez jusqu&amp;rsquo;&amp;agrave; 50 % sur l&amp;rsquo;ensemble des frais salariaux, mais pas seulement ! Cette formule pr&amp;eacute;sente de nombreux avantages. Pour en savoir plus, rendez-vous sur notre site http://www.viaprestige-externalisation.com/.&lt;br /&gt;Franck &lt;br /&gt;https://viaprestige-agency.com/pdf/VP-agency.pdf&lt;br /&gt;Ligne directe 0970289134     Bureau : 09 72 67 54 40     Email : franck.viaprestige@gmail.com &lt;br /&gt;','',1771855983,'Mozilla/5.0 (Windows NT 6.1; rv:30.0) Gecko/20100101 Firefox/30.0','2017-02-20 12:34:48'),(191,164,0,'Bonjour, &lt;br /&gt;Dans le cadre de la cr&amp;eacute;ation de mon entreprise, je souhaiterai avoir un devis de votre part afin de budg&amp;eacute;tiser mes d&amp;eacute;penses.&lt;br /&gt;Les articles qui m&amp;#039;int&amp;eacute;ressent sont les suivants : &lt;br /&gt;- une turbine &amp;agrave; glace de marque Frigomat - ref 648&lt;br /&gt;- une cellule de refroidissement rapide marque Irinox - mod&amp;egrave;le MASR - ref 630 &lt;br /&gt;- une balance p&amp;acirc;tissi&amp;egrave;re 15 kg - ref GX 15 K&lt;br /&gt;&lt;br /&gt;Pouvez-vous me faire parvenir ce devis par mail &amp;agrave; l&amp;#039;adresse suivante : celine.mermet@hotmail.fr et l&amp;#039;adresser au nom de Mme Mermet C&amp;eacute;line, Les Bulanettes, 65 710 Sainte-Marie-de-Campan.&lt;br /&gt;&lt;br /&gt;Cordialement&lt;br /&gt;&lt;br /&gt;C&amp;eacute;line Mermet','',2147483647,'Mozilla/5.0 (Windows NT 6.1; WOW64) AppleWebKit/537.36 (KHTML, like Gecko) Chrome/56.0.2924.87 Safari/537.36','2017-03-22 08:31:49'),(192,165,0,'Bonjour,&lt;br /&gt;&lt;br /&gt;Je suis sur votre boutique en ligne et je vois que vous avez une page facebook, cela peut donc vous int&amp;eacute;resser https://goo.gl/7C4Alv&lt;br /&gt;&lt;br /&gt;Au plaisir &amp;eacute;galement de vous retrouver sur le groupe facebook.&lt;br /&gt;&lt;br /&gt;En esp&amp;eacute;rant ne pas vous avoir d&amp;eacute;rang&amp;eacute; pour rien ;-)&lt;br /&gt;&lt;br /&gt;Bien &amp;agrave; vous,&lt;br /&gt;&lt;br /&gt;Maxime','',1806578772,'Mozilla/5.0 (Windows NT 6.1; WOW64; rv:38.0) Gecko/20100101 Firefox/38.0','2017-04-27 10:22:34'),(193,166,0,'Bonjour, &lt;br /&gt;&lt;br /&gt;Apr&amp;egrave;s &amp;eacute;tude de votre site, nous constatons que vous avez des mots cl&amp;eacute;s tr&amp;egrave;s int&amp;eacute;ressants qui stagnent en deuxi&amp;egrave;me et fin de premi&amp;egrave;re page.&lt;br /&gt;&lt;br /&gt;C&amp;rsquo;est bien d&amp;rsquo;&amp;ecirc;tre positionn&amp;eacute; dans les 3 premi&amp;egrave;res pages car vous pouvez monter en premi&amp;egrave;re page assez rapidement.&lt;br /&gt;&lt;br /&gt;Pour atteindre  le top 3 de Google vous devez appliquer des m&amp;eacute;thodes de netlinking qui apportent plus de jus &amp;agrave; votre site.&lt;br /&gt;&lt;br /&gt;Les annuaires, les communiqu&amp;eacute;s de presse, les commentaires sur les forums permettaient dans les ann&amp;eacute;es 2013 de monter en positionnement, mais ce temps est r&amp;eacute;volu.&lt;br /&gt;&lt;br /&gt;Nous sommes sous-traitants pour les agences web europ&amp;eacute;ennes et canadiennes, par cons&amp;eacute;quent nous connaissons les diff&amp;eacute;rentes m&amp;eacute;thodes de r&amp;eacute;f&amp;eacute;rencement et nous savons exactement ce qui fonctionne et ce qui ne fonctionne plus.&lt;br /&gt;&lt;br /&gt;Actuellement il n&amp;rsquo;y a qu&amp;rsquo;un netlinking qui est bien not&amp;eacute; par Google et qui apporte des r&amp;eacute;sultats tr&amp;egrave;s satisfaisants pour monter dans le top 3:&lt;br /&gt;&lt;br /&gt;c&amp;rsquo;est le netlinking 100% articles de blog.&lt;br /&gt;&lt;br /&gt;Nos &amp;eacute;quipes rentrent en contact avec des milliers de blogueurs tous les mois dans des th&amp;eacute;matiques tr&amp;egrave;s vari&amp;eacute;es pour publier des articles de 400-500 mots avec des ancrages qui pointent sur le site &amp;agrave; r&amp;eacute;f&amp;eacute;rencer.&lt;br /&gt;&lt;br /&gt;Ce netlinking &amp;agrave; tr&amp;egrave;s forte valeur ajout&amp;eacute;e vous est factur&amp;eacute; par nous entre 3 et 5 fois moins qu&amp;rsquo;une agence fran&amp;ccedil;aise.&lt;br /&gt;&lt;br /&gt;Notre agence est sp&amp;eacute;cialis&amp;eacute;e dans le r&amp;eacute;f&amp;eacute;rencement naturel ultra concurrentiel,&lt;br /&gt;&lt;br /&gt;N&amp;rsquo;h&amp;eacute;sitez pas &amp;agrave; nous contacter, nous saurons vous satisfaire.&lt;br /&gt;&lt;br /&gt;&lt;br /&gt;Bien cordialement,&lt;br /&gt;&lt;br /&gt;Natacha RAKOTO &lt;br /&gt;Marketing Wholesaler Website &lt;br /&gt;ID SKYPE: W2CONTACT &lt;br /&gt;France / T&amp;eacute;l&amp;eacute;phone: +33178900606 &lt;br /&gt;Antananarivo, MADAGASCAR / T&amp;eacute;l&amp;eacute;phone: +261 3402 54437 &lt;br /&gt;contact@wholesaler-website.com &amp;ndash; www.wholesaler-website.com &lt;br /&gt;Lot IPA 14 bis Ambohidahy Itaosy &lt;br /&gt;natacha@wholesaler-website.com','',2147483647,'Mozilla/5.0 (Windows NT 6.1; WOW64; rv:53.0) Gecko/20100101 Firefox/53.0','2017-05-04 13:56:51'),(194,167,0,'Bonjour,&lt;br /&gt;&lt;br /&gt;J&amp;#039;esp&amp;egrave;re que vous allez bien par cette magnifique journ&amp;eacute;e.&lt;br /&gt;&lt;br /&gt;En passant sur votre site, j&amp;rsquo;ai pu me rendre compte que votre version de PrestaShop ne semblait pas &amp;agrave; jour.&lt;br /&gt;&lt;br /&gt;Je me permets donc de vous alerter sur 3 points importants :&lt;br /&gt;&lt;br /&gt;-&amp;ensp;&amp;ensp;Probl&amp;egrave;me de s&amp;eacute;curit&amp;eacute; : Votre site est vuln&amp;eacute;rable aux attaques des pirates informatiques.&lt;br /&gt;-&amp;ensp;&amp;ensp;Compatibilit&amp;eacute; : Il se peut que votre version actuelle ne soit pas adapt&amp;eacute;e aux mobiles et aux tablettes.&lt;br /&gt;-&amp;ensp;&amp;ensp;Comp&amp;eacute;titivit&amp;eacute; : Une mise &amp;agrave; jour vous permettrait de faire une refonte visuelle tout en maintenant un niveau de s&amp;eacute;curit&amp;eacute; optimal&amp;ensp;&lt;br /&gt;&lt;br /&gt;Qu&amp;rsquo;en pensez-vous ?&lt;br /&gt;&lt;br /&gt;Je serai heureux de pouvoir &amp;eacute;changer avec vous &amp;agrave; ce sujet,&lt;br /&gt;&lt;br /&gt;Damien FOUQUET.&lt;br /&gt;Tel : 01.69.21.21.96&lt;br /&gt;Consultant Prestashop et r&amp;eacute;f&amp;eacute;rencement&lt;br /&gt;http://www.adifco.com/maj-prestashop/&lt;br /&gt;A votre service depuis 1998','',1390824973,'Mozilla/5.0 (Windows NT 6.1; WOW64; rv:46.0) Gecko/20100101 Firefox/46.0','2017-05-16 15:26:27'),(195,168,0,'Bonjour suite &amp;agrave; la r&amp;eacute;novation de notre magasin nous vendons la comptoir + le rayonnage complet rgr&lt;br /&gt;ainsi qu&amp;#039;une partie bar avec tiroirs r&amp;eacute;frig&amp;eacute;r&amp;eacute; + tireuse&lt;br /&gt;ainsi qu&amp;#039;un four a pizza 2 &amp;eacute;tages&lt;br /&gt;','',1342948455,'Mozilla/5.0 (Windows NT 10.0; Win64; x64) AppleWebKit/537.36 (KHTML, like Gecko) Chrome/58.0.3029.110 Safari/537.36','2017-05-23 10:01:09'),(196,169,0,'Bonjour, &lt;br /&gt;Nous distribuons les produits de la gamme EVOLIS (EDIKIO) permettant d&amp;#039;imprimer des &amp;eacute;tiquettes prix PVC: http://fr.edikio.com/ &lt;br /&gt;Ces produits pourraient int&amp;eacute;resser vos clients. Peut &amp;ecirc;tre avez vous m&amp;ecirc;me d&amp;eacute;j&amp;agrave; eu des demandes de ce type. &lt;br /&gt;Notre soci&amp;eacute;t&amp;eacute; &amp;eacute;tant bas&amp;eacute;e pr&amp;egrave;s de chez vous, j&amp;#039;aurais souhait&amp;eacute; passer vous pr&amp;eacute;senter nos produits. Auriez vous des disponibilit&amp;eacute;s sur juin? &lt;br /&gt;Cordialement&lt;br /&gt;Isabel Fernandes&lt;br /&gt;ACTS DISTRIBUTION&lt;br /&gt;04 78 91 07 32 ','',1515574773,'Mozilla/5.0 (Windows NT 6.1; Win64; x64) AppleWebKit/537.36 (KHTML, like Gecko) Chrome/58.0.3029.110 Safari/537.36','2017-05-24 11:51:40'),(197,170,0,'Bonjour,&lt;br /&gt;&lt;br /&gt;Je viens de visiter votre site E-commerce, cr&amp;eacute;&amp;eacute; gr&amp;acirc;ce &amp;agrave; Prestashop.&lt;br /&gt;&lt;br /&gt;Nous sommes partenaire prestashop et animons 3 ateliers r&amp;eacute;f&amp;eacute;rencement au Prestashop Day ce vendredi 15 juin &amp;agrave; Paris.&lt;br /&gt;&lt;br /&gt;A cette occasion, j&amp;rsquo;aimerais vous remettre un audit de r&amp;eacute;f&amp;eacute;rencement naturel de votre site internet. &lt;br /&gt;&lt;br /&gt;Si vous souhaitez avancer, il vous suffit de renseigner ce formulaire : &lt;br /&gt;https://www.seo.fr/prestashop-day-reservez-analyse-de-referencement-gratuite-seo-fr&lt;br /&gt;&lt;br /&gt;Si vous n&amp;rsquo;&amp;ecirc;tes pas pr&amp;eacute;sent au salon, je peux bien s&amp;ucirc;r vous le faire parvenir par mail.&lt;br /&gt;&lt;br /&gt;Franck Maquinay&lt;br /&gt;Dirigeant&lt;br /&gt;www.seo.fr','',1390824973,'Mozilla/5.0 (Windows NT 6.1; WOW64; rv:46.0) Gecko/20100101 Firefox/46.0','2017-06-13 16:24:25'),(198,171,0,'Bonjour, a combien sont les frais de port svp. Merci','',1768298501,'Java/1.7.0_79','2017-10-15 11:43:32'),(199,164,0,'Bonjour, &lt;br /&gt;&lt;br /&gt;Dans le cadre de la cr&amp;eacute;ation de mon entreprise, je reviens vers vous pour l&amp;#039;&amp;eacute;tablissement d&amp;#039;un nouveau devis pour le mat&amp;eacute;riel suivant : &lt;br /&gt;- Armoire inox n&amp;eacute;gative 600*800 r&amp;eacute;f&amp;eacute;rence 1284&lt;br /&gt;- Cong&amp;eacute;lateur vitr&amp;eacute; 2 portes coulissantes r&amp;eacute;f&amp;eacute;rence 1201&lt;br /&gt;- Poussoir &amp;agrave; saucisses horizontal r&amp;eacute;f&amp;eacute;rence ML 00071&lt;br /&gt;&lt;br /&gt;Mes coordonn&amp;eacute;es sont les suivantes : &lt;br /&gt;Mme Mermet C&amp;eacute;line &lt;br /&gt;Quartier les Bulanettes&lt;br /&gt;65 710 Sainte-Marie-de-Campan&lt;br /&gt;SIRET 828 593 491 000 16&lt;br /&gt;&lt;br /&gt;Dans l&amp;#039;attente de votre r&amp;eacute;ponse, je vous souhaite une bonne journ&amp;eacute;e.&lt;br /&gt;&lt;br /&gt;Cordialement&lt;br /&gt;&lt;br /&gt;C&amp;eacute;line Mermet','',1456053540,'Mozilla/5.0 (X11; Linux x86_64; rv:31.0) Gecko/20100101 Firefox/31.0 Iceweasel/31.8.0','2017-11-15 11:07:24'),(200,171,1,'Cher client,&lt;br /&gt;&lt;br /&gt;Cela d&eacute;pend de votre adresse et de la machine que vous souhaitez.&lt;br /&gt;&lt;br /&gt;Cordialement,&lt;br /&gt;Le service client','',1343194692,'','2017-11-20 09:32:23');

--
-- Table structure for table `ps_customer_thread`
--

CREATE TABLE `ps_customer_thread` (
  `id_customer_thread` int(11) unsigned NOT NULL AUTO_INCREMENT,
  `id_lang` int(10) unsigned NOT NULL,
  `id_contact` int(10) unsigned NOT NULL,
  `id_customer` int(10) unsigned DEFAULT NULL,
  `id_order` int(10) unsigned DEFAULT NULL,
  `id_product` int(10) unsigned DEFAULT NULL,
  `status` enum('open','closed','pending1','pending2') NOT NULL DEFAULT 'open',
  `email` varchar(128) NOT NULL,
  `token` varchar(12) DEFAULT NULL,
  `date_add` datetime NOT NULL,
  `date_upd` datetime NOT NULL,
  PRIMARY KEY (`id_customer_thread`)
) ENGINE=InnoDB AUTO_INCREMENT=172 DEFAULT CHARSET=utf8;

--
-- Dumping data for table `ps_customer_thread`
--

INSERT INTO `ps_customer_thread` VALUES (1,2,2,0,0,0,'open','Btgs@hotmail.fr','jMsnMV26vwkb','2012-09-25 21:05:38','2012-09-25 21:05:38'),(2,2,5,0,0,0,'open','jbaptistep@live.fr','ndQh9apf7Czo','2012-09-27 16:26:51','2014-02-23 20:24:50'),(3,2,2,0,0,0,'open','bruno@soshake.com','MnH7qTdeqFHF','2012-10-04 15:21:47','2012-10-04 15:21:47'),(4,2,3,0,12345,0,'open','fabriziogrelli@yahoo.it','nZP67B7cKeWg','2012-10-11 19:08:23','2012-10-11 19:08:23'),(5,2,2,0,0,0,'open','contact@123module.com','cHEVCOY76PYP','2012-10-19 16:13:05','2012-10-19 16:13:05'),(6,2,3,0,1234,0,'open','fabrizio@mapetsrl.it','6mNBj0QMaY8Y','2012-10-21 19:28:51','2012-10-21 19:28:51'),(7,2,5,0,0,0,'open','hotelrdutourisme@free.fr','zYIYk9m8QwPz','2012-10-24 10:35:24','2012-10-24 10:35:24'),(8,2,5,0,0,0,'open','mick0971@hotmail.fr','MVjq2c5evp9h','2012-10-26 10:26:53','2012-10-26 10:26:53'),(9,2,5,0,0,0,'open','eolia.thery@orange.fr','FtrUOcCh4IJu','2012-11-05 11:31:42','2012-11-15 10:31:23'),(10,2,5,0,0,0,'open','rosa2@bbox.fr','JLRn0e6cZh3G','2012-11-05 19:08:58','2012-11-05 19:15:41'),(11,2,2,0,0,0,'open','cyrille.lariche@sfr.fr','xZp2M1ySbid4','2012-11-06 10:25:00','2012-11-06 10:25:00'),(12,2,3,0,0,0,'open','mick.service@hotmail.fr','pKSEGaiajxTh','2012-11-08 10:19:03','2012-11-08 10:19:03'),(13,2,2,0,0,0,'open','contact@fructisoft.com','2QwJjxM6P5WP','2012-11-17 14:43:54','2012-12-15 11:59:05'),(14,2,2,0,0,0,'open','valherv@free.fr','RpML9t7IIIO4','2012-11-18 18:42:17','2012-11-18 18:42:17'),(15,2,1,0,0,0,'closed','venetie2118@free.fr','g3DQFbexIpDL','2012-11-26 09:54:33','2012-11-26 09:54:33'),(16,2,2,0,0,0,'open','gregory.dumas10@yahoo.fr','HdfSKRXPaVe6','2012-11-26 16:29:54','2012-11-26 16:29:54'),(17,2,2,0,0,0,'open','Marc@ecommerce-circle.com','Wmk13wXb6nI8','2012-11-27 09:19:34','2012-12-04 09:07:19'),(18,2,2,0,0,0,'open','contact@shopping-mail.com','mRU8xB9F6by5','2012-11-29 14:42:31','2012-11-29 14:42:31'),(19,2,2,0,0,0,'open','Emma@StoreYa.com','uQtnq1BgeqXz','2012-11-29 15:51:18','2012-11-29 15:51:18'),(20,2,2,0,0,0,'open','mambourp@wanadoo.fr','XjyKCrPoEHHE','2012-12-06 11:49:29','2012-12-06 11:49:29'),(21,2,2,0,0,0,'open','bernard.striker@gmail.com','q2b64rtKnFse','2012-12-06 15:50:49','2012-12-06 15:50:49'),(22,2,3,0,0,0,'open','nicolas.gazelle@districhef.com','PMmsdqFuiAGP','2012-12-07 14:42:05','2012-12-07 14:42:05'),(23,2,2,0,0,0,'open','bayle.naminata@orange.fr','PoJJ0v6uuIgJ','2012-12-20 18:59:29','2012-12-20 18:59:29'),(24,2,5,0,0,0,'open','danielmk47@live.fr','RtY4ygwquDJn','2012-12-31 16:37:46','2012-12-31 16:37:46'),(25,2,5,0,0,0,'open','petrindelapompignane@orange.fr','cKyPpVIHLnWJ','2013-01-02 08:37:28','2013-01-02 08:37:28'),(26,2,2,0,0,0,'open','contact@iziflux.com','qUEPCeBRRBJq','2013-01-10 17:52:12','2013-01-10 17:52:12'),(27,2,2,0,0,0,'open','darouminam@hotmail.com','QEyEckADqXUT','2013-01-14 00:01:36','2013-01-14 00:01:36'),(28,2,2,0,0,0,'open','amandine.sellier@gmail.com','6v1RLw8S9C3X','2013-01-14 16:02:53','2013-01-14 16:02:53'),(29,2,2,0,0,0,'open','robinmikael1@gmail.com','97DyUIRjs8HH','2013-01-14 17:58:00','2013-01-14 17:58:00'),(30,2,3,0,0,0,'open','ziloop@ziloop.biz','kEx5kzzddUjF','2013-01-21 20:56:56','2013-01-24 17:02:36'),(31,2,2,0,0,0,'open','vincentradigois1@gmail.com','jzjO7WwJiZan','2013-01-22 14:29:54','2013-01-22 14:29:54'),(32,2,2,0,0,0,'open','jeanlouisdurantiere@gmail.com','hnjIwGs1uNmK','2013-01-28 16:19:00','2013-01-28 16:19:00'),(33,2,3,0,0,0,'open','cedric.vermillet@orange.fr','FheNiCsAXdWG','2013-01-28 17:17:04','2013-01-28 17:17:04'),(34,2,3,0,0,0,'open','rbaffert@yahoo.fr','F0m39vRydPbq','2013-02-01 21:07:55','2013-02-01 21:07:55'),(35,2,2,0,0,0,'open','christophe@lamiecyclette.fr','9m60bkGkx1y7','2013-02-12 10:39:20','2013-06-04 10:52:39'),(36,2,2,0,0,0,'open','Contact@painatartine.com','8fcBOtOPvxFx','2013-02-16 13:36:36','2013-02-16 13:36:36'),(37,2,3,0,0,0,'open','jessica.b38@hotmail.fr','fE2EHuH3u8YO','2013-02-18 16:35:10','2013-02-18 16:35:10'),(38,2,2,0,0,0,'open','l.jullian@wanadoo.fr','PExRIRpGjnuX','2013-02-23 09:30:16','2013-02-23 09:30:16'),(39,2,2,0,0,0,'open','ptijean27@hotmail.fr','RZ1m6OG9bKtJ','2013-02-23 09:31:12','2013-02-23 09:31:12'),(40,2,2,0,0,0,'open','jeremy.deront@wanadoo.fr','8pL177SGuhqc','2013-02-23 15:44:21','2013-02-23 15:44:21'),(41,2,1,0,0,0,'closed','contact@viens-comparer.fr','OzteCxyBWuTe','2013-03-05 18:17:08','2013-03-05 18:17:08'),(42,2,2,0,0,0,'open','annegaelle.lhopital@sfr.fr','xp4ZkjKyGvHW','2013-03-13 09:31:35','2013-03-13 09:31:35'),(43,2,2,0,0,0,'open','stephane.polikar@wanadoo.fr','NMSyEbhZm2pc','2013-03-14 18:21:50','2013-03-14 18:21:50'),(44,2,3,0,0,0,'open','marco@vettamacchi.com','M2bbO3VH2Ip5','2013-03-21 17:14:29','2013-03-21 17:14:29'),(45,2,5,0,0,0,'open','ducastel.jean-pierre@neuf.fr','8gCCOEvWBF2o','2013-03-23 21:52:06','2013-03-27 09:23:31'),(46,2,2,0,0,0,'open','ax.pau@belgacom.net','GcCGmtrFuik3','2013-04-01 21:37:21','2013-04-01 21:37:21'),(47,2,3,0,0,0,'open','b.berte@hotmail.fr','oipFqFZdXr5q','2013-04-05 11:16:42','2013-04-05 11:16:42'),(48,2,3,0,0,0,'open','mickt@hotmail.fr','L460cEuhA4II','2013-04-08 14:37:52','2013-04-08 14:37:52'),(49,2,2,0,0,0,'open','manager.palmbeach@palmbeachseychelles.com','e19Gh16DyOxD','2013-04-08 19:27:22','2013-04-08 19:27:22'),(50,2,2,37,24,395,'open','rima_feriel@yahoo.fr','eVYRwfYg4oyw','2013-04-10 13:16:05','2013-04-10 13:16:05'),(51,2,4,0,0,0,'closed','monier.raphael@wanadoo.fr','Y6kUFP6RGiqj','2013-04-26 19:27:50','2013-04-26 19:27:50'),(52,2,5,0,0,0,'open','charles.grillet@laposte.net','FR4fvibaHUCk','2013-04-27 10:51:10','2013-04-27 10:51:10'),(53,2,3,0,0,0,'open','medmbiha@yahoo.fr','aIWhwWvn8f6i','2013-04-27 11:32:31','2013-04-27 11:32:31'),(54,2,3,0,0,0,'open','robert.reeb@sfr.fr','YtKrLvOMd6so','2013-05-16 09:41:12','2013-05-16 09:41:12'),(55,2,3,0,0,0,'open','olivierbaudouin@orange.fr','45ZIVK01HTT3','2013-05-27 19:48:26','2013-05-27 19:48:26'),(56,2,2,0,0,0,'open','Comptoirconcept@gmail.com','x5jpsB2wm2fU','2013-06-07 11:08:19','2013-06-07 11:10:52'),(57,2,5,0,0,0,'open','fmb.fert@wanadoo.fr','SfaMU8F4I97j','2013-06-11 16:43:17','2013-06-11 16:43:17'),(58,2,3,0,0,0,'open','jrevillon@fidusab.com','z5vALVE9dIXh','2013-06-15 11:34:28','2013-06-15 11:34:28'),(59,2,2,0,0,0,'open','ch.courtine@gmail.com','BMWHKAvLALtW','2013-06-17 10:57:57','2013-06-17 10:57:57'),(60,2,1,0,0,0,'closed','echangeliens5@egatereferencement.com','DiOQYvTkMb46','2013-06-24 13:32:56','2013-06-24 13:32:56'),(61,2,3,0,0,0,'open','sales@frucosol.com','pPkcL4cuH8uw','2013-06-26 16:42:38','2016-07-06 18:29:05'),(62,2,2,0,0,0,'open','ange.pozzo@gmail.com','XskZAEZFuC3R','2013-06-28 10:11:18','2013-06-28 10:11:18'),(63,2,2,35,0,0,'open','franck.feugier@orange.fr','zgM59nyOpJKu','2013-06-29 12:06:58','2013-06-29 12:06:58'),(64,2,2,0,0,0,'open','contact@ventdest.net','wCWYwpJQIMeg','2013-07-03 13:34:38','2013-07-03 13:34:38'),(65,2,2,0,0,0,'open','sebastien.olard@wanadoo.fr','tZ0XYbDyc2Hi','2013-07-16 08:25:32','2013-07-16 08:25:32'),(66,2,2,0,0,0,'open','rdaeck@gmail.com','6aVVKEw5tvYG','2013-07-23 10:40:57','2013-07-23 10:40:57'),(67,2,2,0,0,0,'open','rdeack@gmail.com','FOxNTYz9OGw3','2013-07-23 12:08:16','2013-07-23 12:08:16'),(68,2,3,0,0,0,'open','benamor@hotmail.fr','vKIgBSXHYCMF','2013-07-27 12:39:26','2013-07-27 12:39:26'),(69,2,3,0,0,0,'open','achat.reparation@yahoo.fr','K0SiiYEuOmfh','2013-08-14 17:00:24','2013-08-14 17:00:24'),(70,2,3,0,0,0,'open','electranord@laposte.net','bp08WKxB0MV9','2013-08-28 15:07:01','2013-08-28 15:07:01'),(71,2,2,0,0,0,'open','gthomas@alphaetomega.com','fTRxBg98y3bc','2013-08-29 12:26:31','2013-08-29 12:26:31'),(72,2,3,0,0,0,'open','yassine133@msn.com','8yJ87HxI88YB','2013-09-09 18:49:22','2013-09-09 18:49:22'),(73,2,3,0,0,0,'open','clickdis@idm-dispenser.com','9mj1rPfZmXGg','2013-09-10 07:16:34','2013-09-10 07:16:34'),(74,2,2,0,0,0,'open','jfrancois.rivat@laposte.net','7SIk4fZrgsoM','2013-09-18 05:08:14','2013-09-18 05:08:14'),(75,2,3,0,0,0,'open','vendite@mapetsrl.it','9wcJTPBmB8D2','2013-09-19 16:17:52','2013-09-19 16:17:52'),(76,2,2,0,0,0,'open','geffard@gmail.com','7NWKCFWI05bk','2013-09-28 22:41:19','2013-09-28 22:41:19'),(77,2,2,0,0,0,'open','Jlucman70@gmail.com','ft2SmB1ZDsFs','2013-09-30 18:40:52','2013-09-30 18:40:52'),(78,2,5,0,0,0,'open','degustmenupro@hotmail.fr','CuVKJPK9YtWy','2013-10-08 01:12:51','2013-10-08 01:12:51'),(79,2,2,0,0,0,'open','pe.robert@biscuiteriefinedefrance.fr','tCVvziaKsum7','2013-10-09 08:06:24','2013-10-09 08:06:24'),(80,2,3,0,0,0,'open','patrick.phelipeau@sfr.fr','E5TTLsawrSng','2013-10-10 18:03:02','2013-10-10 18:03:02'),(81,2,2,0,0,0,'open','info@chaletlamarmotte.com','DJNhhpJJepXO','2013-10-31 06:56:47','2013-10-31 06:56:47'),(82,2,3,0,0,0,'open','chris.zw@sfr.fr','Dfoc3t26jo36','2013-11-06 06:34:26','2013-11-06 06:34:26'),(83,2,3,0,0,0,'open','MICHEL.ARMANET123@ORANGE.FR','QqL5sDDe0k8T','2013-11-12 14:00:40','2013-11-12 14:00:40'),(84,2,3,0,0,0,'open','cote-boeuf@orange.fr','swRcLTB06Fuw','2013-11-12 17:18:24','2013-11-12 17:18:24'),(85,2,2,0,0,0,'open','joulm@hotmail.fr','XYRm8yAxVB2C','2013-11-12 23:46:31','2013-11-12 23:46:31'),(86,2,3,0,0,0,'open','tiphaine@prestashop.com','cVYfgqAu5qrg','2013-11-13 07:15:50','2013-11-13 07:15:50'),(87,2,3,0,0,0,'open','gus-kel@hotmail.fr','RCnXZC8z8uLo','2013-12-03 11:15:22','2013-12-03 11:15:22'),(88,2,5,0,0,0,'open','delesne.jean-yves@neuf.fr','fVAnLp4KWRvx','2013-12-09 09:55:53','2013-12-09 09:55:53'),(89,2,2,0,0,0,'open','bastien.malugani@yahoo.fr','qXvb73RZLoY6','2013-12-17 16:26:10','2013-12-17 16:26:10'),(90,2,2,0,0,0,'open','lamigourmand@hotmail.fr','fGUrSZBNkv3L','2014-01-06 17:01:19','2014-01-06 17:01:19'),(91,2,1,0,0,0,'closed','echangeliens4@egatereferencement.com','6Txt4ubaVNgv','2014-01-22 08:49:31','2014-01-22 08:49:31'),(92,2,2,0,0,0,'open','seb.paulet@orange.fr','39QkBioHXbrG','2014-01-28 09:26:28','2014-01-28 09:26:28'),(93,2,5,0,0,0,'open','para56760@hotmail.fr','pVZhWnCQLOmw','2014-02-07 09:15:49','2014-02-07 09:15:49'),(94,2,3,0,0,0,'open','arlette.minardi@gmail.com','L9DxMjyx56sk','2014-02-10 08:49:23','2014-02-10 08:49:23'),(95,2,1,0,0,0,'closed','marcellhaviam@live.com','eH4Tvnx6Fp0S','2014-02-20 00:15:31','2014-02-20 00:15:31'),(96,2,3,0,0,0,'open','pascaljean.serre@wanadoo.fr','o6Fg39cgnfih','2014-02-20 14:39:39','2014-02-20 14:39:39'),(97,2,2,0,7,0,'open','topkitchenequipment@gmail.com','EQKxNkxqQoiT','2014-02-21 14:06:55','2014-02-21 14:06:55'),(98,2,2,0,0,0,'open','nicolle.jeanphilippe@neuf.fr','nm6Zi95Y6YTS','2014-03-05 10:24:20','2014-03-05 10:24:20'),(99,2,2,0,0,0,'open','bussetherve12@orange.fr','vpd9VPFMXRHG','2014-03-08 18:02:45','2014-03-08 18:02:45'),(100,2,3,0,0,0,'open','franckcoellier@gmail.com','8gYSMBI0u98W','2014-03-19 15:26:22','2014-03-19 15:26:22'),(101,2,5,0,0,0,'open','s.marie@actalia.eu','qxWWmSRc5igo','2014-03-24 10:52:44','2014-03-24 10:52:44'),(102,2,3,0,0,0,'open','lesbenrardaurel@free.fr','N8E1b2bRrLy7','2014-03-24 21:14:17','2014-03-24 21:14:17'),(103,2,3,0,0,0,'open','benoit.hache@orange.fr','gSyKZxEj0XUc','2014-04-03 13:23:08','2014-06-09 17:03:47'),(104,2,5,0,0,0,'open','pmercier@sdis37.fr','69yskR4DTrkM','2014-04-11 11:47:35','2014-04-11 11:47:35'),(105,2,5,0,0,0,'open','agence.altitudes@wanadoo.fr','PMF71W5HoWqQ','2014-04-12 17:27:56','2014-04-12 17:27:56'),(106,2,2,0,0,0,'open','Pascaline3brun@hotmail.com','24KaOePaKEc6','2014-04-13 09:57:43','2014-04-13 09:57:43'),(107,2,2,0,0,0,'open','sophie@centraleducommerce.com','EUx95ct6bg9N','2014-04-18 16:15:24','2014-04-18 16:15:24'),(108,2,2,0,0,0,'open','gatto@live.fr','i4wXSHJsXmUi','2014-04-25 16:19:37','2014-04-25 16:19:37'),(109,2,3,0,0,0,'open','zouzousy@yahoo.fr','7eCPUadjeh5u','2014-04-29 13:43:13','2014-04-29 13:43:13'),(110,2,3,0,0,0,'open','crhis.nelson@gmail.com','Y7L3QaOKsVMs','2014-05-11 21:26:46','2014-05-11 21:26:46'),(111,2,2,0,0,0,'open','lecoldugalibier@orange.fr','GIsqNyeBvzkY','2014-05-13 08:07:29','2014-05-13 08:07:29'),(112,2,3,0,0,0,'open','paquet.pierreolivier@gmail.com','CbxU3oMH2C8i','2014-05-13 18:48:30','2014-05-13 18:48:30'),(113,2,1,0,0,0,'closed','contact@alifconception.com','faXRQ24qqu35','2014-05-14 13:41:10','2015-06-19 12:24:36'),(114,2,3,0,0,0,'open','christ97200@hotmail.com','dMav9MEBWLfy','2014-05-25 00:56:44','2014-05-25 00:56:44'),(115,2,3,0,0,0,'open','gslemartinpecheur@outlook.com','meTxiT7a79ro','2014-05-30 14:22:55','2014-05-30 14:22:55'),(116,2,3,0,0,0,'open','restock@live.fr','MI0TortVOXQp','2014-06-03 12:22:30','2014-06-03 12:22:30'),(117,2,2,0,0,0,'open','anne.jourde@iecd.org','6KADz8aHHE57','2014-06-05 10:09:05','2014-06-05 10:09:05'),(118,2,2,0,0,0,'open','sylvain-morales@hotmail.fr','KOMxAcWzuS7L','2014-06-10 09:49:48','2014-06-10 09:49:48'),(119,2,3,0,0,0,'open','yannick@kera-marketing.com','0cam5oV8uiNG','2014-06-12 11:54:44','2014-06-12 11:54:44'),(120,2,2,0,0,0,'open','zriou@club-internet.fr','dYNFnsKVuJDK','2014-06-29 18:03:48','2014-06-29 18:03:48'),(121,2,2,0,0,0,'open','laetitia.guigs@hotmail.fr','GFsjFLAf9qbw','2014-07-05 23:48:37','2014-07-08 19:20:07'),(122,2,3,0,0,0,'open','schwartzmarie4@gmail.com','xjtSXMobNoDY','2014-07-07 10:08:16','2014-07-07 10:08:16'),(123,2,1,0,0,0,'closed','postmaster@referenceurweb.fr','Csr1M1Kr6EEB','2014-07-08 10:39:29','2014-07-08 10:39:29'),(124,2,2,0,10,0,'open','contact.acheter.du.trafic@gmail.com','0CfndaZRAbKf','2014-07-11 13:47:50','2014-07-11 13:47:50'),(125,2,2,0,0,0,'open','brunoetchelecu@gmail.com','tXs29E6cTzwa','2014-07-24 21:40:34','2014-07-24 21:40:34'),(126,2,3,0,0,0,'open','brunoraux.sherpa@orange.fr','jRM4GgdLQ2TU','2014-07-31 12:39:23','2014-07-31 12:39:23'),(127,2,3,0,0,0,'open','pierre.bordonnat@aliceadsl.fr','1gKTuiPsIeYv','2014-08-05 18:51:37','2014-08-05 18:51:37'),(128,2,2,0,0,0,'open','rat.maisonhenon@gmail.com','SQmU7ucPNkE1','2014-08-08 13:27:20','2014-08-08 13:27:20'),(129,2,2,0,15444,0,'open','abd.errahmane@rocketmail.com','BC8AtcOUH2RR','2014-08-11 21:09:34','2014-08-11 21:09:34'),(130,2,3,0,0,0,'open','l.desgranges@laposte.net','03pd9u1e2w3B','2014-08-13 15:57:53','2014-08-13 15:57:53'),(131,2,2,0,0,0,'open','Dxavier63@gmail.com','k5Nje8r2vCec','2014-08-20 15:30:25','2014-08-20 15:30:25'),(132,2,3,0,0,0,'open','contact.dmelec@gmail.com','X43T7zj5zLvH','2014-08-21 12:59:59','2014-08-21 12:59:59'),(133,2,2,0,0,0,'open','philippe-soulie@wanadoo.fr','2dEARuONhHzV','2014-08-22 17:47:43','2014-08-22 17:47:43'),(134,2,3,0,0,0,'open','guy.brunetti@gmail.com','qigQbVF80jre','2014-08-26 23:48:06','2014-08-26 23:48:06'),(135,2,5,0,0,0,'open','jpchalons@gmail.com','hu91GocTpcoi','2014-08-27 19:34:49','2014-08-27 19:34:49'),(136,2,2,0,0,0,'open','m.mirail@xingara.com','JLWOLRDRX5nV','2014-08-29 09:57:04','2014-08-29 09:57:04'),(137,2,3,0,0,0,'open','po.paquet@polebox.fr','3OuyT9HjKUdk','2014-09-07 10:16:27','2014-09-07 10:16:27'),(138,2,3,82,0,0,'open','sarl.frg@neuf.fr','d0fsMkv3nJhz','2014-09-08 20:28:28','2014-09-09 15:42:08'),(139,2,5,0,0,0,'open','fbibouillin@yahoo.fr','T6XBWVS6s40s','2014-09-09 15:48:39','2014-09-09 15:48:39'),(140,2,3,0,0,0,'open','vincent.viaprestige@gmail.com','KgEVJPIfZSs3','2014-10-07 17:16:07','2017-02-20 12:34:48'),(141,2,2,0,0,0,'open','yves@pg1.fr','DQqHf3VrL5t9','2014-10-13 15:46:02','2014-10-13 15:46:02'),(142,2,2,0,0,0,'open','laurent.curtaud@orange.fr','ds75mjJpIDhs','2014-11-11 09:52:19','2014-11-11 09:52:19'),(143,2,2,0,0,0,'open','SEVERINEPASTOR@YAHOO.FR','icF0q68FMaLk','2014-12-01 15:54:59','2014-12-01 15:54:59'),(144,2,2,0,0,0,'open','franck.miko@orange.fr','sZovt4aBYBwI','2014-12-04 07:24:59','2014-12-04 07:24:59'),(145,2,5,0,0,0,'open','mcoulyx77@yahoo.fr','4S79vfnpM6FR','2015-01-15 09:50:23','2015-01-15 09:50:23'),(146,2,2,0,0,0,'open','hubert@e-connecteur.fr','54H5p6a0KYMi','2015-02-11 10:46:21','2015-02-11 10:46:21'),(147,2,5,0,0,0,'open','Pascal9900@hotmail.com','OOj3Ic6ehL74','2015-02-19 19:41:34','2015-02-19 19:41:34'),(148,2,5,0,0,0,'open','jacques.brebion0035@orange.fr','iqSweLfx9dM7','2015-03-01 08:09:24','2015-03-01 08:09:24'),(149,2,2,101,0,0,'open','j.bonnet50@laposte.net','mESwMPnIR0PU','2015-03-10 17:22:46','2015-03-10 17:22:46'),(150,2,2,0,0,0,'open','davidperez38@yahoo.fr','tHIW2FEDWtaV','2015-03-11 23:00:59','2015-03-11 23:00:59'),(151,2,5,0,0,0,'open','contact@reflexsms.fr','kXLb7SYIDis0','2015-03-19 16:51:23','2015-03-19 16:51:23'),(152,2,2,0,0,0,'open','benjamin@samoun.fr','B9P6mgvXFNWh','2015-04-29 12:35:12','2015-04-29 12:35:12'),(153,2,2,0,0,0,'open','Boucherieducoppy@yahoo.fr','G8MksfH2q6fQ','2015-08-28 16:05:56','2015-08-28 16:05:56'),(154,2,3,0,0,0,'open','charleszodia@yahoo.fr','WBYu27wXaWhQ','2015-11-18 23:11:02','2015-11-18 23:11:02'),(155,2,3,0,0,0,'open','accardf@gmail.com','ZRhEmiIG8ni2','2015-12-24 15:32:05','2015-12-24 15:32:05'),(156,2,3,0,0,0,'open','jocarail@hotmail.fr','hfjDgIArLAuO','2016-02-24 18:28:21','2016-02-24 18:28:21'),(157,2,3,0,0,0,'open','benjimarie@live.fr','LgBxOAh9eHrG','2016-04-22 15:43:32','2016-04-22 15:43:32'),(158,2,2,140,75,1417,'open','chantalgobert@hotmail.com','GHfT5MJoyqtG','2016-07-06 15:33:06','2016-07-06 15:33:06'),(159,2,3,0,0,0,'open','bducros26@orange.fr','orxhOTrWWcrM','2016-07-19 15:01:44','2016-07-19 15:01:44'),(160,2,3,0,0,0,'open','herbert.jose10200@outlook.fr','FSbhHMh0WgWK','2016-09-16 18:39:56','2016-09-16 18:39:56'),(161,2,2,0,0,0,'open','rlachaud@hotmail.com','pEVEpKD13S18','2016-10-29 18:23:38','2016-10-29 18:23:38'),(162,2,3,0,0,0,'open','jstaskowiak@jash.fr','tBuXsdPPhARk','2016-11-26 23:11:41','2016-11-26 23:11:41'),(163,2,2,0,0,0,'open','lferrod@outlook.fr','f5uAYMrfNfiF','2017-01-02 15:42:19','2017-01-02 15:42:19'),(164,2,2,154,0,0,'closed','celine.mermet@hotmail.fr','RueWkT2pDYhd','2017-03-22 08:31:49','2017-11-15 11:07:24'),(165,2,2,0,0,0,'open','Maxime.Dunan@laposte.net','gMKIVUsPG4QI','2017-04-27 10:22:34','2017-04-27 10:22:34'),(166,2,3,0,0,0,'open','natacha@wholesaler-website.com','b81EqjUkO5tz','2017-05-04 13:56:51','2017-05-04 13:56:51'),(167,2,2,0,0,0,'closed','damien@adifco.com','fC8QF8CLYF7x','2017-05-16 15:26:27','2017-05-16 15:26:27'),(168,2,3,0,0,0,'closed','paul.karcher67240@gmail.com','68TSh6U1fqkJ','2017-05-23 10:01:09','2017-05-23 10:01:09'),(169,2,3,0,0,0,'closed','ifernandes@acts.fr','RLpjsDgQWWvE','2017-05-24 11:51:40','2017-05-24 11:51:40'),(170,2,2,0,0,0,'open','franck.maquinay@seo.fr','eyvDQ0gmqY55','2017-06-13 16:24:25','2017-06-13 16:24:25'),(171,2,2,0,0,0,'closed','monsupercompte10@gmail.com','g9GUGMzxvjrP','2017-10-15 11:43:32','2017-11-20 09:32:23');

--
